{"id":1031,"date":"2016-05-15T14:24:35","date_gmt":"2016-05-15T14:24:35","guid":{"rendered":"http:\/\/festivalursus.com\/?page_id=1031"},"modified":"2016-05-16T18:50:20","modified_gmt":"2016-05-16T18:50:20","slug":"velikani-klasike","status":"publish","type":"page","link":"http:\/\/festivalursus.com\/?page_id=1031&lang=sl","title":{"rendered":"Velikani klasike"},"content":{"rendered":"<p>Koncert 30. julija 2014<\/p>\n<p>sodelujo\u010di:<\/p>\n<p>Furiant Quartet<\/p>\n<p>Stefano Mesaglio, violina<br \/>\nVlad Popescu, violina<br \/>\nGregor Hrabar, viola<br \/>\nNika \u0160varc, violon\u010delo<\/p>\n<p><iframe loading=\"lazy\" width=\"700\" height=\"394\" src=\"https:\/\/www.youtube.com\/embed\/F3_32nV_4IM?feature=oembed\" frameborder=\"0\" allowfullscreen><\/iframe><\/p>\n<p><a href=\"http:\/\/festivalursus.com\/wp-content\/uploads\/2016\/05\/1-9.png\" target=\"_blank\"><img decoding=\"async\" loading=\"lazy\" class=\"alignnone wp-image-1225 size-medium\" src=\"http:\/\/festivalursus.com\/wp-content\/uploads\/2016\/05\/1-9-300x188.png\" alt=\"1\" width=\"300\" height=\"188\" srcset=\"http:\/\/festivalursus.com\/wp-content\/uploads\/2016\/05\/1-9-300x188.png 300w, http:\/\/festivalursus.com\/wp-content\/uploads\/2016\/05\/1-9-768x480.png 768w, http:\/\/festivalursus.com\/wp-content\/uploads\/2016\/05\/1-9-552x345.png 552w, http:\/\/festivalursus.com\/wp-content\/uploads\/2016\/05\/1-9.png 800w\" sizes=\"(max-width: 300px) 100vw, 300px\" \/><\/a> <a href=\"http:\/\/festivalursus.com\/wp-content\/uploads\/2016\/05\/2-8.png\" target=\"_blank\"><img decoding=\"async\" loading=\"lazy\" class=\"alignnone wp-image-1227 size-medium\" src=\"http:\/\/festivalursus.com\/wp-content\/uploads\/2016\/05\/2-8-300x188.png\" alt=\"2\" width=\"300\" height=\"188\" srcset=\"http:\/\/festivalursus.com\/wp-content\/uploads\/2016\/05\/2-8-300x188.png 300w, http:\/\/festivalursus.com\/wp-content\/uploads\/2016\/05\/2-8-768x480.png 768w, http:\/\/festivalursus.com\/wp-content\/uploads\/2016\/05\/2-8-552x345.png 552w, http:\/\/festivalursus.com\/wp-content\/uploads\/2016\/05\/2-8.png 800w\" sizes=\"(max-width: 300px) 100vw, 300px\" \/><\/a> <a href=\"http:\/\/festivalursus.com\/wp-content\/uploads\/2016\/05\/3-7.png\" target=\"_blank\"><img decoding=\"async\" loading=\"lazy\" class=\"alignnone wp-image-1228 size-medium\" src=\"http:\/\/festivalursus.com\/wp-content\/uploads\/2016\/05\/3-7-300x188.png\" alt=\"3\" width=\"300\" height=\"188\" srcset=\"http:\/\/festivalursus.com\/wp-content\/uploads\/2016\/05\/3-7-300x188.png 300w, http:\/\/festivalursus.com\/wp-content\/uploads\/2016\/05\/3-7-768x480.png 768w, http:\/\/festivalursus.com\/wp-content\/uploads\/2016\/05\/3-7-552x345.png 552w, http:\/\/festivalursus.com\/wp-content\/uploads\/2016\/05\/3-7.png 800w\" sizes=\"(max-width: 300px) 100vw, 300px\" \/><\/a> <a href=\"http:\/\/festivalursus.com\/wp-content\/uploads\/2016\/05\/4-9.png\" target=\"_blank\"><img decoding=\"async\" loading=\"lazy\" class=\"alignnone wp-image-1229 size-medium\" src=\"http:\/\/festivalursus.com\/wp-content\/uploads\/2016\/05\/4-9-300x188.png\" alt=\"4\" width=\"300\" height=\"188\" srcset=\"http:\/\/festivalursus.com\/wp-content\/uploads\/2016\/05\/4-9-300x188.png 300w, http:\/\/festivalursus.com\/wp-content\/uploads\/2016\/05\/4-9-768x480.png 768w, http:\/\/festivalursus.com\/wp-content\/uploads\/2016\/05\/4-9-552x345.png 552w, http:\/\/festivalursus.com\/wp-content\/uploads\/2016\/05\/4-9.png 800w\" sizes=\"(max-width: 300px) 100vw, 300px\" \/><\/a> <a href=\"http:\/\/festivalursus.com\/wp-content\/uploads\/2016\/05\/5-9.png\" target=\"_blank\"><img decoding=\"async\" loading=\"lazy\" class=\"alignnone wp-image-1230 size-medium\" src=\"http:\/\/festivalursus.com\/wp-content\/uploads\/2016\/05\/5-9-300x188.png\" alt=\"5\" width=\"300\" height=\"188\" srcset=\"http:\/\/festivalursus.com\/wp-content\/uploads\/2016\/05\/5-9-300x188.png 300w, http:\/\/festivalursus.com\/wp-content\/uploads\/2016\/05\/5-9-768x480.png 768w, http:\/\/festivalursus.com\/wp-content\/uploads\/2016\/05\/5-9-552x345.png 552w, http:\/\/festivalursus.com\/wp-content\/uploads\/2016\/05\/5-9.png 800w\" sizes=\"(max-width: 300px) 100vw, 300px\" \/><\/a> <a href=\"http:\/\/festivalursus.com\/wp-content\/uploads\/2016\/05\/6-9.png\" target=\"_blank\"><img decoding=\"async\" loading=\"lazy\" class=\"alignnone wp-image-1231 size-medium\" src=\"http:\/\/festivalursus.com\/wp-content\/uploads\/2016\/05\/6-9-300x188.png\" alt=\"6\" width=\"300\" height=\"188\" srcset=\"http:\/\/festivalursus.com\/wp-content\/uploads\/2016\/05\/6-9-300x188.png 300w, http:\/\/festivalursus.com\/wp-content\/uploads\/2016\/05\/6-9-768x480.png 768w, http:\/\/festivalursus.com\/wp-content\/uploads\/2016\/05\/6-9-552x345.png 552w, http:\/\/festivalursus.com\/wp-content\/uploads\/2016\/05\/6-9.png 800w\" sizes=\"(max-width: 300px) 100vw, 300px\" \/><\/a> <a href=\"http:\/\/festivalursus.com\/wp-content\/uploads\/2016\/05\/7-6.png\" target=\"_blank\"><img decoding=\"async\" loading=\"lazy\" class=\"alignnone wp-image-1232 size-medium\" src=\"http:\/\/festivalursus.com\/wp-content\/uploads\/2016\/05\/7-6-300x188.png\" alt=\"7\" width=\"300\" height=\"188\" srcset=\"http:\/\/festivalursus.com\/wp-content\/uploads\/2016\/05\/7-6-300x188.png 300w, http:\/\/festivalursus.com\/wp-content\/uploads\/2016\/05\/7-6-768x480.png 768w, http:\/\/festivalursus.com\/wp-content\/uploads\/2016\/05\/7-6-552x345.png 552w, http:\/\/festivalursus.com\/wp-content\/uploads\/2016\/05\/7-6.png 800w\" sizes=\"(max-width: 300px) 100vw, 300px\" \/><\/a> <a href=\"http:\/\/festivalursus.com\/wp-content\/uploads\/2016\/05\/8-5.png\" target=\"_blank\"><img decoding=\"async\" loading=\"lazy\" class=\"alignnone wp-image-1233 size-medium\" src=\"http:\/\/festivalursus.com\/wp-content\/uploads\/2016\/05\/8-5-300x188.png\" alt=\"8\" width=\"300\" height=\"188\" srcset=\"http:\/\/festivalursus.com\/wp-content\/uploads\/2016\/05\/8-5-300x188.png 300w, http:\/\/festivalursus.com\/wp-content\/uploads\/2016\/05\/8-5-768x480.png 768w, http:\/\/festivalursus.com\/wp-content\/uploads\/2016\/05\/8-5-552x345.png 552w, http:\/\/festivalursus.com\/wp-content\/uploads\/2016\/05\/8-5.png 800w\" sizes=\"(max-width: 300px) 100vw, 300px\" \/><\/a> <a href=\"http:\/\/festivalursus.com\/wp-content\/uploads\/2016\/05\/9-6.png\" target=\"_blank\"><img decoding=\"async\" loading=\"lazy\" class=\"alignnone wp-image-1234 size-medium\" src=\"http:\/\/festivalursus.com\/wp-content\/uploads\/2016\/05\/9-6-300x188.png\" alt=\"9\" width=\"300\" height=\"188\" srcset=\"http:\/\/festivalursus.com\/wp-content\/uploads\/2016\/05\/9-6-300x188.png 300w, http:\/\/festivalursus.com\/wp-content\/uploads\/2016\/05\/9-6-768x480.png 768w, http:\/\/festivalursus.com\/wp-content\/uploads\/2016\/05\/9-6-552x345.png 552w, http:\/\/festivalursus.com\/wp-content\/uploads\/2016\/05\/9-6.png 800w\" sizes=\"(max-width: 300px) 100vw, 300px\" \/><\/a> <a href=\"http:\/\/festivalursus.com\/wp-content\/uploads\/2016\/05\/10-3.png\" target=\"_blank\"><img decoding=\"async\" loading=\"lazy\" class=\"alignnone wp-image-1235 size-medium\" src=\"http:\/\/festivalursus.com\/wp-content\/uploads\/2016\/05\/10-3-300x188.png\" alt=\"10\" width=\"300\" height=\"188\" srcset=\"http:\/\/festivalursus.com\/wp-content\/uploads\/2016\/05\/10-3-300x188.png 300w, http:\/\/festivalursus.com\/wp-content\/uploads\/2016\/05\/10-3-768x480.png 768w, http:\/\/festivalursus.com\/wp-content\/uploads\/2016\/05\/10-3-552x345.png 552w, http:\/\/festivalursus.com\/wp-content\/uploads\/2016\/05\/10-3.png 800w\" sizes=\"(max-width: 300px) 100vw, 300px\" \/><\/a> <a href=\"http:\/\/festivalursus.com\/wp-content\/uploads\/2016\/05\/11-3.png\" target=\"_blank\"><img decoding=\"async\" loading=\"lazy\" class=\"alignnone wp-image-1236 size-medium\" src=\"http:\/\/festivalursus.com\/wp-content\/uploads\/2016\/05\/11-3-300x188.png\" alt=\"11\" width=\"300\" height=\"188\" srcset=\"http:\/\/festivalursus.com\/wp-content\/uploads\/2016\/05\/11-3-300x188.png 300w, http:\/\/festivalursus.com\/wp-content\/uploads\/2016\/05\/11-3-768x480.png 768w, http:\/\/festivalursus.com\/wp-content\/uploads\/2016\/05\/11-3-552x345.png 552w, http:\/\/festivalursus.com\/wp-content\/uploads\/2016\/05\/11-3.png 800w\" sizes=\"(max-width: 300px) 100vw, 300px\" \/><\/a><\/p>\n<p><strong>Furiant Quartet<\/strong><\/p>\n<p><a href=\"http:\/\/festivalursus.com\/wp-content\/uploads\/2016\/05\/d3300e_6e47f82a7af4490f94ce444cf6ac2e56-1.jpg\" target=\"_blank\"><img decoding=\"async\" loading=\"lazy\" class=\"alignleft wp-image-748 size-medium\" src=\"http:\/\/festivalursus.com\/wp-content\/uploads\/2016\/05\/d3300e_6e47f82a7af4490f94ce444cf6ac2e56-1-300x199.jpg\" alt=\"d3300e_6e47f82a7af4490f94ce444cf6ac2e56\" width=\"300\" height=\"199\" srcset=\"http:\/\/festivalursus.com\/wp-content\/uploads\/2016\/05\/d3300e_6e47f82a7af4490f94ce444cf6ac2e56-1-300x199.jpg 300w, http:\/\/festivalursus.com\/wp-content\/uploads\/2016\/05\/d3300e_6e47f82a7af4490f94ce444cf6ac2e56-1-768x510.jpg 768w, http:\/\/festivalursus.com\/wp-content\/uploads\/2016\/05\/d3300e_6e47f82a7af4490f94ce444cf6ac2e56-1-552x366.jpg 552w, http:\/\/festivalursus.com\/wp-content\/uploads\/2016\/05\/d3300e_6e47f82a7af4490f94ce444cf6ac2e56-1.jpg 969w\" sizes=\"(max-width: 300px) 100vw, 300px\" \/><\/a><\/p>\n<div>Godalni kvartet Furiant je bil ustanovljen leta 2011 v zasedbi Stefano Mesaglio (Italija), Vlad Popescu (Romunija), Gregor Hrabar (Slovenija), Nika \u0160varc (Slovenija). Do leta 2013 so \u010dlani kvarteta \u0161tudirali na Koro\u0161kem de\u017eelnem konservatoriju za glasbo v Celovcu pod vodstvom prof. Elisabeth Fister. V januarju 2013 so bili sprejeti v program \u201dChamber Studio\u201d v Londonu, v februarju pa povabljeni na 22. Te\u010daj komorne glasbe na Visoki \u0161oli za glasbo \u201dHanns Eisler\u201d v Berlinu, kjer od oktobra 2013 \u0161tudirajo magistrski \u0161tudij komorne glasbe v razredu prof. Eberharda Feltza.<\/div>\n<div>V zadnjih dveh letih je kvartet koncertiral v Avstrji, Nem\u010diji, Italiji, Romuniji, Sloveniji in na Nizozemskem, kjer so nastopili na raznovrstnih glasbenih festivalih; na Festivalu W\u00f6rthersee Classics, Klassik im Burghof, v sklopu Kulturnega poletja v \u0160entpavlu (Avstrija), na Festivalu Stift (Nizozemska), Festivalu komorne glasbe v \u010cedadu (Italija), v Koncertnem ciklusu tr\u017ea\u0161kega konservatorija (Italija), v sklopu Poletne akademije za komorno glasbo v Frenswegnu, v koncertnem ciklusu Slow listening, v sklopu koncertov berlinskega Konzerthausa (Nem\u010dija), na Mednarodnem glasbenem festivalu v Oravi\u0163i (Romunija) in na matinejah v organizaciji avstrijskega radia \u201dORF\u201d.<\/div>\n<div>V maju 2012 je kvartet dosegel drugo nagrado na Mednarodnem tekmovanju komorne glasbe v Majanu (Italija). Od februarja 2014 so \u010dlani kvarteta \u0161tipendisti organizacije \u201dYehudi Menuhin Live Music Now Berlin e.V.\u201d.<\/div>\n<div>Kvartet se dodatno izobra\u017euje na mojstrskih te\u010dajih pod vodstvom mnogih priznanih komornih glasbenikov: Eberhard Feltz, Rainer Schmidt, Michael Vogler, Gerhard Schulz, Luc-Marie Aguera, Richard Ireland, J\u00fcrgen Kussmaul, Robin Ireland, David Waterman, Ian Belton, Daniel Rowland, Stefan Metz.<\/div>\n","protected":false},"excerpt":{"rendered":"<p class=\"post-excerpt\">Koncert 30. julija 2014 sodelujo\u010di: Furiant Quartet Stefano Mesaglio, violina Vlad Popescu, violina Gregor Hrabar, viola Nika \u0160varc, violon\u010delo Furiant&#8230;<\/p>\n","protected":false},"author":1,"featured_media":0,"parent":0,"menu_order":0,"comment_status":"closed","ping_status":"closed","template":"","meta":[],"_links":{"self":[{"href":"http:\/\/festivalursus.com\/index.php?rest_route=\/wp\/v2\/pages\/1031"}],"collection":[{"href":"http:\/\/festivalursus.com\/index.php?rest_route=\/wp\/v2\/pages"}],"about":[{"href":"http:\/\/festivalursus.com\/index.php?rest_route=\/wp\/v2\/types\/page"}],"author":[{"embeddable":true,"href":"http:\/\/festivalursus.com\/index.php?rest_route=\/wp\/v2\/users\/1"}],"replies":[{"embeddable":true,"href":"http:\/\/festivalursus.com\/index.php?rest_route=%2Fwp%2Fv2%2Fcomments&post=1031"}],"version-history":[{"count":3,"href":"http:\/\/festivalursus.com\/index.php?rest_route=\/wp\/v2\/pages\/1031\/revisions"}],"predecessor-version":[{"id":1226,"href":"http:\/\/festivalursus.com\/index.php?rest_route=\/wp\/v2\/pages\/1031\/revisions\/1226"}],"wp:attachment":[{"href":"http:\/\/festivalursus.com\/index.php?rest_route=%2Fwp%2Fv2%2Fmedia&parent=1031"}],"curies":[{"name":"wp","href":"https:\/\/api.w.org\/{rel}","templated":true}]}}