{"id":1278,"date":"2016-05-16T20:40:17","date_gmt":"2016-05-16T20:40:17","guid":{"rendered":"http:\/\/festivalursus.com\/?page_id=1278"},"modified":"2016-05-16T20:40:17","modified_gmt":"2016-05-16T20:40:17","slug":"marko-zupan-2","status":"publish","type":"page","link":"http:\/\/festivalursus.com\/?page_id=1278&lang=sl","title":{"rendered":"Marko Zupan"},"content":{"rendered":"<p><a href=\"http:\/\/festivalursus.com\/wp-content\/uploads\/2016\/05\/Marko1-1.jpg\" target=\"_blank\"><img decoding=\"async\" loading=\"lazy\" class=\"aligncenter wp-image-643\" src=\"http:\/\/festivalursus.com\/wp-content\/uploads\/2016\/05\/Marko1-1-300x216.jpg\" alt=\"Marko1\" width=\"550\" height=\"396\" srcset=\"http:\/\/festivalursus.com\/wp-content\/uploads\/2016\/05\/Marko1-1-300x216.jpg 300w, http:\/\/festivalursus.com\/wp-content\/uploads\/2016\/05\/Marko1-1-768x553.jpg 768w, http:\/\/festivalursus.com\/wp-content\/uploads\/2016\/05\/Marko1-1-1024x737.jpg 1024w, http:\/\/festivalursus.com\/wp-content\/uploads\/2016\/05\/Marko1-1-1140x820.jpg 1140w, http:\/\/festivalursus.com\/wp-content\/uploads\/2016\/05\/Marko1-1-552x397.jpg 552w, http:\/\/festivalursus.com\/wp-content\/uploads\/2016\/05\/Marko1-1.jpg 2048w\" sizes=\"(max-width: 550px) 100vw, 550px\" \/><\/a><\/p>\n<p>Marko Zupan se je flavto za\u010del u\u010diti v glasbeni \u0161oli v Zagorju. Po kon\u010dani Akademiji za glasbo v Ljubljani je \u0161tudij nadaljeval v Parizu (Pierre-Yves Artaud), kjer je osvojil Diplome superiere de Concertiste in zatem \u0161e v na Mozarteumu v Salzburgu (Irena Grafenauer). Izpopolnjeval se je na mojstrskih te\u010dajih pri priznanih svetovnih flavtistih, kot so Aurele Nicolet, Peter-Lukas Graf in Emmanuel Pahud. V tem \u010dasu je bil nagrajenec \u0161tevilnih dr\u017eavnih in mednarodnih tekmovanj (Trst, Picardie, Beograd, Braunschweig). V letu 2008 je bil solo flavtist Sudetske filharmonije in leto kasneje Dr\u017eavnega brandenbur\u0161kega teatra v Cootbusu. Od leta 2009 \u017eivi in deluje kot svobodni umetnik v Berlinu. Koncertira kot solist, v razli\u010dnih komornih zasedbah in kot solo flavtist igra v orkestrih Berliner Symphoniker, Philharmonie der Nationen, Evian Festival Orchestra in Neues Kammerorchester Potsdam. Njegova glasbena pot ga je popeljala po celi Evropi, Zdru\u017eenih dr\u017eavah Amerike, Kitajski, Vietnamu, Japonski in Al\u017eiriji.<br \/>\nPred kratkim je posnel dve CD plo\u0161\u010di. eno s Triom Susak (flavta, saksofon, klavir) in drugo z flavtistom Borisom Bizjakom in pianistko Yoko Misumi z deli klasi\u010dnega in romanti\u010dnega repertoarja.<br \/>\nJe asistent na Akademiji za glasbo Splitu in voditelj mojstrskega te\u010daja za flavto v Ka\u0161teli (Hrva\u0161ka), leta 2013 pa je pri zalo\u017ebi Svitzer izdal orkestrske sole za flavto v prirebi za kvartet flavt, pedago\u0161ko metodo za \u0161tudij zahtevnega orkestrskega repertoarja.<br \/>\nJe ustanovitelj in umetni\u0161ki vodja Mednarodnega glasbenega festivala Ursus.<\/p>\n","protected":false},"excerpt":{"rendered":"<p class=\"post-excerpt\">Marko Zupan se je flavto za\u010del u\u010diti v glasbeni \u0161oli v Zagorju. Po kon\u010dani Akademiji za glasbo v Ljubljani je&#8230;<\/p>\n","protected":false},"author":1,"featured_media":0,"parent":0,"menu_order":0,"comment_status":"closed","ping_status":"closed","template":"","meta":[],"_links":{"self":[{"href":"http:\/\/festivalursus.com\/index.php?rest_route=\/wp\/v2\/pages\/1278"}],"collection":[{"href":"http:\/\/festivalursus.com\/index.php?rest_route=\/wp\/v2\/pages"}],"about":[{"href":"http:\/\/festivalursus.com\/index.php?rest_route=\/wp\/v2\/types\/page"}],"author":[{"embeddable":true,"href":"http:\/\/festivalursus.com\/index.php?rest_route=\/wp\/v2\/users\/1"}],"replies":[{"embeddable":true,"href":"http:\/\/festivalursus.com\/index.php?rest_route=%2Fwp%2Fv2%2Fcomments&post=1278"}],"version-history":[{"count":1,"href":"http:\/\/festivalursus.com\/index.php?rest_route=\/wp\/v2\/pages\/1278\/revisions"}],"predecessor-version":[{"id":1279,"href":"http:\/\/festivalursus.com\/index.php?rest_route=\/wp\/v2\/pages\/1278\/revisions\/1279"}],"wp:attachment":[{"href":"http:\/\/festivalursus.com\/index.php?rest_route=%2Fwp%2Fv2%2Fmedia&parent=1278"}],"curies":[{"name":"wp","href":"https:\/\/api.w.org\/{rel}","templated":true}]}}

<p><a href="http://festivalursus.com/wp-content/uploads/2016/05/Marko1-1.jpg" target="_blank"><img decoding="async" loading="lazy" class="aligncenter wp-image-643" src="http://festivalursus.com/wp-content/uploads/2016/05/Marko1-1-300x216.jpg" alt="Marko1" width="550" height="396" srcset="http://festivalursus.com/wp-content/uploads/2016/05/Marko1-1-300x216.jpg 300w, http://festivalursus.com/wp-content/uploads/2016/05/Marko1-1-768x553.jpg 768w, http://festivalursus.com/wp-content/uploads/2016/05/Marko1-1-1024x737.jpg 1024w, http://festivalursus.com/wp-content/uploads/2016/05/Marko1-1-1140x820.jpg 1140w, http://festivalursus.com/wp-content/uploads/2016/05/Marko1-1-552x397.jpg 552w, http://festivalursus.com/wp-content/uploads/2016/05/Marko1-1.jpg 2048w" sizes="(max-width: 550px) 100vw, 550px" /></a></p>
<p>Marko Zupan se je flavto začel učiti v glasbeni šoli v Zagorju. Po končani Akademiji za glasbo v Ljubljani je študij nadaljeval v Parizu (Pierre-Yves Artaud), kjer je osvojil Diplome superiere de Concertiste in zatem še v na Mozarteumu v Salzburgu (Irena Grafenauer). Izpopolnjeval se je na mojstrskih tečajih pri priznanih svetovnih flavtistih, kot so Aurele Nicolet, Peter-Lukas Graf in Emmanuel Pahud. V tem času je bil nagrajenec številnih državnih in mednarodnih tekmovanj (Trst, Picardie, Beograd, Braunschweig). V letu 2008 je bil solo flavtist Sudetske filharmonije in leto kasneje Državnega brandenburškega teatra v Cootbusu. Od leta 2009 živi in deluje kot svobodni umetnik v Berlinu. Koncertira kot solist, v različnih komornih zasedbah in kot solo flavtist igra v orkestrih Berliner Symphoniker, Philharmonie der Nationen, Evian Festival Orchestra in Neues Kammerorchester Potsdam. Njegova glasbena pot ga je popeljala po celi Evropi, Združenih državah Amerike, Kitajski, Vietnamu, Japonski in Alžiriji.<br />
Pred kratkim je posnel dve CD plošči. eno s Triom Susak (flavta, saksofon, klavir) in drugo z flavtistom Borisom Bizjakom in pianistko Yoko Misumi z deli klasičnega in romantičnega repertoarja.<br />
Je asistent na Akademiji za glasbo Splitu in voditelj mojstrskega tečaja za flavto v Kašteli (Hrvaška), leta 2013 pa je pri založbi Svitzer izdal orkestrske sole za flavto v prirebi za kvartet flavt, pedagoško metodo za študij zahtevnega orkestrskega repertoarja.<br />
Je ustanovitelj in umetniški vodja Mednarodnega glasbenega festivala Ursus.</p>

<p class="post-excerpt">Marko Zupan se je flavto začel učiti v glasbeni šoli v Zagorju. Po končani Akademiji za glasbo v Ljubljani je&#8230;</p>
