{"id":1409,"date":"2016-05-18T08:35:57","date_gmt":"2016-05-18T08:35:57","guid":{"rendered":"http:\/\/festivalursus.com\/?page_id=1409"},"modified":"2016-05-18T09:51:10","modified_gmt":"2016-05-18T09:51:10","slug":"maria-gamboz-gradisnik-2","status":"publish","type":"page","link":"http:\/\/festivalursus.com\/?page_id=1409&lang=sl","title":{"rendered":"Maria Gamboz Gradi\u0161nik"},"content":{"rendered":"<p><a href=\"http:\/\/festivalursus.com\/wp-content\/uploads\/2016\/05\/Maria-1.jpg\" target=\"_blank\"><img decoding=\"async\" loading=\"lazy\" class=\"aligncenter wp-image-642\" src=\"http:\/\/festivalursus.com\/wp-content\/uploads\/2016\/05\/Maria-1-300x226.jpg\" alt=\"Maria\" width=\"550\" height=\"414\" srcset=\"http:\/\/festivalursus.com\/wp-content\/uploads\/2016\/05\/Maria-1-300x226.jpg 300w, http:\/\/festivalursus.com\/wp-content\/uploads\/2016\/05\/Maria-1-768x578.jpg 768w, http:\/\/festivalursus.com\/wp-content\/uploads\/2016\/05\/Maria-1-1024x771.jpg 1024w, http:\/\/festivalursus.com\/wp-content\/uploads\/2016\/05\/Maria-1-1140x858.jpg 1140w, http:\/\/festivalursus.com\/wp-content\/uploads\/2016\/05\/Maria-1-552x415.jpg 552w, http:\/\/festivalursus.com\/wp-content\/uploads\/2016\/05\/Maria-1.jpg 2048w\" sizes=\"(max-width: 550px) 100vw, 550px\" \/><\/a><\/p>\n<p>Maria Gamboz Gradi\u0161nik je diplomirala na University of fine arts and music v Tokyu (Japonska) , na Conservatoriu v Trstu in magistrirala z odliko na Conservatoriu Udine. Ob \u0161tudiju je opravila specializacijo na Accademia Chigiana v Sieni in Fondazione Santa Cecilia v Portogruaru.<br \/>\nV \u010dasu \u0161tudija je zmagala na \u0161estih tekmovanjih za \u0161tipendijo , za kar je bila progla\u0161ena za eno najobetavnej\u0161ih glasbenic v italijanskem okolju ( 1999-2001 ).<br \/>\nV obdobju od 2002 do 2004 je zmagala kar na petih mednarodnih tekmovanjih, med katerimi sta najbolj priznana Victor Salvi (Saluzzo- Italija) in TIM (Salone de Provence-Francija) .<br \/>\nKot solistka je z orkestrom izvedla \u017ee obse\u017een repertoar obstoje\u010de literature in tudi veliko \u0161tevilo praizvedb, posve\u010denih njej, v uglednih dvoranah ,kot so: Teatro dal Verme (Milano),Sala Verdi (Milano), Teatro Giovanni da Udine (Udine). Nastopila je na Festivalu MITO (Italija), kot solistka s simfoni\u010dnim orkestrom Verdi iz Milana in na festivalu Montepulciano z Jana\u0107ek Philharmonic Orhestra iz Londona.<br \/>\nV \u010dasu \u0161olanja na Japonskem je sodelovala s Togijem Hidekijem in njegovim ansamblom za anti\u010dno japonsko glasbo ter \u0161olo za specializiranje liri\u010dnih pevcev \u2013 Tokyo Verdi Ensemble. Z njimi je nastopala v znanih dvoranah ( Concert Hall Opera City, Santory Hall in Art Sphere ).<br \/>\nNa njeno pobudo so bila izdana dela sodobnih skladateljev pri zalo\u017ebah Curci in Pizzicato.<br \/>\nSodeluje z mnogimi orkestri : Mozart Orchestra- Bologna, Orchestra della Svizzera Italiana- Lugano, Teatro Verdi- Trst, Orchestra sinfonica di Roma, Orchestra sinfonica di Perugia, Orchestra sinfonica del Friuli Venezia Giulia- Udine, Filarmonia Veneta- Treviso, simfoni\u010dnim orkestrom RTV Slovenija in Slovensko filharmonijo.<br \/>\nOd leta 2008 je solo harfistka orkestra SNG Opera in balet Ljubljana.<\/p>\n","protected":false},"excerpt":{"rendered":"<p class=\"post-excerpt\">Maria Gamboz Gradi\u0161nik je diplomirala na University of fine arts and music v Tokyu (Japonska) , na Conservatoriu v Trstu&#8230;<\/p>\n","protected":false},"author":1,"featured_media":0,"parent":0,"menu_order":0,"comment_status":"closed","ping_status":"closed","template":"","meta":[],"_links":{"self":[{"href":"http:\/\/festivalursus.com\/index.php?rest_route=\/wp\/v2\/pages\/1409"}],"collection":[{"href":"http:\/\/festivalursus.com\/index.php?rest_route=\/wp\/v2\/pages"}],"about":[{"href":"http:\/\/festivalursus.com\/index.php?rest_route=\/wp\/v2\/types\/page"}],"author":[{"embeddable":true,"href":"http:\/\/festivalursus.com\/index.php?rest_route=\/wp\/v2\/users\/1"}],"replies":[{"embeddable":true,"href":"http:\/\/festivalursus.com\/index.php?rest_route=%2Fwp%2Fv2%2Fcomments&post=1409"}],"version-history":[{"count":3,"href":"http:\/\/festivalursus.com\/index.php?rest_route=\/wp\/v2\/pages\/1409\/revisions"}],"predecessor-version":[{"id":1431,"href":"http:\/\/festivalursus.com\/index.php?rest_route=\/wp\/v2\/pages\/1409\/revisions\/1431"}],"wp:attachment":[{"href":"http:\/\/festivalursus.com\/index.php?rest_route=%2Fwp%2Fv2%2Fmedia&parent=1409"}],"curies":[{"name":"wp","href":"https:\/\/api.w.org\/{rel}","templated":true}]}}