{"id":1552,"date":"2016-10-03T20:15:22","date_gmt":"2016-10-03T20:15:22","guid":{"rendered":"http:\/\/festivalursus.com\/?page_id=1552"},"modified":"2016-10-04T18:10:09","modified_gmt":"2016-10-04T18:10:09","slug":"ursus-2016-3","status":"publish","type":"page","link":"http:\/\/festivalursus.com\/?page_id=1552&lang=sl","title":{"rendered":"III. &#8220;Ursus&#8221; 2016"},"content":{"rendered":"<p><img decoding=\"async\" loading=\"lazy\" class=\"aligncenter wp-image-1501\" src=\"http:\/\/festivalursus.com\/wp-content\/uploads\/2016\/05\/12622482_925396984224934_3776681968898798664_o-3-300x158.jpg\" alt=\"12622482_925396984224934_3776681968898798664_o\" width=\"550\" height=\"289\" srcset=\"http:\/\/festivalursus.com\/wp-content\/uploads\/2016\/05\/12622482_925396984224934_3776681968898798664_o-3-300x158.jpg 300w, http:\/\/festivalursus.com\/wp-content\/uploads\/2016\/05\/12622482_925396984224934_3776681968898798664_o-3-768x404.jpg 768w, http:\/\/festivalursus.com\/wp-content\/uploads\/2016\/05\/12622482_925396984224934_3776681968898798664_o-3-1024x539.jpg 1024w, http:\/\/festivalursus.com\/wp-content\/uploads\/2016\/05\/12622482_925396984224934_3776681968898798664_o-3-1140x600.jpg 1140w, http:\/\/festivalursus.com\/wp-content\/uploads\/2016\/05\/12622482_925396984224934_3776681968898798664_o-3-552x290.jpg 552w, http:\/\/festivalursus.com\/wp-content\/uploads\/2016\/05\/12622482_925396984224934_3776681968898798664_o-3.jpg 1323w\" sizes=\"(max-width: 550px) 100vw, 550px\" \/><\/p>\n<p>\u201cEdino kar je bolj\u0161e od petja, je \u0161e ve\u010d petja.\u201d<br \/>\nElla Fitzgerlad<\/p>\n<p>Letos poleti bo 3. Mednarodni glasbeni festival \u201cUrsus\u201d na treh koncertih gostil razli\u010dne vokalne zasedbe. Brazilska pevka\/performerka Daniela Vega bo skupaj z izbranimi glasbeniki izvedla projekt baziran na Debusijevi \u201cBilitis\u201c, v izvedbi nem\u0161kega tenorista Alexandra H\u00fcttnerja bomo sli\u0161ali izvedbo samospevov iz Schubertovega ciklusa \u201cLepa mlinarica\u201c. Na zadnjem koncert pa bo Zagorski oktet prepeval slovenske narodne pesmi. Veselimo se va\u0161ega obiska!<\/p>\n<p>Marko Zupan,<br \/>\numetni\u0161ki vodja<\/p>\n<p>&nbsp;<\/p>\n<p><a href=\"http:\/\/festivalursus.com\/?page_id=464&amp;lang=sl\" target=\"_blank\"><img decoding=\"async\" loading=\"lazy\" class=\"wp-image-1553 aligncenter\" src=\"http:\/\/festivalursus.com\/wp-content\/uploads\/2016\/10\/13775398_1035344269896871_1115801211426955892_n-1-202x300.jpg\" alt=\"13775398_1035344269896871_1115801211426955892_n\" width=\"550\" height=\"819\" srcset=\"http:\/\/festivalursus.com\/wp-content\/uploads\/2016\/10\/13775398_1035344269896871_1115801211426955892_n-1-202x300.jpg 202w, http:\/\/festivalursus.com\/wp-content\/uploads\/2016\/10\/13775398_1035344269896871_1115801211426955892_n-1-552x822.jpg 552w, http:\/\/festivalursus.com\/wp-content\/uploads\/2016\/10\/13775398_1035344269896871_1115801211426955892_n-1.jpg 645w\" sizes=\"(max-width: 550px) 100vw, 550px\" \/><\/a><\/p>\n<p>&nbsp;<\/p>\n<p><a href=\"http:\/\/festivalursus.com\/?page_id=1045&amp;lang=sl\" target=\"_blank\"><img decoding=\"async\" loading=\"lazy\" class=\"aligncenter wp-image-1554\" src=\"http:\/\/festivalursus.com\/wp-content\/uploads\/2016\/10\/13975510_1057827894315175_8040377283243642899_o-1-202x300.jpg\" alt=\"13975510_1057827894315175_8040377283243642899_o\" width=\"550\" height=\"818\" srcset=\"http:\/\/festivalursus.com\/wp-content\/uploads\/2016\/10\/13975510_1057827894315175_8040377283243642899_o-1-202x300.jpg 202w, http:\/\/festivalursus.com\/wp-content\/uploads\/2016\/10\/13975510_1057827894315175_8040377283243642899_o-1-768x1142.jpg 768w, http:\/\/festivalursus.com\/wp-content\/uploads\/2016\/10\/13975510_1057827894315175_8040377283243642899_o-1-689x1024.jpg 689w, http:\/\/festivalursus.com\/wp-content\/uploads\/2016\/10\/13975510_1057827894315175_8040377283243642899_o-1-1140x1696.jpg 1140w, http:\/\/festivalursus.com\/wp-content\/uploads\/2016\/10\/13975510_1057827894315175_8040377283243642899_o-1-552x821.jpg 552w, http:\/\/festivalursus.com\/wp-content\/uploads\/2016\/10\/13975510_1057827894315175_8040377283243642899_o-1.jpg 1377w\" sizes=\"(max-width: 550px) 100vw, 550px\" \/><\/a><\/p>\n<p>&nbsp;<\/p>\n<p><a href=\"http:\/\/festivalursus.com\/?page_id=1105&amp;lang=sl\" target=\"_blank\"><img decoding=\"async\" loading=\"lazy\" class=\"aligncenter wp-image-1555\" src=\"http:\/\/festivalursus.com\/wp-content\/uploads\/2016\/10\/14053690_1062820663815898_795469753827608002_o-1-212x300.jpg\" alt=\"14053690_1062820663815898_795469753827608002_o\" width=\"550\" height=\"778\" srcset=\"http:\/\/festivalursus.com\/wp-content\/uploads\/2016\/10\/14053690_1062820663815898_795469753827608002_o-1-212x300.jpg 212w, http:\/\/festivalursus.com\/wp-content\/uploads\/2016\/10\/14053690_1062820663815898_795469753827608002_o-1-768x1087.jpg 768w, http:\/\/festivalursus.com\/wp-content\/uploads\/2016\/10\/14053690_1062820663815898_795469753827608002_o-1-724x1024.jpg 724w, http:\/\/festivalursus.com\/wp-content\/uploads\/2016\/10\/14053690_1062820663815898_795469753827608002_o-1-1140x1613.jpg 1140w, http:\/\/festivalursus.com\/wp-content\/uploads\/2016\/10\/14053690_1062820663815898_795469753827608002_o-1-552x781.jpg 552w, http:\/\/festivalursus.com\/wp-content\/uploads\/2016\/10\/14053690_1062820663815898_795469753827608002_o-1.jpg 1447w\" sizes=\"(max-width: 550px) 100vw, 550px\" \/><\/a><\/p>\n","protected":false},"excerpt":{"rendered":"<p class=\"post-excerpt\">\u201cEdino kar je bolj\u0161e od petja, je \u0161e ve\u010d petja.\u201d Ella Fitzgerlad Letos poleti bo 3. Mednarodni glasbeni festival \u201cUrsus\u201d&#8230;<\/p>\n","protected":false},"author":1,"featured_media":0,"parent":0,"menu_order":0,"comment_status":"closed","ping_status":"closed","template":"","meta":[],"_links":{"self":[{"href":"http:\/\/festivalursus.com\/index.php?rest_route=\/wp\/v2\/pages\/1552"}],"collection":[{"href":"http:\/\/festivalursus.com\/index.php?rest_route=\/wp\/v2\/pages"}],"about":[{"href":"http:\/\/festivalursus.com\/index.php?rest_route=\/wp\/v2\/types\/page"}],"author":[{"embeddable":true,"href":"http:\/\/festivalursus.com\/index.php?rest_route=\/wp\/v2\/users\/1"}],"replies":[{"embeddable":true,"href":"http:\/\/festivalursus.com\/index.php?rest_route=%2Fwp%2Fv2%2Fcomments&post=1552"}],"version-history":[{"count":7,"href":"http:\/\/festivalursus.com\/index.php?rest_route=\/wp\/v2\/pages\/1552\/revisions"}],"predecessor-version":[{"id":1723,"href":"http:\/\/festivalursus.com\/index.php?rest_route=\/wp\/v2\/pages\/1552\/revisions\/1723"}],"wp:attachment":[{"href":"http:\/\/festivalursus.com\/index.php?rest_route=%2Fwp%2Fv2%2Fmedia&parent=1552"}],"curies":[{"name":"wp","href":"https:\/\/api.w.org\/{rel}","templated":true}]}}

<p><img decoding="async" loading="lazy" class="aligncenter wp-image-1501" src="http://festivalursus.com/wp-content/uploads/2016/05/12622482_925396984224934_3776681968898798664_o-3-300x158.jpg" alt="12622482_925396984224934_3776681968898798664_o" width="550" height="289" srcset="http://festivalursus.com/wp-content/uploads/2016/05/12622482_925396984224934_3776681968898798664_o-3-300x158.jpg 300w, http://festivalursus.com/wp-content/uploads/2016/05/12622482_925396984224934_3776681968898798664_o-3-768x404.jpg 768w, http://festivalursus.com/wp-content/uploads/2016/05/12622482_925396984224934_3776681968898798664_o-3-1024x539.jpg 1024w, http://festivalursus.com/wp-content/uploads/2016/05/12622482_925396984224934_3776681968898798664_o-3-1140x600.jpg 1140w, http://festivalursus.com/wp-content/uploads/2016/05/12622482_925396984224934_3776681968898798664_o-3-552x290.jpg 552w, http://festivalursus.com/wp-content/uploads/2016/05/12622482_925396984224934_3776681968898798664_o-3.jpg 1323w" sizes="(max-width: 550px) 100vw, 550px" /></p>
<p>“Edino kar je boljše od petja, je še več petja.”<br />
Ella Fitzgerlad</p>
<p>Letos poleti bo 3. Mednarodni glasbeni festival “Ursus” na treh koncertih gostil različne vokalne zasedbe. Brazilska pevka/performerka Daniela Vega bo skupaj z izbranimi glasbeniki izvedla projekt baziran na Debusijevi “Bilitis“, v izvedbi nemškega tenorista Alexandra Hüttnerja bomo slišali izvedbo samospevov iz Schubertovega ciklusa “Lepa mlinarica“. Na zadnjem koncert pa bo Zagorski oktet prepeval slovenske narodne pesmi. Veselimo se vašega obiska!</p>
<p>Marko Zupan,<br />
umetniški vodja</p>
<p>&nbsp;</p>
<p><a href="http://festivalursus.com/?page_id=464&amp;lang=sl" target="_blank"><img decoding="async" loading="lazy" class="wp-image-1553 aligncenter" src="http://festivalursus.com/wp-content/uploads/2016/10/13775398_1035344269896871_1115801211426955892_n-1-202x300.jpg" alt="13775398_1035344269896871_1115801211426955892_n" width="550" height="819" srcset="http://festivalursus.com/wp-content/uploads/2016/10/13775398_1035344269896871_1115801211426955892_n-1-202x300.jpg 202w, http://festivalursus.com/wp-content/uploads/2016/10/13775398_1035344269896871_1115801211426955892_n-1-552x822.jpg 552w, http://festivalursus.com/wp-content/uploads/2016/10/13775398_1035344269896871_1115801211426955892_n-1.jpg 645w" sizes="(max-width: 550px) 100vw, 550px" /></a></p>
<p>&nbsp;</p>
<p><a href="http://festivalursus.com/?page_id=1045&amp;lang=sl" target="_blank"><img decoding="async" loading="lazy" class="aligncenter wp-image-1554" src="http://festivalursus.com/wp-content/uploads/2016/10/13975510_1057827894315175_8040377283243642899_o-1-202x300.jpg" alt="13975510_1057827894315175_8040377283243642899_o" width="550" height="818" srcset="http://festivalursus.com/wp-content/uploads/2016/10/13975510_1057827894315175_8040377283243642899_o-1-202x300.jpg 202w, http://festivalursus.com/wp-content/uploads/2016/10/13975510_1057827894315175_8040377283243642899_o-1-768x1142.jpg 768w, http://festivalursus.com/wp-content/uploads/2016/10/13975510_1057827894315175_8040377283243642899_o-1-689x1024.jpg 689w, http://festivalursus.com/wp-content/uploads/2016/10/13975510_1057827894315175_8040377283243642899_o-1-1140x1696.jpg 1140w, http://festivalursus.com/wp-content/uploads/2016/10/13975510_1057827894315175_8040377283243642899_o-1-552x821.jpg 552w, http://festivalursus.com/wp-content/uploads/2016/10/13975510_1057827894315175_8040377283243642899_o-1.jpg 1377w" sizes="(max-width: 550px) 100vw, 550px" /></a></p>
<p>&nbsp;</p>
<p><a href="http://festivalursus.com/?page_id=1105&amp;lang=sl" target="_blank"><img decoding="async" loading="lazy" class="aligncenter wp-image-1555" src="http://festivalursus.com/wp-content/uploads/2016/10/14053690_1062820663815898_795469753827608002_o-1-212x300.jpg" alt="14053690_1062820663815898_795469753827608002_o" width="550" height="778" srcset="http://festivalursus.com/wp-content/uploads/2016/10/14053690_1062820663815898_795469753827608002_o-1-212x300.jpg 212w, http://festivalursus.com/wp-content/uploads/2016/10/14053690_1062820663815898_795469753827608002_o-1-768x1087.jpg 768w, http://festivalursus.com/wp-content/uploads/2016/10/14053690_1062820663815898_795469753827608002_o-1-724x1024.jpg 724w, http://festivalursus.com/wp-content/uploads/2016/10/14053690_1062820663815898_795469753827608002_o-1-1140x1613.jpg 1140w, http://festivalursus.com/wp-content/uploads/2016/10/14053690_1062820663815898_795469753827608002_o-1-552x781.jpg 552w, http://festivalursus.com/wp-content/uploads/2016/10/14053690_1062820663815898_795469753827608002_o-1.jpg 1447w" sizes="(max-width: 550px) 100vw, 550px" /></a></p>

<p class="post-excerpt">“Edino kar je boljše od petja, je še več petja.” Ella Fitzgerlad Letos poleti bo 3. Mednarodni glasbeni festival “Ursus”&#8230;</p>
