{"id":2135,"date":"2017-09-11T20:20:31","date_gmt":"2017-09-11T20:20:31","guid":{"rendered":"http:\/\/festivalursus.com\/?page_id=2135"},"modified":"2017-09-11T20:23:51","modified_gmt":"2017-09-11T20:23:51","slug":"iv-ursus-2017-3","status":"publish","type":"page","link":"http:\/\/festivalursus.com\/?page_id=2135&lang=sl","title":{"rendered":"IV. &#8220;Ursus&#8221; 2017"},"content":{"rendered":"<p><img decoding=\"async\" loading=\"lazy\" class=\"aligncenter wp-image-1925 size-large\" src=\"http:\/\/festivalursus.com\/wp-content\/uploads\/2016\/05\/Ursus-2017-logo-1-1024x477.jpg\" alt=\"\" width=\"700\" height=\"326\" srcset=\"http:\/\/festivalursus.com\/wp-content\/uploads\/2016\/05\/Ursus-2017-logo-1-1024x477.jpg 1024w, http:\/\/festivalursus.com\/wp-content\/uploads\/2016\/05\/Ursus-2017-logo-1-300x140.jpg 300w, http:\/\/festivalursus.com\/wp-content\/uploads\/2016\/05\/Ursus-2017-logo-1-768x357.jpg 768w, http:\/\/festivalursus.com\/wp-content\/uploads\/2016\/05\/Ursus-2017-logo-1-1140x530.jpg 1140w, http:\/\/festivalursus.com\/wp-content\/uploads\/2016\/05\/Ursus-2017-logo-1-552x257.jpg 552w, http:\/\/festivalursus.com\/wp-content\/uploads\/2016\/05\/Ursus-2017-logo-1.jpg 1399w\" sizes=\"(max-width: 700px) 100vw, 700px\" \/><\/p>\n<p style=\"text-align: right;\">&#8220;Ali ni \u010dudno, da lahko ov\u010dja \u010dreva izvle\u010dejo du\u0161o iz \u010dlove\u0161kega telesa?&#8221;<br \/>\n&#8211; William Shakespeare<\/p>\n<p>V Mozartovem \u010dasu so muzicirali tako, da so po nategnjenih ov\u010djih \u010drevah drgnili s konjskim repom, po njih brenkali s prsti, si izmi\u0161ljali razne konstrukcije za plenkanje&#8230; Uboge ovce si danes lahko oddahnejo, namesto \u010drev se namre\u010d za strune uporabljajo razne vrste metala. Glasba je k sre\u010di ostala enaka, ravno tako glasbeniki in poslu\u0161alci.<\/p>\n<p>\u010cetrto poletje zapored vas Mednarodni glasbeni festival &#8220;Ursus&#8221; vabi v \u010dudovito atmosfero na Medvedovi doma\u010diji ob vzno\u017eju Kuma. Klasi\u010dni zvoki bodo odzvanjali\u00a0po okoli\u0161kih hribih, gozdovih, tratah ter pa\u0161nikih sre\u010dnih ovac, ki bodo po mnogih stoletjih trpljenja kon\u010dno enkrat lahko v vlogi poslu\u0161alcev. Mogo\u010de bomo v trenutkih inspiracije lahko sli\u0161ali tudi njihovo odobravanje med koncertom. (iz ov\u0161\u010dine se &#8220;meeee&#8221; oz. &#8220;beee&#8221; prevaja kot &#8220;bravo&#8221; oz. &#8220;\u0161e&#8221;, op.prev.)<\/p>\n<p>Leto\u0161njemu povabilu na festival so se odzvali glasbeniki iz Japonske, Mehike, Rusije, Izraela, Hrva\u0161ke in Slovenije.<br \/>\nPetek, 11.8.2017\u00a0ob 19h\u00a0&#8211; Glasbene mojstrovine Wolfganga Amadeusa Mozarta ter Johannesa Brahmsa bomo sli\u0161ali v izvedbi violinistke\u00a0<a href=\"http:\/\/festivalursus.com\/?page_id=1753&amp;lang=sl\" target=\"_blank\" rel=\"noopener noreferrer\">Evgenie Epshtein<\/a>, violista\u00a0<a href=\"http:\/\/festivalursus.com\/?page_id=1765&amp;lang=sl\" target=\"_blank\" rel=\"noopener noreferrer\">Wladimirja Kossjanenka<\/a>, violon\u010delista\u00a0<a href=\"http:\/\/festivalursus.com\/?page_id=1757&amp;lang=sl\" target=\"_blank\" rel=\"noopener noreferrer\">Mihovila Karuze<\/a>, pianistke\u00a0<a href=\"http:\/\/festivalursus.com\/?page_id=1761&amp;lang=sl\" target=\"_blank\" rel=\"noopener noreferrer\">Vesne Podrug<\/a>\u00a0ter flavtista\u00a0<a href=\"http:\/\/festivalursus.com\/?page_id=1778&amp;lang=sl\" target=\"_blank\" rel=\"noopener noreferrer\">Marka Zupana<\/a>, ki poleg bogatega koncertnega udejstvovanja tudi vsi pou\u010dujejo na Akademiji za glasbo v Splitu.<br \/>\nPetek, 18.8.2017 ob 19h\u00a0&#8211; Svet baro\u010dnih zvokov nam bosta s starimi in\u0161trumenti pri\u010darala\u00a0<a href=\"http:\/\/festivalursus.com\/?page_id=1790&amp;lang=sl\" target=\"_blank\" rel=\"noopener noreferrer\">Boris Bizjak<\/a>\u00a0na baro\u010dni flavti in\u00a0<a href=\"http:\/\/festivalursus.com\/?page_id=1774&amp;lang=sl\" target=\"_blank\" rel=\"noopener noreferrer\">Masumi Yamamoto<\/a>\u00a0na \u010dembalu.<br \/>\nPetek, 8.9.2017 ob 19h &#8211; V za\u010detku septembra pa nas bo z ju\u017enoameri\u0161kim temperamentom zagrel mehi\u0161ki virtuoz na kitari\u00a0<a href=\"http:\/\/festivalursus.com\/?page_id=1769&amp;lang=sl\" target=\"_blank\" rel=\"noopener noreferrer\">Cecilio Perera<\/a>.<\/p>\n<p>Vljudno vabljeni!<\/p>\n<p>Marko Zupan,<br \/>\numetni\u0161ki vodja festivala<\/p>\n<p>&nbsp;<\/p>\n<p><a href=\"http:\/\/festivalursus.com\/?page_id=2053&amp;lang=sl\" target=\"_blank\" rel=\"noopener noreferrer\"><img decoding=\"async\" loading=\"lazy\" class=\"aligncenter wp-image-2141 size-large\" src=\"http:\/\/festivalursus.com\/wp-content\/uploads\/2017\/09\/Klasika-poster-page-001-1-694x1024.jpg\" alt=\"\" width=\"694\" height=\"1024\" srcset=\"http:\/\/festivalursus.com\/wp-content\/uploads\/2017\/09\/Klasika-poster-page-001-1-694x1024.jpg 694w, http:\/\/festivalursus.com\/wp-content\/uploads\/2017\/09\/Klasika-poster-page-001-1-203x300.jpg 203w, http:\/\/festivalursus.com\/wp-content\/uploads\/2017\/09\/Klasika-poster-page-001-1-768x1133.jpg 768w, http:\/\/festivalursus.com\/wp-content\/uploads\/2017\/09\/Klasika-poster-page-001-1-1140x1682.jpg 1140w, http:\/\/festivalursus.com\/wp-content\/uploads\/2017\/09\/Klasika-poster-page-001-1-552x814.jpg 552w, http:\/\/festivalursus.com\/wp-content\/uploads\/2017\/09\/Klasika-poster-page-001-1.jpg 1388w\" sizes=\"(max-width: 694px) 100vw, 694px\" \/><\/a><\/p>\n<p><a href=\"http:\/\/festivalursus.com\/?page_id=2110&amp;lang=sl\" target=\"_blank\" rel=\"noopener noreferrer\"><img decoding=\"async\" loading=\"lazy\" class=\"aligncenter wp-image-2139 size-large\" src=\"http:\/\/festivalursus.com\/wp-content\/uploads\/2017\/09\/1685-poster-page-1-694x1024.jpg\" alt=\"\" width=\"694\" height=\"1024\" srcset=\"http:\/\/festivalursus.com\/wp-content\/uploads\/2017\/09\/1685-poster-page-1-694x1024.jpg 694w, http:\/\/festivalursus.com\/wp-content\/uploads\/2017\/09\/1685-poster-page-1-203x300.jpg 203w, http:\/\/festivalursus.com\/wp-content\/uploads\/2017\/09\/1685-poster-page-1-768x1133.jpg 768w, http:\/\/festivalursus.com\/wp-content\/uploads\/2017\/09\/1685-poster-page-1-1140x1682.jpg 1140w, http:\/\/festivalursus.com\/wp-content\/uploads\/2017\/09\/1685-poster-page-1-552x814.jpg 552w, http:\/\/festivalursus.com\/wp-content\/uploads\/2017\/09\/1685-poster-page-1.jpg 1388w\" sizes=\"(max-width: 694px) 100vw, 694px\" \/><\/a><\/p>\n<p><a href=\"http:\/\/festivalursus.com\/?page_id=1986&amp;lang=sl\" target=\"_blank\" rel=\"noopener noreferrer\"><img decoding=\"async\" loading=\"lazy\" class=\"aligncenter wp-image-2137 size-large\" src=\"http:\/\/festivalursus.com\/wp-content\/uploads\/2017\/09\/Latino-poster-page-001-1-694x1024.jpg\" alt=\"\" width=\"694\" height=\"1024\" srcset=\"http:\/\/festivalursus.com\/wp-content\/uploads\/2017\/09\/Latino-poster-page-001-1-694x1024.jpg 694w, http:\/\/festivalursus.com\/wp-content\/uploads\/2017\/09\/Latino-poster-page-001-1-203x300.jpg 203w, http:\/\/festivalursus.com\/wp-content\/uploads\/2017\/09\/Latino-poster-page-001-1-768x1133.jpg 768w, http:\/\/festivalursus.com\/wp-content\/uploads\/2017\/09\/Latino-poster-page-001-1-1140x1682.jpg 1140w, http:\/\/festivalursus.com\/wp-content\/uploads\/2017\/09\/Latino-poster-page-001-1-552x814.jpg 552w, http:\/\/festivalursus.com\/wp-content\/uploads\/2017\/09\/Latino-poster-page-001-1.jpg 1388w\" sizes=\"(max-width: 694px) 100vw, 694px\" \/><\/a><\/p>\n","protected":false},"excerpt":{"rendered":"<p class=\"post-excerpt\">&#8220;Ali ni \u010dudno, da lahko ov\u010dja \u010dreva izvle\u010dejo du\u0161o iz \u010dlove\u0161kega telesa?&#8221; &#8211; William Shakespeare V Mozartovem \u010dasu so muzicirali&#8230;<\/p>\n","protected":false},"author":1,"featured_media":0,"parent":0,"menu_order":0,"comment_status":"closed","ping_status":"closed","template":"","meta":[],"_links":{"self":[{"href":"http:\/\/festivalursus.com\/index.php?rest_route=\/wp\/v2\/pages\/2135"}],"collection":[{"href":"http:\/\/festivalursus.com\/index.php?rest_route=\/wp\/v2\/pages"}],"about":[{"href":"http:\/\/festivalursus.com\/index.php?rest_route=\/wp\/v2\/types\/page"}],"author":[{"embeddable":true,"href":"http:\/\/festivalursus.com\/index.php?rest_route=\/wp\/v2\/users\/1"}],"replies":[{"embeddable":true,"href":"http:\/\/festivalursus.com\/index.php?rest_route=%2Fwp%2Fv2%2Fcomments&post=2135"}],"version-history":[{"count":3,"href":"http:\/\/festivalursus.com\/index.php?rest_route=\/wp\/v2\/pages\/2135\/revisions"}],"predecessor-version":[{"id":2142,"href":"http:\/\/festivalursus.com\/index.php?rest_route=\/wp\/v2\/pages\/2135\/revisions\/2142"}],"wp:attachment":[{"href":"http:\/\/festivalursus.com\/index.php?rest_route=%2Fwp%2Fv2%2Fmedia&parent=2135"}],"curies":[{"name":"wp","href":"https:\/\/api.w.org\/{rel}","templated":true}]}}

<p><img decoding="async" loading="lazy" class="aligncenter wp-image-1925 size-large" src="http://festivalursus.com/wp-content/uploads/2016/05/Ursus-2017-logo-1-1024x477.jpg" alt="" width="700" height="326" srcset="http://festivalursus.com/wp-content/uploads/2016/05/Ursus-2017-logo-1-1024x477.jpg 1024w, http://festivalursus.com/wp-content/uploads/2016/05/Ursus-2017-logo-1-300x140.jpg 300w, http://festivalursus.com/wp-content/uploads/2016/05/Ursus-2017-logo-1-768x357.jpg 768w, http://festivalursus.com/wp-content/uploads/2016/05/Ursus-2017-logo-1-1140x530.jpg 1140w, http://festivalursus.com/wp-content/uploads/2016/05/Ursus-2017-logo-1-552x257.jpg 552w, http://festivalursus.com/wp-content/uploads/2016/05/Ursus-2017-logo-1.jpg 1399w" sizes="(max-width: 700px) 100vw, 700px" /></p>
<p style="text-align: right;">&#8220;Ali ni čudno, da lahko ovčja čreva izvlečejo dušo iz človeškega telesa?&#8221;<br />
&#8211; William Shakespeare</p>
<p>V Mozartovem času so muzicirali tako, da so po nategnjenih ovčjih črevah drgnili s konjskim repom, po njih brenkali s prsti, si izmišljali razne konstrukcije za plenkanje&#8230; Uboge ovce si danes lahko oddahnejo, namesto črev se namreč za strune uporabljajo razne vrste metala. Glasba je k sreči ostala enaka, ravno tako glasbeniki in poslušalci.</p>
<p>Četrto poletje zapored vas Mednarodni glasbeni festival &#8220;Ursus&#8221; vabi v čudovito atmosfero na Medvedovi domačiji ob vznožju Kuma. Klasični zvoki bodo odzvanjali po okoliških hribih, gozdovih, tratah ter pašnikih srečnih ovac, ki bodo po mnogih stoletjih trpljenja končno enkrat lahko v vlogi poslušalcev. Mogoče bomo v trenutkih inspiracije lahko slišali tudi njihovo odobravanje med koncertom. (iz ovščine se &#8220;meeee&#8221; oz. &#8220;beee&#8221; prevaja kot &#8220;bravo&#8221; oz. &#8220;še&#8221;, op.prev.)</p>
<p>Letošnjemu povabilu na festival so se odzvali glasbeniki iz Japonske, Mehike, Rusije, Izraela, Hrvaške in Slovenije.<br />
Petek, 11.8.2017 ob 19h &#8211; Glasbene mojstrovine Wolfganga Amadeusa Mozarta ter Johannesa Brahmsa bomo slišali v izvedbi violinistke <a href="http://festivalursus.com/?page_id=1753&amp;lang=sl" target="_blank" rel="noopener noreferrer">Evgenie Epshtein</a>, violista <a href="http://festivalursus.com/?page_id=1765&amp;lang=sl" target="_blank" rel="noopener noreferrer">Wladimirja Kossjanenka</a>, violončelista <a href="http://festivalursus.com/?page_id=1757&amp;lang=sl" target="_blank" rel="noopener noreferrer">Mihovila Karuze</a>, pianistke <a href="http://festivalursus.com/?page_id=1761&amp;lang=sl" target="_blank" rel="noopener noreferrer">Vesne Podrug</a> ter flavtista <a href="http://festivalursus.com/?page_id=1778&amp;lang=sl" target="_blank" rel="noopener noreferrer">Marka Zupana</a>, ki poleg bogatega koncertnega udejstvovanja tudi vsi poučujejo na Akademiji za glasbo v Splitu.<br />
Petek, 18.8.2017 ob 19h &#8211; Svet baročnih zvokov nam bosta s starimi inštrumenti pričarala <a href="http://festivalursus.com/?page_id=1790&amp;lang=sl" target="_blank" rel="noopener noreferrer">Boris Bizjak</a> na baročni flavti in <a href="http://festivalursus.com/?page_id=1774&amp;lang=sl" target="_blank" rel="noopener noreferrer">Masumi Yamamoto</a> na čembalu.<br />
Petek, 8.9.2017 ob 19h &#8211; V začetku septembra pa nas bo z južnoameriškim temperamentom zagrel mehiški virtuoz na kitari <a href="http://festivalursus.com/?page_id=1769&amp;lang=sl" target="_blank" rel="noopener noreferrer">Cecilio Perera</a>.</p>
<p>Vljudno vabljeni!</p>
<p>Marko Zupan,<br />
umetniški vodja festivala</p>
<p>&nbsp;</p>
<p><a href="http://festivalursus.com/?page_id=2053&amp;lang=sl" target="_blank" rel="noopener noreferrer"><img decoding="async" loading="lazy" class="aligncenter wp-image-2141 size-large" src="http://festivalursus.com/wp-content/uploads/2017/09/Klasika-poster-page-001-1-694x1024.jpg" alt="" width="694" height="1024" srcset="http://festivalursus.com/wp-content/uploads/2017/09/Klasika-poster-page-001-1-694x1024.jpg 694w, http://festivalursus.com/wp-content/uploads/2017/09/Klasika-poster-page-001-1-203x300.jpg 203w, http://festivalursus.com/wp-content/uploads/2017/09/Klasika-poster-page-001-1-768x1133.jpg 768w, http://festivalursus.com/wp-content/uploads/2017/09/Klasika-poster-page-001-1-1140x1682.jpg 1140w, http://festivalursus.com/wp-content/uploads/2017/09/Klasika-poster-page-001-1-552x814.jpg 552w, http://festivalursus.com/wp-content/uploads/2017/09/Klasika-poster-page-001-1.jpg 1388w" sizes="(max-width: 694px) 100vw, 694px" /></a></p>
<p><a href="http://festivalursus.com/?page_id=2110&amp;lang=sl" target="_blank" rel="noopener noreferrer"><img decoding="async" loading="lazy" class="aligncenter wp-image-2139 size-large" src="http://festivalursus.com/wp-content/uploads/2017/09/1685-poster-page-1-694x1024.jpg" alt="" width="694" height="1024" srcset="http://festivalursus.com/wp-content/uploads/2017/09/1685-poster-page-1-694x1024.jpg 694w, http://festivalursus.com/wp-content/uploads/2017/09/1685-poster-page-1-203x300.jpg 203w, http://festivalursus.com/wp-content/uploads/2017/09/1685-poster-page-1-768x1133.jpg 768w, http://festivalursus.com/wp-content/uploads/2017/09/1685-poster-page-1-1140x1682.jpg 1140w, http://festivalursus.com/wp-content/uploads/2017/09/1685-poster-page-1-552x814.jpg 552w, http://festivalursus.com/wp-content/uploads/2017/09/1685-poster-page-1.jpg 1388w" sizes="(max-width: 694px) 100vw, 694px" /></a></p>
<p><a href="http://festivalursus.com/?page_id=1986&amp;lang=sl" target="_blank" rel="noopener noreferrer"><img decoding="async" loading="lazy" class="aligncenter wp-image-2137 size-large" src="http://festivalursus.com/wp-content/uploads/2017/09/Latino-poster-page-001-1-694x1024.jpg" alt="" width="694" height="1024" srcset="http://festivalursus.com/wp-content/uploads/2017/09/Latino-poster-page-001-1-694x1024.jpg 694w, http://festivalursus.com/wp-content/uploads/2017/09/Latino-poster-page-001-1-203x300.jpg 203w, http://festivalursus.com/wp-content/uploads/2017/09/Latino-poster-page-001-1-768x1133.jpg 768w, http://festivalursus.com/wp-content/uploads/2017/09/Latino-poster-page-001-1-1140x1682.jpg 1140w, http://festivalursus.com/wp-content/uploads/2017/09/Latino-poster-page-001-1-552x814.jpg 552w, http://festivalursus.com/wp-content/uploads/2017/09/Latino-poster-page-001-1.jpg 1388w" sizes="(max-width: 694px) 100vw, 694px" /></a></p>

<p class="post-excerpt">&#8220;Ali ni čudno, da lahko ovčja čreva izvlečejo dušo iz človeškega telesa?&#8221; &#8211; William Shakespeare V Mozartovem času so muzicirali&#8230;</p>
