{"id":2192,"date":"2018-03-30T15:12:22","date_gmt":"2018-03-30T15:12:22","guid":{"rendered":"http:\/\/festivalursus.com\/?page_id=2192"},"modified":"2018-04-03T08:43:46","modified_gmt":"2018-04-03T08:43:46","slug":"miriam-kofler","status":"publish","type":"page","link":"http:\/\/festivalursus.com\/?page_id=2192&lang=sl","title":{"rendered":"Miriam Kofler"},"content":{"rendered":"<p><a href=\"http:\/\/festivalursus.com\/wp-content\/uploads\/2018\/03\/P9190194-Edit-1-1.jpg\" target=\"_blank\" rel=\"noopener noreferrer\"><img decoding=\"async\" loading=\"lazy\" class=\"wp-image-2193 size-medium\" src=\"http:\/\/festivalursus.com\/wp-content\/uploads\/2018\/03\/P9190194-Edit-1-1-300x217.jpg\" alt=\"\" width=\"300\" height=\"217\" srcset=\"http:\/\/festivalursus.com\/wp-content\/uploads\/2018\/03\/P9190194-Edit-1-1-300x217.jpg 300w, http:\/\/festivalursus.com\/wp-content\/uploads\/2018\/03\/P9190194-Edit-1-1-768x555.jpg 768w, http:\/\/festivalursus.com\/wp-content\/uploads\/2018\/03\/P9190194-Edit-1-1-1024x740.jpg 1024w, http:\/\/festivalursus.com\/wp-content\/uploads\/2018\/03\/P9190194-Edit-1-1-1140x824.jpg 1140w, http:\/\/festivalursus.com\/wp-content\/uploads\/2018\/03\/P9190194-Edit-1-1-552x399.jpg 552w, http:\/\/festivalursus.com\/wp-content\/uploads\/2018\/03\/P9190194-Edit-1-1.jpg 2048w\" sizes=\"(max-width: 300px) 100vw, 300px\" \/><\/a><\/p>\n<p>&nbsp;<\/p>\n<p>Fagotistka Miriam Kofler je svoj \u0161tudij za\u010dela na konservatoriju v Bolzanu z prof. Claudijem Albertijem in leta 2011 nadaljevala na Mozarteumu v Salzburgu pri prof. Marcu Postinghelu, kjer je leta 2015 tudi diplomirala. Od leta 2015 do 2017 je opravila \u0161e magistrski \u0161tudij na Musik Akademie Basel pri prof. Sergiu Azzoliniju. Trenutku je \u010dlanica Karajan akademije v Berlinski filharmoniji. Poleg tega sodeluje tudi z musicAeterna, ki jo vodi Teodor Currentzis, komornim orkestrom Gustav Mahler, radijskim orkestrom v Berlinu in Spiro Miriabilis. Do julija 2017 je honorarno nastopala z Mozarteum orkestrom v Salzburgu kot solo fagotistka. Leta 2013 in 2014 je bila Miriam \u010dlanica mladinskega orkestra Gustav Mahler in eno leto kasneje tudi Zermatt festivalnega orkestra, kjer je igrala skupaj z Scharoun ansamblom Berlinske filharmonije. Kot komorni glasbenik je igrala in snemala z Pavlom Gillilovim, Petrom Langom, Wenzlem Fuchsom in drugimi. Med \u0161tudijem v Salzburgu je imela redne komorne lekcije z Stefanom Schillijem. Poleg tega se je ve\u010dkrat pridru\u017eila Gustav Mahler akademiji, kjer je skupaj z \u010dlani komornega orkestra Gustav Mahler sodelovala pri Acad\u00e9mie Musicale de Villecroze z Jacquesom Zoonom. Miriam se je udele\u017eila tudi drugih mednarodnih mojstrskih te\u010dajev z Sergiom Azzolinijem, Dagom Jensnom in Ole Kristianom Dahlom. Kot solistka je Miriam izvedla najpomembnej\u0161e fagotisti\u010dne koncerte v razli\u010dnih koncertnih dvorani v Italiji in Avstriji. Letu 2010 je osvojila z 2. nagrado na mednarodnem fagotisti\u010dnem tekmovanju \u201cG. Rossini\u201d v Pesaru. Leta 2014 je bila z pihalnim kvintetom \u201cQuintetto spirito\u201d polfinalistka 63. mednarodnega glasbenega tekmovanja ARD v M\u00fcnchnu<\/p>\n","protected":false},"excerpt":{"rendered":"<p class=\"post-excerpt\">&nbsp; Fagotistka Miriam Kofler je svoj \u0161tudij za\u010dela na konservatoriju v Bolzanu z prof. Claudijem Albertijem in leta 2011 nadaljevala&#8230;<\/p>\n","protected":false},"author":1,"featured_media":0,"parent":0,"menu_order":0,"comment_status":"closed","ping_status":"closed","template":"","meta":[],"_links":{"self":[{"href":"http:\/\/festivalursus.com\/index.php?rest_route=\/wp\/v2\/pages\/2192"}],"collection":[{"href":"http:\/\/festivalursus.com\/index.php?rest_route=\/wp\/v2\/pages"}],"about":[{"href":"http:\/\/festivalursus.com\/index.php?rest_route=\/wp\/v2\/types\/page"}],"author":[{"embeddable":true,"href":"http:\/\/festivalursus.com\/index.php?rest_route=\/wp\/v2\/users\/1"}],"replies":[{"embeddable":true,"href":"http:\/\/festivalursus.com\/index.php?rest_route=%2Fwp%2Fv2%2Fcomments&post=2192"}],"version-history":[{"count":4,"href":"http:\/\/festivalursus.com\/index.php?rest_route=\/wp\/v2\/pages\/2192\/revisions"}],"predecessor-version":[{"id":2451,"href":"http:\/\/festivalursus.com\/index.php?rest_route=\/wp\/v2\/pages\/2192\/revisions\/2451"}],"wp:attachment":[{"href":"http:\/\/festivalursus.com\/index.php?rest_route=%2Fwp%2Fv2%2Fmedia&parent=2192"}],"curies":[{"name":"wp","href":"https:\/\/api.w.org\/{rel}","templated":true}]}}