{"id":2215,"date":"2018-03-30T15:09:12","date_gmt":"2018-03-30T15:09:12","guid":{"rendered":"http:\/\/festivalursus.com\/?page_id=2215"},"modified":"2018-04-01T09:19:03","modified_gmt":"2018-04-01T09:19:03","slug":"glasbeniki-2","status":"publish","type":"page","link":"http:\/\/festivalursus.com\/?page_id=2215&lang=sl","title":{"rendered":"Glasbeniki 2018"},"content":{"rendered":"<p>&nbsp;<\/p>\n<p><a href=\"http:\/\/festivalursus.com\/?page_id=2256&amp;lang=sl\" target=\"_blank\" rel=\"noopener\">Evgenia Epshtein, violina<\/a><\/p>\n<p><a href=\"http:\/\/festivalursus.com\/?page_id=2192&amp;lang=sl\" target=\"_blank\" rel=\"noopener\">Miriam Kofler, fagot<\/a><\/p>\n<p><a href=\"http:\/\/festivalursus.com\/?page_id=2205&amp;lang=sl\" target=\"_blank\" rel=\"noopener\">Giorgio Matteoli, violon\u010delo<\/a><\/p>\n<p><a href=\"http:\/\/festivalursus.com\/?page_id=2159&amp;lang=sl\" target=\"_blank\" rel=\"noopener\">Tina Mauko, klaviature<\/a><\/p>\n<p><a href=\"http:\/\/festivalursus.com\/?page_id=2174&amp;lang=sl\" target=\"_blank\" rel=\"noopener\">Marina Minkin, klavir<\/a><\/p>\n<p><a href=\"http:\/\/festivalursus.com\/?page_id=2186&amp;lang=sl\" target=\"_blank\" rel=\"noopener\">Toma\u017e Mo\u010dilnik, klarinet<\/a><\/p>\n<p><a href=\"http:\/\/festivalursus.com\/?page_id=2168&amp;lang=sl\" target=\"_blank\" rel=\"noopener\">Marina Panova, klavir<\/a><\/p>\n<p><a href=\"http:\/\/festivalursus.com\/?page_id=2154&amp;lang=sl\" target=\"_blank\" rel=\"noopener\">Jure Tori, harmonika<\/a><\/p>\n<p><a href=\"http:\/\/festivalursus.com\/?page_id=2389&amp;lang=sl\" target=\"_blank\" rel=\"noopener\">Marko Zupan, flavta<\/a><\/p>\n<p><a href=\"http:\/\/festivalursus.com\/?page_id=2180&amp;lang=sl\" target=\"_blank\" rel=\"noopener\">Andrej \u017dust, rog<\/a><\/p>\n","protected":false},"excerpt":{"rendered":"<p class=\"post-excerpt\">&nbsp; Evgenia Epshtein, violina Miriam Kofler, fagot Giorgio Matteoli, violon\u010delo Tina Mauko, klaviature Marina Minkin, klavir Toma\u017e Mo\u010dilnik, klarinet Marina&#8230;<\/p>\n","protected":false},"author":1,"featured_media":0,"parent":0,"menu_order":0,"comment_status":"closed","ping_status":"closed","template":"","meta":[],"_links":{"self":[{"href":"http:\/\/festivalursus.com\/index.php?rest_route=\/wp\/v2\/pages\/2215"}],"collection":[{"href":"http:\/\/festivalursus.com\/index.php?rest_route=\/wp\/v2\/pages"}],"about":[{"href":"http:\/\/festivalursus.com\/index.php?rest_route=\/wp\/v2\/types\/page"}],"author":[{"embeddable":true,"href":"http:\/\/festivalursus.com\/index.php?rest_route=\/wp\/v2\/users\/1"}],"replies":[{"embeddable":true,"href":"http:\/\/festivalursus.com\/index.php?rest_route=%2Fwp%2Fv2%2Fcomments&post=2215"}],"version-history":[{"count":6,"href":"http:\/\/festivalursus.com\/index.php?rest_route=\/wp\/v2\/pages\/2215\/revisions"}],"predecessor-version":[{"id":2396,"href":"http:\/\/festivalursus.com\/index.php?rest_route=\/wp\/v2\/pages\/2215\/revisions\/2396"}],"wp:attachment":[{"href":"http:\/\/festivalursus.com\/index.php?rest_route=%2Fwp%2Fv2%2Fmedia&parent=2215"}],"curies":[{"name":"wp","href":"https:\/\/api.w.org\/{rel}","templated":true}]}}