{"id":2256,"date":"2018-03-30T16:45:58","date_gmt":"2018-03-30T16:45:58","guid":{"rendered":"http:\/\/festivalursus.com\/?page_id=2256"},"modified":"2018-03-30T16:45:58","modified_gmt":"2018-03-30T16:45:58","slug":"evgenia-epshtein-4","status":"publish","type":"page","link":"http:\/\/festivalursus.com\/?page_id=2256&lang=sl","title":{"rendered":"Evgenia Epshtein"},"content":{"rendered":"<p><a href=\"http:\/\/festivalursus.com\/wp-content\/uploads\/2017\/04\/epshtein.jpg\" target=\"_blank\" rel=\"noopener noreferrer\"><img decoding=\"async\" loading=\"lazy\" class=\"aligncenter wp-image-1864 size-medium\" src=\"http:\/\/festivalursus.com\/wp-content\/uploads\/2017\/04\/epshtein-300x200.jpg\" alt=\"\" width=\"300\" height=\"200\" srcset=\"http:\/\/festivalursus.com\/wp-content\/uploads\/2017\/04\/epshtein-300x200.jpg 300w, http:\/\/festivalursus.com\/wp-content\/uploads\/2017\/04\/epshtein-768x512.jpg 768w, http:\/\/festivalursus.com\/wp-content\/uploads\/2017\/04\/epshtein-1024x683.jpg 1024w, http:\/\/festivalursus.com\/wp-content\/uploads\/2017\/04\/epshtein-552x368.jpg 552w, http:\/\/festivalursus.com\/wp-content\/uploads\/2017\/04\/epshtein.jpg 1050w\" sizes=\"(max-width: 300px) 100vw, 300px\" \/><\/a><\/p>\n<div class=\"trans-verified-button-small\" dir=\"ltr\"><span id=\"result_box\" lang=\"sl\"><span title=\"Evgenia Epshtein was born in Sverdlovsk (now Ekaterinburg), Russia.\">Evgenia Epshtein se je rodila v Sverdlovsku (zdaj Ekaterinburg) v\u00a0Rusiji.\u00a0<\/span><\/span><span id=\"result_box\" lang=\"sl\"><span title=\"Evgenia Epshtein was born in Sverdlovsk (now Ekaterinburg), Russia.\">V<\/span><span title=\"She began her violin studies at age of six and completed the High school for Gifted Musicians with Vladimir Milshtein.\">iolino\u00a0se je\u00a0za\u010dela u\u010diti\u00a0pri \u0161estih letih in zaklju\u010dila srednjo \u0161olo za nadarjene\u00a0<\/span><\/span><span id=\"result_box\" lang=\"sl\"><span title=\"She began her violin studies at age of six and completed the High school for Gifted Musicians with Vladimir Milshtein.\">glasbenikev razredu prof.\u00a0Vladimirja Milshteina.\u00a0<\/span><span title=\"Evgenia immigrated to Israel in 1990. There she studied with Arthur Zisserman, Yair Kless and Irena Svetlova at the Tel Aviv Academy of Music and Benzion Shamir at the Rotterdam Royal Academy, where she received her Master Degree.\">Evgenia je\u00a0leta 1990 emigrirala v Izrael. Tam je \u0161tudirala\u00a0pri Arthurju Zissermanu, Yairu Klessu in Ireni Svetlovi na Akademiji za glasbo v Tel Avivu, kasneje pa \u0161e\u00a0pri Benzionu Shamirju v Rotterdamu na\u00a0Kraljevi akademiji za glasbo, kjer je tudi magistrirala.\u00a0<\/span><span title=\"During her studies at the Academy she won several prizes at the violin and chamber music competitions and took part in the masterclasses of Isaak Stern, Henry Mayer and Zakhar Bron. \">Med \u0161tudijem na akademiji je prejel ve\u010d nagrad na tekmovanjih\u00a0violino in komorno glasbo. Sodeloval je na mojstrskih te\u010dajih\u00a0z\u00a0Isaakom Sternom, Henryjem Mayerem in Zakharom Bronom.<br \/>\n<\/span><span title=\"As co- founder of the \u201cAviv\u201d string quartet, Evgenia Epshtein is a winner of the 3rd Melbourn International Chamber music competition ( 1999 Grand Prix and four spe\u0441ial prizes), Bordaux String quartet competition (2003), Charles Hennen Music competition (1999 Netherlands\">Kot soustanovitelj godalnega kvarteta &#8220;Aviv&#8221;\u00a0je Evgenia Epshtein\u00a0zmagovalec 3.\u00a0mednarodnega\u00a0glasbenega tekmovanja v Melbournu\u00a0(1999 Grand Prix in \u0161tiri spe\u0441ialne nagrade), Bordeaxu\u00a0(2003), &#8220;Charles Hennen&#8221;\u00a0tekmovanja (1999, Nizozemska\u00a0<\/span><span title=\").\">).\u00a0<\/span><span title=\"Other top prizes include \u201cSchubert and Modernity\u201d competition (2003 Graz, Austria, 2nd prize and special Schubert prize) and Prague spring competition (1998 2nd prize).\">Drugi nagrade vklju\u010dujejo &#8220;Schubert in sodobnost&#8221; (2003, Graz, 2. nagrada in posebna Schubertova nagrada) in Pra\u0161ka pomlad (1998, 2. nagrada).\u00a0<\/span><span title=\"As a member of Aviv she also proclaimed as the \u201d Best young ensemble\u201d by the Culture Ministries of Germany and Israel ( 1999, 2000, 2003, 2008). \">Kot \u010dlan kvarteta Aviv je razgla\u0161ena tudi\u00a0za &#8220;najbolj\u0161i mladi ansambel&#8221; s strani ministrstva za\u00a0kulturo Nem\u010dije in Izraela (1999, 2000, 2003, 2008).<br \/>\n<\/span><span title=\"As a soloist she performed with Reconsil Sinfoniega Vienna, Bucharest philharmonic orcnestra, Zadar chamber orchestra, Split Symphony Orchestra, Ashdod and Ramat Gan Symphony Orchestra. \">Kot solistka je nastopala z Reconsil Sinfoniega Dunaj,\u00a0Filharmoni\u010dnim orkestrom v\u00a0Bukare\u0161ti, Zadarskim komornim orkestrom, Splitskim simfoni\u010dnim orkestrom, Ashdod in Ramat Gan simfoni\u010dnima orkestroma.<br \/>\n<\/span><span title=\"She held recitals in all major Israeli venues and radio broadcasts.\">Na recitalih je nastopila\u00a0v\u00a0<\/span><span title=\"Stockholm, Paris, Toronto, Ottawa, Guadalajara, Lagos, Vienna, Zagreb, Vara\u017edin, Split, Prague, London. \">Stockholmu, Parizu, Torontu, Ottawi, Guadalajari, Lagosu, Dunaju, Zagrebu, Vara\u017edinu, Splitu, Pragi, Londonu in vseh ve\u010djih mestih v Izraelu.<br \/>\n<\/span><span title=\"Currently Evgenia Epshtein is a docent of Split academy of Arts, professor of violin and chamber music since 2011. and artistic director of Summer school \u201d Summer Con Spirito\u201d in Trogir \u2013 Croatia and Winter string school \u201d Winter Con Spirito\u201d in Vinkovci \u2013 Croatia. \">Trenutno je\u00a0Evgenia Epshtein docent na Akademije za glasbo v Splitu, kjer deluje kot\u00a0profesor violine in komorne glasbe od leta 2011. Je\u00a0umetni\u0161ki vodja poletne \u0161ole &#8220;Poletje Con Spirito&#8221; v Trogiru na Hrva\u0161kem in zimski godalni \u0161oli &#8220;Winter Con Spirito&#8221; v Vinkovcih na Hrva\u0161kem.<br \/>\n<\/span><span title=\"Before she taught as an assistant of violin professor Mr. Benzion Shamir at Rotterdam Royal academy. \">Pred tem je u\u010dila kot asistent za violino profesorja Benziona Shamijar v Rotterdam na\u00a0Kraljevi glasbeni\u00a0akademiji.<br \/>\n<\/span><span title=\"As a violinist and chamber music Evgenia is often giving masterclasses \u2013 Isa international summer academy, Prague music academy, \u201d Keshet eilon\u201d violin course, France, Croatia and others.\">Kot violinist in komorni glasbenik je Evgenia pogosto\u00a0predava mojstrskih te\u010dajih, kot so\u00a0Isa mednarodna poletna akademija, Pra\u0161ka glasbena akademija, &#8220;Keshet Eilon&#8221; violinski te\u010daj in\u00a0drugi.<\/span><\/span><\/div>\n","protected":false},"excerpt":{"rendered":"<p class=\"post-excerpt\">Evgenia Epshtein se je rodila v Sverdlovsku (zdaj Ekaterinburg) v\u00a0Rusiji.\u00a0Violino\u00a0se je\u00a0za\u010dela u\u010diti\u00a0pri \u0161estih letih in zaklju\u010dila srednjo \u0161olo za nadarjene\u00a0glasbenikev&#8230;<\/p>\n","protected":false},"author":1,"featured_media":0,"parent":0,"menu_order":0,"comment_status":"closed","ping_status":"closed","template":"","meta":[],"_links":{"self":[{"href":"http:\/\/festivalursus.com\/index.php?rest_route=\/wp\/v2\/pages\/2256"}],"collection":[{"href":"http:\/\/festivalursus.com\/index.php?rest_route=\/wp\/v2\/pages"}],"about":[{"href":"http:\/\/festivalursus.com\/index.php?rest_route=\/wp\/v2\/types\/page"}],"author":[{"embeddable":true,"href":"http:\/\/festivalursus.com\/index.php?rest_route=\/wp\/v2\/users\/1"}],"replies":[{"embeddable":true,"href":"http:\/\/festivalursus.com\/index.php?rest_route=%2Fwp%2Fv2%2Fcomments&post=2256"}],"version-history":[{"count":1,"href":"http:\/\/festivalursus.com\/index.php?rest_route=\/wp\/v2\/pages\/2256\/revisions"}],"predecessor-version":[{"id":2257,"href":"http:\/\/festivalursus.com\/index.php?rest_route=\/wp\/v2\/pages\/2256\/revisions\/2257"}],"wp:attachment":[{"href":"http:\/\/festivalursus.com\/index.php?rest_route=%2Fwp%2Fv2%2Fmedia&parent=2256"}],"curies":[{"name":"wp","href":"https:\/\/api.w.org\/{rel}","templated":true}]}}

<p><a href="http://festivalursus.com/wp-content/uploads/2017/04/epshtein.jpg" target="_blank" rel="noopener noreferrer"><img decoding="async" loading="lazy" class="aligncenter wp-image-1864 size-medium" src="http://festivalursus.com/wp-content/uploads/2017/04/epshtein-300x200.jpg" alt="" width="300" height="200" srcset="http://festivalursus.com/wp-content/uploads/2017/04/epshtein-300x200.jpg 300w, http://festivalursus.com/wp-content/uploads/2017/04/epshtein-768x512.jpg 768w, http://festivalursus.com/wp-content/uploads/2017/04/epshtein-1024x683.jpg 1024w, http://festivalursus.com/wp-content/uploads/2017/04/epshtein-552x368.jpg 552w, http://festivalursus.com/wp-content/uploads/2017/04/epshtein.jpg 1050w" sizes="(max-width: 300px) 100vw, 300px" /></a></p>
<div class="trans-verified-button-small" dir="ltr"><span id="result_box" lang="sl"><span title="Evgenia Epshtein was born in Sverdlovsk (now Ekaterinburg), Russia.">Evgenia Epshtein se je rodila v Sverdlovsku (zdaj Ekaterinburg) v Rusiji. </span></span><span id="result_box" lang="sl"><span title="Evgenia Epshtein was born in Sverdlovsk (now Ekaterinburg), Russia.">V</span><span title="She began her violin studies at age of six and completed the High school for Gifted Musicians with Vladimir Milshtein.">iolino se je začela učiti pri šestih letih in zaključila srednjo šolo za nadarjene </span></span><span id="result_box" lang="sl"><span title="She began her violin studies at age of six and completed the High school for Gifted Musicians with Vladimir Milshtein.">glasbenikev razredu prof. Vladimirja Milshteina. </span><span title="Evgenia immigrated to Israel in 1990. There she studied with Arthur Zisserman, Yair Kless and Irena Svetlova at the Tel Aviv Academy of Music and Benzion Shamir at the Rotterdam Royal Academy, where she received her Master Degree.">Evgenia je leta 1990 emigrirala v Izrael. Tam je študirala pri Arthurju Zissermanu, Yairu Klessu in Ireni Svetlovi na Akademiji za glasbo v Tel Avivu, kasneje pa še pri Benzionu Shamirju v Rotterdamu na Kraljevi akademiji za glasbo, kjer je tudi magistrirala. </span><span title="During her studies at the Academy she won several prizes at the violin and chamber music competitions and took part in the masterclasses of Isaak Stern, Henry Mayer and Zakhar Bron. ">Med študijem na akademiji je prejel več nagrad na tekmovanjih violino in komorno glasbo. Sodeloval je na mojstrskih tečajih z Isaakom Sternom, Henryjem Mayerem in Zakharom Bronom.<br />
</span><span title="As co- founder of the “Aviv” string quartet, Evgenia Epshtein is a winner of the 3rd Melbourn International Chamber music competition ( 1999 Grand Prix and four speсial prizes), Bordaux String quartet competition (2003), Charles Hennen Music competition (1999 Netherlands">Kot soustanovitelj godalnega kvarteta &#8220;Aviv&#8221; je Evgenia Epshtein zmagovalec 3. mednarodnega glasbenega tekmovanja v Melbournu (1999 Grand Prix in štiri speсialne nagrade), Bordeaxu (2003), &#8220;Charles Hennen&#8221; tekmovanja (1999, Nizozemska </span><span title=").">). </span><span title="Other top prizes include “Schubert and Modernity” competition (2003 Graz, Austria, 2nd prize and special Schubert prize) and Prague spring competition (1998 2nd prize).">Drugi nagrade vključujejo &#8220;Schubert in sodobnost&#8221; (2003, Graz, 2. nagrada in posebna Schubertova nagrada) in Praška pomlad (1998, 2. nagrada). </span><span title="As a member of Aviv she also proclaimed as the ” Best young ensemble” by the Culture Ministries of Germany and Israel ( 1999, 2000, 2003, 2008). ">Kot član kvarteta Aviv je razglašena tudi za &#8220;najboljši mladi ansambel&#8221; s strani ministrstva za kulturo Nemčije in Izraela (1999, 2000, 2003, 2008).<br />
</span><span title="As a soloist she performed with Reconsil Sinfoniega Vienna, Bucharest philharmonic orcnestra, Zadar chamber orchestra, Split Symphony Orchestra, Ashdod and Ramat Gan Symphony Orchestra. ">Kot solistka je nastopala z Reconsil Sinfoniega Dunaj, Filharmoničnim orkestrom v Bukarešti, Zadarskim komornim orkestrom, Splitskim simfoničnim orkestrom, Ashdod in Ramat Gan simfoničnima orkestroma.<br />
</span><span title="She held recitals in all major Israeli venues and radio broadcasts.">Na recitalih je nastopila v </span><span title="Stockholm, Paris, Toronto, Ottawa, Guadalajara, Lagos, Vienna, Zagreb, Varaždin, Split, Prague, London. ">Stockholmu, Parizu, Torontu, Ottawi, Guadalajari, Lagosu, Dunaju, Zagrebu, Varaždinu, Splitu, Pragi, Londonu in vseh večjih mestih v Izraelu.<br />
</span><span title="Currently Evgenia Epshtein is a docent of Split academy of Arts, professor of violin and chamber music since 2011. and artistic director of Summer school ” Summer Con Spirito” in Trogir – Croatia and Winter string school ” Winter Con Spirito” in Vinkovci – Croatia. ">Trenutno je Evgenia Epshtein docent na Akademije za glasbo v Splitu, kjer deluje kot profesor violine in komorne glasbe od leta 2011. Je umetniški vodja poletne šole &#8220;Poletje Con Spirito&#8221; v Trogiru na Hrvaškem in zimski godalni šoli &#8220;Winter Con Spirito&#8221; v Vinkovcih na Hrvaškem.<br />
</span><span title="Before she taught as an assistant of violin professor Mr. Benzion Shamir at Rotterdam Royal academy. ">Pred tem je učila kot asistent za violino profesorja Benziona Shamijar v Rotterdam na Kraljevi glasbeni akademiji.<br />
</span><span title="As a violinist and chamber music Evgenia is often giving masterclasses – Isa international summer academy, Prague music academy, ” Keshet eilon” violin course, France, Croatia and others.">Kot violinist in komorni glasbenik je Evgenia pogosto predava mojstrskih tečajih, kot so Isa mednarodna poletna akademija, Praška glasbena akademija, &#8220;Keshet Eilon&#8221; violinski tečaj in drugi.</span></span></div>

<p class="post-excerpt">Evgenia Epshtein se je rodila v Sverdlovsku (zdaj Ekaterinburg) v Rusiji. Violino se je začela učiti pri šestih letih in zaključila srednjo šolo za nadarjene glasbenikev&#8230;</p>
