{"id":2389,"date":"2018-04-01T09:16:24","date_gmt":"2018-04-01T09:16:24","guid":{"rendered":"http:\/\/festivalursus.com\/?page_id=2389"},"modified":"2018-04-01T09:16:24","modified_gmt":"2018-04-01T09:16:24","slug":"marko-zupan-6","status":"publish","type":"page","link":"http:\/\/festivalursus.com\/?page_id=2389&lang=sl","title":{"rendered":"Marko Zupan"},"content":{"rendered":"<p><a href=\"http:\/\/festivalursus.com\/wp-content\/uploads\/2018\/04\/File091.jpg\" target=\"_blank\" rel=\"noopener\"><img decoding=\"async\" loading=\"lazy\" class=\"aligncenter wp-image-2392 size-medium\" src=\"http:\/\/festivalursus.com\/wp-content\/uploads\/2018\/04\/File091-300x200.jpg\" alt=\"\" width=\"300\" height=\"200\" srcset=\"http:\/\/festivalursus.com\/wp-content\/uploads\/2018\/04\/File091-300x200.jpg 300w, http:\/\/festivalursus.com\/wp-content\/uploads\/2018\/04\/File091-768x512.jpg 768w, http:\/\/festivalursus.com\/wp-content\/uploads\/2018\/04\/File091-1024x683.jpg 1024w, http:\/\/festivalursus.com\/wp-content\/uploads\/2018\/04\/File091-1140x760.jpg 1140w, http:\/\/festivalursus.com\/wp-content\/uploads\/2018\/04\/File091-552x368.jpg 552w, http:\/\/festivalursus.com\/wp-content\/uploads\/2018\/04\/File091.jpg 2048w\" sizes=\"(max-width: 300px) 100vw, 300px\" \/><\/a><\/p>\n<p>&nbsp;<\/p>\n<p><span title=\"Flutist Marko Zupan enjoys a diverse international career as a soloist, chamber artist, orchestral player, imoproviser, teacher and arranger. \">Flavtist Marko Zupan ima pestro mednarodno kariero kot solist, komorni partner, orkesterski glasbenik, imoprovizator, aran\u017eer in profesor.<\/span><\/p>\n<p><span title=\"Flutist Marko Zupan enjoys a diverse international career as a soloist, chamber artist, orchestral player, imoproviser, teacher and arranger. \"><br \/>\n<\/span><span title=\"He graduated at the Academy of Music in Ljubljana, Slovenia in the class of prof.\">Diplomiral je na Akademiji za glasbo v Ljubljani v razredu prof.\u00a0<\/span><span title=\"Matej Zupan.\">Mateja Zupana.\u00a0Kasneje<\/span><span title=\"Later he entered the class of Prof. Pierre-Yves Artaud at ENMP \u201cAlfred Cortot\u201d in Paris as well as Conservatoire National de Musique de Cr\u00e9teil \u201cMarcel Dadi\u201d to study with Prof. Georges Alirol.\">\u00a0je\u00a0bil sprejet\u00a0v razred prof. Pierre-Yves Artauda na ENMP \u201cAlfred Cortot\u201d v Parizu, kot tudi na\u00a0Conservatoire National de Musique de Cr\u00e9teilu \u201cMarcel Dadi\u201d pri prof. Georgesu Alirolu.\u00a0<\/span><span title=\"After gaining the Dipl\u00f4me Sup\u00e9rieur d\u2019Enseignement and d\u2019Ex\u00e9cution, he also achieved the Dipl\u00f4me Sup\u00e9rieur de Concertiste de Fl\u00fbte.\">Po pridobitvi solisti\u010dne in pedago\u0161ke\u00a0Dipl\u00f4me Sup\u00e9rieur je dosegel tudi Dipl\u00f4me Sup\u00e9rieur de Concertiste de Fl\u00fbte.\u00a0<\/span><span title=\"Following his time in Paris he perfected his knowledge as a postgraduate student at the \u201cMozarteum\u201d in Salzburg in the class of the celebrated slovenian flutist Irena Grafenauer.\">Po\u00a0\u0161tudiju v Parizu je izpopolnjeval svoje znanje kot podiplomski \u0161tudent na \u00bbMozarteum\u00ab v Salzburgu v razredu uveljavljene\u00a0slovenske flavtistke Irene Grafenauer.\u00a0<\/span><span title=\"Additionally he received important musical impulses at masterclasses with renowned flutists such as Emmanuel Pahud, Peter-Lukas Graf, Michael-Martin Koffler, Felix Renggli and Sophie Cherier.\">Poleg tega je pomembne glasbene impulze prejel\u00a0na mojstrskih te\u010dajih pri priznanih flavtistih, kot so Emmanuel Pahud, Peter-Lukas Graf, Michael-Martin Koffler, Felix Renggli in Sophie Cherier.\u00a0Imel je tudi<\/span><span title=\"Most notably, he had the chance to participate in the last three masterclasses held by the legendary Prof. Aurele Nicolet in Paris, Hvar and Weimar. \">\u00a0prilo\u017enost, da sodeluje\u00a0na zadnjih treh mojstrskih te\u010dajih, ki jih je vodil legendarni prof. Aurele Nicolet v Parizu, Hvar in Weimarju.<br \/>\n<\/span><span title=\"During his studies he became prizewinner of several Slovenian national competitions as well as the International music competitions in Trieste (2000, Italy), Picardie (2004, France), Belgrade (2005, Serbia) and Braunschweig (2011, Germany). \">Med \u0161tudijem je postal nagrajenec ve\u010d slovenskih dr\u017eavnih tekmovanjih kot tudi mednarodnih glasbenih tekmovanj v Trstu (2000, Italija), Picardie (2004, Francija), Beograd (2005, Srbija) in Braunschweig (2011, Nem\u010dija).<br \/>\n<\/span><span title=\"His work as a principal flutist include orchestras such as Berliner Symphoniker, Filharmonia Sudecka, Philharmonisches Orchester des Staatstheaters Cottbus, Evian Festival Orchestra, Mozart Sinfonietta Salzburg, Neues Kammerorchester Potsdam, Philharmonie der Nationen and others. \">Njegovo delo kot solo\u00a0flavtist vklju\u010duje orkestre kot so Berliner Symphoniker, Filharmonia Sudecka, Philharmonisches Orchestre des Staatstheaters Cottbus, Evian Festival Orchestra, Mozart Sinfonietta Salzburgu, Neues Kammerorchester Potsdamu, Philharmonie der Nationen in drugi.<\/span><\/p>\n<p><span title=\"His work as a principal flutist include orchestras such as Berliner Symphoniker, Filharmonia Sudecka, Philharmonisches Orchester des Staatstheaters Cottbus, Evian Festival Orchestra, Mozart Sinfonietta Salzburg, Neues Kammerorchester Potsdam, Philharmonie der Nationen and others. \"><br \/>\n<\/span><span title=\"In 2010 he became Assistant-Professor at the Academy of Music in Split, Croatia.\">Leta 2010 je postal asistent na Akademiji za glasbo v Splitu, Hrva\u0161ka. Tam je opazil\u00a0<\/span><span title=\"Seeing the lack of possibilities for orchestral experience there, he started working on Flute orchestral excerpts arranged for flute quartet, which in 2013 he published with the Svitzer editions in Kopenhagen.\">pomanjkanje mo\u017enosti \u0161tudentov za\u00a0orkestralne izku\u0161nje in\u00a0za\u010del delati\u00a0na priredbah\u00a0flavtisti\u010dnih orkestrskih\u00a0solov\u00a0za kvartet flavt.\u00a0Zbirka je leta 2013\u00a0objavljena\u00a0pri zalo\u017ebi\u00a0Svitzer v Kopenhagnu in je<\/span><span title=\"The book achieved international recognition.\">\u00a0dosegla mednarodno priznanje.\u00a0<\/span><span title=\"As a part of his pedagogical activities, he is also giving masterclasses all over Croatia, Bosnia, Slovenia and also Japan.\">Kot del svojih pedago\u0161kih dejavnosti vodi\u00a0te\u010daje flavte\u00a0po Hrva\u0161ki, Bosni, Sloveniji in tudi na Japonskem.\u00a0<\/span><span title=\"Since 2013 he has regularly taught at the Summer music school in Kastela, Croatia. \">Od leta 2013 redno pou\u010duje na poletni glasbeni \u0161oli v Ka\u0161teli na\u00a0Hrva\u0161kem.<br \/>\n<\/span><span title=\"Both as soloist and chamber musician he has performed at numerous festivals such as: \u201cBr\u00fccken\u201d Festival f\u00fcr Neue Musik in Mecklenburg-Vorpommern, Days of J.S.\">Kot solist in komorni glasbenik je nastopal na \u0161tevilnih festivalih, kot so: \u201cBr\u00fccken\u201d Festival f\u00fcr Neue Musik v zvezni de\u017eeli Mecklenburg-Vorpommern, Dnevi J.S.\u00a0<\/span><span title=\"Bach in Split \u2013 Croatia, Blackheath Series at the Church of the Ascension in London, Escales Musicales Evian, Performing Arts Series in Kansas \u2013 USA, Nacht der Komponisten Salzburg, Festival Neue Musik Randspiele Zepernick and Les Couleurs de l\u2019Europe festival in Algeria.\">Bacha v\u00a0Split\u00a0na Hrva\u0161kem, Blackheath\u00a0festival v Londonu, Escales Musicales Evian,\u00a0Performing Arts\u00a0Series v Kansasu \u2013 ZDA, Nacht der Komponisten v Salzburgu, Festival Neue Musik Randspiele Zepernick in festival Les Couleurs de l\u2019Europe v Al\u017eiriji. P<\/span><span title=\"Especially meaningful was the solo performance of the piece \u201cThis war\u201d by Eun-Ha Park at the 60 Years Hiroshima Peace Concert in Wiener Musikverein. \">omemben je bil nastop solo kopozicije \u201cThis War\u201d, ki ga Eun-Ha Park\u00a0napisala\u00a0za\u00a0ob 60 letnici\u00a0Hiroshima Peace Concert v\u00a0Dunajskem Musikvereinu.<br \/>\n<\/span><span title=\"His frequent concert activities took him all over Europe, the USA, Japan, China, South Korea, Vietnam and Algeria.\">Koncertne dejavnosti ga vodijo\u00a0mu je po vsej Evropi, ZDA, Japonski, Kitajski, Ju\u017eni Koreji, Vietnamu in Al\u017eiriji. I<\/span><span title=\"He had the chance to play in such prestigious venues as the Berlin Philharmonie, Suntory Hall Tokyo, Wiener Musikverein, Konzerthaus Berlin, Slovenian Philharmonie, Gasteig M\u00fcnchen, Hanoi Opera House, Shanghai Oriental Art Center, National Centre of Performing Arts in Beijing and Salerno Opera\">mel prilo\u017enost igrati v tak\u0161nih presti\u017enih prizori\u0161\u010dih kot so Berlinska filharmonija, Suntory Hall Tokio, Wiener Musikverein, Konzerthaus Berlin, Slovenska filharmonija, Gasteig M\u00fcnchen, K\u00f6lnska filharmonija, Hanoi Opera House, Shanghai Oriental Art Center, Nacionalni center za uprizoritvene umetnosti v Pekingu, Salerno Opera in\u00a0<\/span><span title=\"House among others. \">drugje.<br \/>\n<\/span><span title=\"He has published several CDs.\">Objavil je ve\u010d zgo\u0161\u010denk; s<\/span><span title=\"One with Trio Susak (flute, saxophone, piano) and other with flutist Boris Bizjak and pianist Yoko Misumi, presenting music for two flutes and piano, recorded on the London-based Hedone records label.\">\u00a0Triom Susak (flavta, saksofon, klavir), z flavtistom Borisom Bizjakom in pianistko Yoko Misumi z glasbo za dve flavti in klavir posnet za\u00a0londonski Hedone Records.\u00a0Pred kratkim<\/span><span title=\"Currently he recorded a CD of German romantic flute music with his long-standing pianist Minka Popovic-Ganev, as well as a live CD from an improvisation concert with pianist Tina Mauko and accordionist Jure Tori. \">\u00a0je posnel dvojno zgo\u0161\u010denko nem\u0161ke romanti\u010dne glasbe za flavto\u00a0in klavir\u00a0s svojo dolgoletno pianistko Minko Popovi\u0107-Ganev, kot tudi\u00a0zgo\u0161\u010denko v \u017eivo\u00a0s koncerta improvizacije\u00a0z pianistko Tino Mauko in harmonikarjem Juretom Torijem.<br \/>\n<\/span><span title=\"Working toward expanding the flute repertoire, he is not only premiering numerous compositions, most notably from the younger generation of Slovenian composers, but also transcribing and arranging classical pieces from other instruments for flute. \">V \u017eelji po \u0161irjenju\u00a0repertoar za flavto je premierno izvedel\u00a0\u0161tevilne skladbe predvsem mlaj\u0161e generacije slovenskih skladateljev, ukvarja pa se tudi z aran\u017eiranjem klasi\u010dnih kompozicij drugih in\u0161trumentov za flavto.<br \/>\n<\/span><span title=\"He was a member of the jury at the 1st Croatia International Flute Competition and is founder and artistic director of the International Music Festival \u201cUrsus\u201d in Slovenia.\">Bil je \u010dlan \u017eirije na 1.\u00a0mednarodnem tekmovanju za\u00a0flavto\u00a0 Croatia in je ustanovitelj ter umetni\u0161ki vodja Mednarodnega glasbenega festivala \u201cUrsus\u201d v Sloveniji.<\/span><\/p>\n","protected":false},"excerpt":{"rendered":"<p class=\"post-excerpt\">&nbsp; Flavtist Marko Zupan ima pestro mednarodno kariero kot solist, komorni partner, orkesterski glasbenik, imoprovizator, aran\u017eer in profesor. Diplomiral je&#8230;<\/p>\n","protected":false},"author":1,"featured_media":0,"parent":0,"menu_order":0,"comment_status":"closed","ping_status":"closed","template":"","meta":[],"_links":{"self":[{"href":"http:\/\/festivalursus.com\/index.php?rest_route=\/wp\/v2\/pages\/2389"}],"collection":[{"href":"http:\/\/festivalursus.com\/index.php?rest_route=\/wp\/v2\/pages"}],"about":[{"href":"http:\/\/festivalursus.com\/index.php?rest_route=\/wp\/v2\/types\/page"}],"author":[{"embeddable":true,"href":"http:\/\/festivalursus.com\/index.php?rest_route=\/wp\/v2\/users\/1"}],"replies":[{"embeddable":true,"href":"http:\/\/festivalursus.com\/index.php?rest_route=%2Fwp%2Fv2%2Fcomments&post=2389"}],"version-history":[{"count":2,"href":"http:\/\/festivalursus.com\/index.php?rest_route=\/wp\/v2\/pages\/2389\/revisions"}],"predecessor-version":[{"id":2393,"href":"http:\/\/festivalursus.com\/index.php?rest_route=\/wp\/v2\/pages\/2389\/revisions\/2393"}],"wp:attachment":[{"href":"http:\/\/festivalursus.com\/index.php?rest_route=%2Fwp%2Fv2%2Fmedia&parent=2389"}],"curies":[{"name":"wp","href":"https:\/\/api.w.org\/{rel}","templated":true}]}}