{"id":2553,"date":"2018-09-29T13:34:30","date_gmt":"2018-09-29T13:34:30","guid":{"rendered":"http:\/\/festivalursus.com\/?page_id=2553"},"modified":"2018-09-29T13:40:15","modified_gmt":"2018-09-29T13:40:15","slug":"2553-2","status":"publish","type":"page","link":"http:\/\/festivalursus.com\/?page_id=2553&lang=sl","title":{"rendered":"V. &#8220;Ursus&#8221; 2018"},"content":{"rendered":"<p><img decoding=\"async\" loading=\"lazy\" class=\"aligncenter wp-image-2234 size-large\" src=\"http:\/\/festivalursus.com\/wp-content\/uploads\/2016\/05\/20180330_181136_0001-1-1024x814.png\" alt=\"\" width=\"700\" height=\"556\" srcset=\"http:\/\/festivalursus.com\/wp-content\/uploads\/2016\/05\/20180330_181136_0001-1-1024x814.png 1024w, http:\/\/festivalursus.com\/wp-content\/uploads\/2016\/05\/20180330_181136_0001-1-300x238.png 300w, http:\/\/festivalursus.com\/wp-content\/uploads\/2016\/05\/20180330_181136_0001-1-768x610.png 768w, http:\/\/festivalursus.com\/wp-content\/uploads\/2016\/05\/20180330_181136_0001-1-1140x906.png 1140w, http:\/\/festivalursus.com\/wp-content\/uploads\/2016\/05\/20180330_181136_0001-1-552x439.png 552w, http:\/\/festivalursus.com\/wp-content\/uploads\/2016\/05\/20180330_181136_0001-1.png 1510w\" sizes=\"(max-width: 700px) 100vw, 700px\" \/><\/p>\n<p style=\"text-align: right;\">&#8220;Glasba je najmo\u010dnej\u0161a oblika magije&#8221;<\/p>\n<p style=\"text-align: right;\">&#8211; Marilyn Manson<\/p>\n<p>&nbsp;<\/p>\n<p>Peti jubilejni &#8220;Ursus&#8221; nam bo postregel z zelo raznovrstnim programom.<\/p>\n<p>Kot prvi koncert tokratnega festivala bo v petek, 20.julija 2018, na sporedu\u00a0<a href=\"http:\/\/festivalursus.com\/?page_id=2382&amp;lang=sl\" target=\"_blank\" rel=\"noopener\">sLOVEnski Impro.<\/a>\u00a0Glasbeniki so prvi\u010d spontano skupaj zaigrali ravno na &#8220;koncertnem&#8221; skednju doma\u010dije Medved. Bilo je sredi no\u010di in presko\u010dila je iskrica (glasbena&#8230;kajenje prepovedano!).<\/p>\n<p>Na drugem koncertu\u00a0<a href=\"http:\/\/festivalursus.com\/?page_id=2377&amp;lang=sl\" target=\"_blank\" rel=\"noopener\">Simfonija Remix<\/a>, ki bo v petek, 10.avgusta 2018, bomo verjetno prvi\u010d v teh krajih sli\u0161ali Mozartovo &#8220;Pra\u0161ko&#8221; in Beethovnovo 1.simfonijo. Zahvala gre predvsem njunemu sodobniku Johannu Nepomuku Hummlu, ki je simfoniji priredil za komorno zasedbo.<\/p>\n<p><a href=\"http:\/\/festivalursus.com\/?page_id=2372&amp;lang=sl\" target=\"_blank\" rel=\"noopener\">Rusi\u042f<\/a>\u00a0&#8211; zadnji koncert V. Mednarodnega glasbenega festivala &#8220;Ursus&#8221; pa nas bo ovil v zvoke romanti\u010dne Rusije devetnajstega stoletja. Na svoj ra\u010dun bodo pri\u0161li ljubitelji pihalnih in\u0161trumentov in klavirja. Koncert se bo odvil v petek, 17.avgusta 2018.<\/p>\n<p>&nbsp;<\/p>\n<h3 style=\"text-align: center;\">Vljudno vabljeni !<\/h3>\n<p>&nbsp;<\/p>\n<p>Marko Zupan,<\/p>\n<p>umetni\u0161ki vodja Mednarodnega glasbenega festivala &#8220;Ursus&#8221;<\/p>\n","protected":false},"excerpt":{"rendered":"<p class=\"post-excerpt\">&#8220;Glasba je najmo\u010dnej\u0161a oblika magije&#8221; &#8211; Marilyn Manson &nbsp; Peti jubilejni &#8220;Ursus&#8221; nam bo postregel z zelo raznovrstnim programom. Kot&#8230;<\/p>\n","protected":false},"author":1,"featured_media":0,"parent":0,"menu_order":0,"comment_status":"closed","ping_status":"closed","template":"","meta":[],"_links":{"self":[{"href":"http:\/\/festivalursus.com\/index.php?rest_route=\/wp\/v2\/pages\/2553"}],"collection":[{"href":"http:\/\/festivalursus.com\/index.php?rest_route=\/wp\/v2\/pages"}],"about":[{"href":"http:\/\/festivalursus.com\/index.php?rest_route=\/wp\/v2\/types\/page"}],"author":[{"embeddable":true,"href":"http:\/\/festivalursus.com\/index.php?rest_route=\/wp\/v2\/users\/1"}],"replies":[{"embeddable":true,"href":"http:\/\/festivalursus.com\/index.php?rest_route=%2Fwp%2Fv2%2Fcomments&post=2553"}],"version-history":[{"count":2,"href":"http:\/\/festivalursus.com\/index.php?rest_route=\/wp\/v2\/pages\/2553\/revisions"}],"predecessor-version":[{"id":2557,"href":"http:\/\/festivalursus.com\/index.php?rest_route=\/wp\/v2\/pages\/2553\/revisions\/2557"}],"wp:attachment":[{"href":"http:\/\/festivalursus.com\/index.php?rest_route=%2Fwp%2Fv2%2Fmedia&parent=2553"}],"curies":[{"name":"wp","href":"https:\/\/api.w.org\/{rel}","templated":true}]}}

<p><img decoding="async" loading="lazy" class="aligncenter wp-image-2234 size-large" src="http://festivalursus.com/wp-content/uploads/2016/05/20180330_181136_0001-1-1024x814.png" alt="" width="700" height="556" srcset="http://festivalursus.com/wp-content/uploads/2016/05/20180330_181136_0001-1-1024x814.png 1024w, http://festivalursus.com/wp-content/uploads/2016/05/20180330_181136_0001-1-300x238.png 300w, http://festivalursus.com/wp-content/uploads/2016/05/20180330_181136_0001-1-768x610.png 768w, http://festivalursus.com/wp-content/uploads/2016/05/20180330_181136_0001-1-1140x906.png 1140w, http://festivalursus.com/wp-content/uploads/2016/05/20180330_181136_0001-1-552x439.png 552w, http://festivalursus.com/wp-content/uploads/2016/05/20180330_181136_0001-1.png 1510w" sizes="(max-width: 700px) 100vw, 700px" /></p>
<p style="text-align: right;">&#8220;Glasba je najmočnejša oblika magije&#8221;</p>
<p style="text-align: right;">&#8211; Marilyn Manson</p>
<p>&nbsp;</p>
<p>Peti jubilejni &#8220;Ursus&#8221; nam bo postregel z zelo raznovrstnim programom.</p>
<p>Kot prvi koncert tokratnega festivala bo v petek, 20.julija 2018, na sporedu <a href="http://festivalursus.com/?page_id=2382&amp;lang=sl" target="_blank" rel="noopener">sLOVEnski Impro.</a> Glasbeniki so prvič spontano skupaj zaigrali ravno na &#8220;koncertnem&#8221; skednju domačije Medved. Bilo je sredi noči in preskočila je iskrica (glasbena&#8230;kajenje prepovedano!).</p>
<p>Na drugem koncertu <a href="http://festivalursus.com/?page_id=2377&amp;lang=sl" target="_blank" rel="noopener">Simfonija Remix</a>, ki bo v petek, 10.avgusta 2018, bomo verjetno prvič v teh krajih slišali Mozartovo &#8220;Praško&#8221; in Beethovnovo 1.simfonijo. Zahvala gre predvsem njunemu sodobniku Johannu Nepomuku Hummlu, ki je simfoniji priredil za komorno zasedbo.</p>
<p><a href="http://festivalursus.com/?page_id=2372&amp;lang=sl" target="_blank" rel="noopener">RusiЯ</a> &#8211; zadnji koncert V. Mednarodnega glasbenega festivala &#8220;Ursus&#8221; pa nas bo ovil v zvoke romantične Rusije devetnajstega stoletja. Na svoj račun bodo prišli ljubitelji pihalnih inštrumentov in klavirja. Koncert se bo odvil v petek, 17.avgusta 2018.</p>
<p>&nbsp;</p>
<h3 style="text-align: center;">Vljudno vabljeni !</h3>
<p>&nbsp;</p>
<p>Marko Zupan,</p>
<p>umetniški vodja Mednarodnega glasbenega festivala &#8220;Ursus&#8221;</p>

<p class="post-excerpt">&#8220;Glasba je najmočnejša oblika magije&#8221; &#8211; Marilyn Manson &nbsp; Peti jubilejni &#8220;Ursus&#8221; nam bo postregel z zelo raznovrstnim programom. Kot&#8230;</p>
