{"id":2612,"date":"2019-01-24T22:37:45","date_gmt":"2019-01-24T22:37:45","guid":{"rendered":"http:\/\/festivalursus.com\/?page_id=2612"},"modified":"2019-01-24T22:51:19","modified_gmt":"2019-01-24T22:51:19","slug":"piero-malkoc-slo","status":"publish","type":"page","link":"http:\/\/festivalursus.com\/?page_id=2612&lang=sl","title":{"rendered":"Piero Malko\u010d"},"content":{"rendered":"<p><a href=\"http:\/\/festivalursus.com\/wp-content\/uploads\/2019\/01\/Optimized-VE\u010cER_FRANCUSKOG_JAZZA_BW-7.jpg\" target=\"_blank\" rel=\"noopener\"><img decoding=\"async\" loading=\"lazy\" class=\"aligncenter wp-image-2642 size-medium\" src=\"http:\/\/festivalursus.com\/wp-content\/uploads\/2019\/01\/Optimized-VE\u010cER_FRANCUSKOG_JAZZA_BW-7-200x300.jpg\" alt=\"\" width=\"200\" height=\"300\" srcset=\"http:\/\/festivalursus.com\/wp-content\/uploads\/2019\/01\/Optimized-VE\u010cER_FRANCUSKOG_JAZZA_BW-7-200x300.jpg 200w, http:\/\/festivalursus.com\/wp-content\/uploads\/2019\/01\/Optimized-VE\u010cER_FRANCUSKOG_JAZZA_BW-7-552x827.jpg 552w, http:\/\/festivalursus.com\/wp-content\/uploads\/2019\/01\/Optimized-VE\u010cER_FRANCUSKOG_JAZZA_BW-7.jpg 601w\" sizes=\"(max-width: 200px) 100vw, 200px\" \/><\/a><\/p>\n<p style=\"text-align: center;\">Piero Malko\u010d je rojen v Ljubljani leta 1980. Kot pianist je kon\u010dal Srednjo glasbeno \u0161olo v Ljubljani. \u0160tudij je nadaljeval kot kontrabasist in diplomiral v razredu prof. Zorana Markovi\u0107a na Akademiji za glasbo v Ljubljani. V \u010dasu \u0161tudija je bil \u010dlan ansambla za moderno glasbo in sodeloval tudi z \u0161tevilnimi mednarodnimi orkestri pod okriljem Jeunesses Musicales International. Kot solist se leta 2002 predstavil z praizvedbo kompozicije Arhetipi za solo kontrabas in orkester skladateljce Brine Zupan\u010di\u010d. Leta 2006 je postal \u010dlan Slovenske Filharmonije in po jo dveh letih zapustil ter od\u0161el v orkester Mariborske opere. Sodeloval je tudi s Slovenskim Narodnim gledali\u0161\u010dem v predstavi Kabaret in z Ljubljansko Dramo v predstavi Ana Karenjina. Z glasbenim kolektivom Paramundus je sodeloval v komornih operah Novi \u010cevlji in Mnemosyne, s katero so zmagali na tednih slovenske drame leta 2007. Bil je \u010dlan komornih orkestrov: Solisti Piranesi, Gaudeamus ,&#8230; Med drugim je tudi soustanovitelj komornega orkestra Adrianis. Ve\u010dkrat se je predstavil v razli\u010dnih komornih zasedbah ter je bil \u010dlan kvinteta Forellius in kvinteta Funtango s katerim je desetletja navdu\u0161eval in koncertiral na slovenskih in tujih odrih. Leta 2010 je postal solo kontrabasist orkestra HNK v Splitu in profesor na glasbeni \u0161oli Josipa Hatzea.<\/p>\n","protected":false},"excerpt":{"rendered":"<p class=\"post-excerpt\">Piero Malko\u010d je rojen v Ljubljani leta 1980. Kot pianist je kon\u010dal Srednjo glasbeno \u0161olo v Ljubljani. \u0160tudij je nadaljeval&#8230;<\/p>\n","protected":false},"author":1,"featured_media":0,"parent":0,"menu_order":0,"comment_status":"closed","ping_status":"closed","template":"","meta":[],"_links":{"self":[{"href":"http:\/\/festivalursus.com\/index.php?rest_route=\/wp\/v2\/pages\/2612"}],"collection":[{"href":"http:\/\/festivalursus.com\/index.php?rest_route=\/wp\/v2\/pages"}],"about":[{"href":"http:\/\/festivalursus.com\/index.php?rest_route=\/wp\/v2\/types\/page"}],"author":[{"embeddable":true,"href":"http:\/\/festivalursus.com\/index.php?rest_route=\/wp\/v2\/users\/1"}],"replies":[{"embeddable":true,"href":"http:\/\/festivalursus.com\/index.php?rest_route=%2Fwp%2Fv2%2Fcomments&post=2612"}],"version-history":[{"count":4,"href":"http:\/\/festivalursus.com\/index.php?rest_route=\/wp\/v2\/pages\/2612\/revisions"}],"predecessor-version":[{"id":2786,"href":"http:\/\/festivalursus.com\/index.php?rest_route=\/wp\/v2\/pages\/2612\/revisions\/2786"}],"wp:attachment":[{"href":"http:\/\/festivalursus.com\/index.php?rest_route=%2Fwp%2Fv2%2Fmedia&parent=2612"}],"curies":[{"name":"wp","href":"https:\/\/api.w.org\/{rel}","templated":true}]}}

Piero Malkoč

<p><a href="http://festivalursus.com/wp-content/uploads/2019/01/Optimized-VEČER_FRANCUSKOG_JAZZA_BW-7.jpg" target="_blank" rel="noopener"><img decoding="async" loading="lazy" class="aligncenter wp-image-2642 size-medium" src="http://festivalursus.com/wp-content/uploads/2019/01/Optimized-VEČER_FRANCUSKOG_JAZZA_BW-7-200x300.jpg" alt="" width="200" height="300" srcset="http://festivalursus.com/wp-content/uploads/2019/01/Optimized-VEČER_FRANCUSKOG_JAZZA_BW-7-200x300.jpg 200w, http://festivalursus.com/wp-content/uploads/2019/01/Optimized-VEČER_FRANCUSKOG_JAZZA_BW-7-552x827.jpg 552w, http://festivalursus.com/wp-content/uploads/2019/01/Optimized-VEČER_FRANCUSKOG_JAZZA_BW-7.jpg 601w" sizes="(max-width: 200px) 100vw, 200px" /></a></p>
<p style="text-align: center;">Piero Malkoč je rojen v Ljubljani leta 1980. Kot pianist je končal Srednjo glasbeno šolo v Ljubljani. Študij je nadaljeval kot kontrabasist in diplomiral v razredu prof. Zorana Markovića na Akademiji za glasbo v Ljubljani. V času študija je bil član ansambla za moderno glasbo in sodeloval tudi z številnimi mednarodnimi orkestri pod okriljem Jeunesses Musicales International. Kot solist se leta 2002 predstavil z praizvedbo kompozicije Arhetipi za solo kontrabas in orkester skladateljce Brine Zupančič. Leta 2006 je postal član Slovenske Filharmonije in po jo dveh letih zapustil ter odšel v orkester Mariborske opere. Sodeloval je tudi s Slovenskim Narodnim gledališčem v predstavi Kabaret in z Ljubljansko Dramo v predstavi Ana Karenjina. Z glasbenim kolektivom Paramundus je sodeloval v komornih operah Novi Čevlji in Mnemosyne, s katero so zmagali na tednih slovenske drame leta 2007. Bil je član komornih orkestrov: Solisti Piranesi, Gaudeamus ,&#8230; Med drugim je tudi soustanovitelj komornega orkestra Adrianis. Večkrat se je predstavil v različnih komornih zasedbah ter je bil član kvinteta Forellius in kvinteta Funtango s katerim je desetletja navduševal in koncertiral na slovenskih in tujih odrih. Leta 2010 je postal solo kontrabasist orkestra HNK v Splitu in profesor na glasbeni šoli Josipa Hatzea.</p>

<p class="post-excerpt">Piero Malkoč je rojen v Ljubljani leta 1980. Kot pianist je končal Srednjo glasbeno šolo v Ljubljani. Študij je nadaljeval&#8230;</p>
