{"id":2619,"date":"2019-01-24T22:38:13","date_gmt":"2019-01-24T22:38:13","guid":{"rendered":"http:\/\/festivalursus.com\/?page_id=2619"},"modified":"2021-06-22T08:46:17","modified_gmt":"2021-06-22T08:46:17","slug":"goran-cetinic-koca-slo","status":"publish","type":"page","link":"http:\/\/festivalursus.com\/?page_id=2619&lang=sl","title":{"rendered":"Goran Cetini\u0107 Ko\u0107a"},"content":{"rendered":"\r\n<div class=\"wp-block-image\" style=\"text-align: center;\"><a href=\"http:\/\/festivalursus.com\/wp-content\/uploads\/2019\/01\/Optimized-VE\u010cER_FRANCUSKOG_JAZZA_BW-1.jpg\" target=\"_blank\" rel=\"noreferrer noopener\"><img decoding=\"async\" loading=\"lazy\" class=\"aligncenter wp-image-2645\" src=\"http:\/\/festivalursus.com\/wp-content\/uploads\/2019\/01\/Optimized-VE\u010cER_FRANCUSKOG_JAZZA_BW-1.jpg\" alt=\"\" width=\"301\" height=\"450\" srcset=\"http:\/\/festivalursus.com\/wp-content\/uploads\/2019\/01\/Optimized-VE\u010cER_FRANCUSKOG_JAZZA_BW-1.jpg 601w, http:\/\/festivalursus.com\/wp-content\/uploads\/2019\/01\/Optimized-VE\u010cER_FRANCUSKOG_JAZZA_BW-1-200x300.jpg 200w, http:\/\/festivalursus.com\/wp-content\/uploads\/2019\/01\/Optimized-VE\u010cER_FRANCUSKOG_JAZZA_BW-1-552x827.jpg 552w\" sizes=\"(max-width: 301px) 100vw, 301px\" \/><\/a><br \/><br \/>Goran Cetini\u0107 &#8211; Ko\u0107a se je rodil v Splitu, kjer je pri 11 letih za\u010del igrati kitaro. Samouk je bil do 22. leta, ko je za\u010del pouk klasi\u010dne kitare. Od leta 2001 nastopa v razli\u010dnih blues in jazz skupinah. Sodeloval je z mnogimi znanimi hrva\u0161kimi glasbeniki, imel je \u0161tevilne koncerte in nastopal na razli\u010dnih blues \/ jazz \/ etno festivalih. Redno nastopa na najpomembnej\u0161ih hrva\u0161kih blues in jazz festivalih, ki se oddajajo na Hrva\u0161kem dr\u017eavnem radiju in televiziji. <br \/>Leta 2010 je za\u010del \u0161tudirati klasi\u010dno kitaro na Akademiji umetnosti v Splitu, kjer je diplomiral v razredu prof. Gorana Liste\u0161a. <br \/>Od ustanovitve je \u010dlan splitskega kvarteta kitar, blues skupine Otprilike Ovako in jazz skupine \u0160porkestar.<\/div>\r\n","protected":false},"excerpt":{"rendered":"","protected":false},"author":1,"featured_media":0,"parent":0,"menu_order":0,"comment_status":"closed","ping_status":"closed","template":"","meta":[],"_links":{"self":[{"href":"http:\/\/festivalursus.com\/index.php?rest_route=\/wp\/v2\/pages\/2619"}],"collection":[{"href":"http:\/\/festivalursus.com\/index.php?rest_route=\/wp\/v2\/pages"}],"about":[{"href":"http:\/\/festivalursus.com\/index.php?rest_route=\/wp\/v2\/types\/page"}],"author":[{"embeddable":true,"href":"http:\/\/festivalursus.com\/index.php?rest_route=\/wp\/v2\/users\/1"}],"replies":[{"embeddable":true,"href":"http:\/\/festivalursus.com\/index.php?rest_route=%2Fwp%2Fv2%2Fcomments&post=2619"}],"version-history":[{"count":11,"href":"http:\/\/festivalursus.com\/index.php?rest_route=\/wp\/v2\/pages\/2619\/revisions"}],"predecessor-version":[{"id":3337,"href":"http:\/\/festivalursus.com\/index.php?rest_route=\/wp\/v2\/pages\/2619\/revisions\/3337"}],"wp:attachment":[{"href":"http:\/\/festivalursus.com\/index.php?rest_route=%2Fwp%2Fv2%2Fmedia&parent=2619"}],"curies":[{"name":"wp","href":"https:\/\/api.w.org\/{rel}","templated":true}]}}

Goran Cetinić Koća

<div class="wp-block-image" style="text-align: center;"><a href="http://festivalursus.com/wp-content/uploads/2019/01/Optimized-VEČER_FRANCUSKOG_JAZZA_BW-1.jpg" target="_blank" rel="noreferrer noopener"><img decoding="async" loading="lazy" class="aligncenter wp-image-2645" src="http://festivalursus.com/wp-content/uploads/2019/01/Optimized-VEČER_FRANCUSKOG_JAZZA_BW-1.jpg" alt="" width="301" height="450" srcset="http://festivalursus.com/wp-content/uploads/2019/01/Optimized-VEČER_FRANCUSKOG_JAZZA_BW-1.jpg 601w, http://festivalursus.com/wp-content/uploads/2019/01/Optimized-VEČER_FRANCUSKOG_JAZZA_BW-1-200x300.jpg 200w, http://festivalursus.com/wp-content/uploads/2019/01/Optimized-VEČER_FRANCUSKOG_JAZZA_BW-1-552x827.jpg 552w" sizes="(max-width: 301px) 100vw, 301px" /></a><br /><br />Goran Cetinić &#8211; Koća se je rodil v Splitu, kjer je pri 11 letih začel igrati kitaro. Samouk je bil do 22. leta, ko je začel pouk klasične kitare. Od leta 2001 nastopa v različnih blues in jazz skupinah. Sodeloval je z mnogimi znanimi hrvaškimi glasbeniki, imel je številne koncerte in nastopal na različnih blues / jazz / etno festivalih. Redno nastopa na najpomembnejših hrvaških blues in jazz festivalih, ki se oddajajo na Hrvaškem državnem radiju in televiziji. <br />Leta 2010 je začel študirati klasično kitaro na Akademiji umetnosti v Splitu, kjer je diplomiral v razredu prof. Gorana Listeša. <br />Od ustanovitve je član splitskega kvarteta kitar, blues skupine Otprilike Ovako in jazz skupine Šporkestar.</div>
