{"id":2657,"date":"2019-01-24T22:39:13","date_gmt":"2019-01-24T22:39:13","guid":{"rendered":"http:\/\/festivalursus.com\/?page_id=2657"},"modified":"2021-06-22T08:54:35","modified_gmt":"2021-06-22T08:54:35","slug":"tonci-tranfic-en","status":"publish","type":"page","link":"http:\/\/festivalursus.com\/?page_id=2657&lang=en","title":{"rendered":"Ton\u010di Tranfi\u0107"},"content":{"rendered":"\r\n<div class=\"wp-block-image\" style=\"text-align: center;\"><a href=\"http:\/\/festivalursus.com\/wp-content\/uploads\/2019\/01\/Optimized-VE\u010cER_FRANCUSKOG_JAZZA_BW-48.jpg\" target=\"_blank\" rel=\"noreferrer noopener\"><img decoding=\"async\" loading=\"lazy\" class=\"wp-image-2634 aligncenter\" src=\"http:\/\/festivalursus.com\/wp-content\/uploads\/2019\/01\/Optimized-VE\u010cER_FRANCUSKOG_JAZZA_BW-48.jpg\" alt=\"\" width=\"301\" height=\"450\" srcset=\"http:\/\/festivalursus.com\/wp-content\/uploads\/2019\/01\/Optimized-VE\u010cER_FRANCUSKOG_JAZZA_BW-48.jpg 601w, http:\/\/festivalursus.com\/wp-content\/uploads\/2019\/01\/Optimized-VE\u010cER_FRANCUSKOG_JAZZA_BW-48-200x300.jpg 200w, http:\/\/festivalursus.com\/wp-content\/uploads\/2019\/01\/Optimized-VE\u010cER_FRANCUSKOG_JAZZA_BW-48-552x827.jpg 552w\" sizes=\"(max-width: 301px) 100vw, 301px\" \/><\/a><br \/>Ton\u010di Tranfi\u0107 was born in 1987 in Split. He finished primary and secondary music education with prof. Najda \u010capalja at the Josip Hatze Music School in Split. In 2004 he enrolled in the Music Academy in Zagreb in the class of Professor Djordje Stanettia. While studying he performed at numerous concerts and achieves high scores in over 20 competitions in the categories piano, piano duo, solfeggio &#8230;<\/div>\r\n<div class=\"wp-block-image\" style=\"text-align: center;\">The most notable results are the 1st prize at the 1999 and 2001 national competitions and after the first place won in he received an invitation for a performance at the concert &#8220;In memoriam Darko Lukic&#8221; in Osijek, following 1st prize at the international competition &#8220;Zlatko Grgo\u0161evi\u0107&#8221; in 2000 and 2nd prize at the same competition in 2002. In the same year he won the 2nd prize at the international competition &#8220;Etudes and Scales&#8221;. At the national Solfeggio competition he won two 2nd prizes in 2003 and 2005. He perfected his music education at numerous seminars with renowned world pedagogues, such as Arbo Valdma, \u0110uro Tikvica, Vladimir Krpan and others.<\/div>\r\n<div class=\"wp-block-image\" style=\"text-align: center;\">In 2009 he graduated with excellent marks In the same year he was employed as a piano professor at Josip Hatze&#8217;s Music School in Split, and as a accompanist-artistic collaborator at the Music Academy in Split.<\/div>\r\n<div class=\"wp-block-image\" style=\"text-align: center;\">In 2015, at the String Festival in Sremska Mitrovica, Serbia, he won the award for the best piano collaborator of the festival. In the same year he performed as a soloist with the orchestra of the Croatian National Theater Split in the cycle of New Year&#8217;s concerts.<\/div>\r\n<div style=\"text-align: center;\">Tranfi\u0107 is artistical leader of dalmatiam klapa Cambi and klapa Elektrodalmacija.<\/div>\r\n","protected":false},"excerpt":{"rendered":"","protected":false},"author":1,"featured_media":0,"parent":0,"menu_order":0,"comment_status":"closed","ping_status":"closed","template":"","meta":[],"_links":{"self":[{"href":"http:\/\/festivalursus.com\/index.php?rest_route=\/wp\/v2\/pages\/2657"}],"collection":[{"href":"http:\/\/festivalursus.com\/index.php?rest_route=\/wp\/v2\/pages"}],"about":[{"href":"http:\/\/festivalursus.com\/index.php?rest_route=\/wp\/v2\/types\/page"}],"author":[{"embeddable":true,"href":"http:\/\/festivalursus.com\/index.php?rest_route=\/wp\/v2\/users\/1"}],"replies":[{"embeddable":true,"href":"http:\/\/festivalursus.com\/index.php?rest_route=%2Fwp%2Fv2%2Fcomments&post=2657"}],"version-history":[{"count":10,"href":"http:\/\/festivalursus.com\/index.php?rest_route=\/wp\/v2\/pages\/2657\/revisions"}],"predecessor-version":[{"id":3354,"href":"http:\/\/festivalursus.com\/index.php?rest_route=\/wp\/v2\/pages\/2657\/revisions\/3354"}],"wp:attachment":[{"href":"http:\/\/festivalursus.com\/index.php?rest_route=%2Fwp%2Fv2%2Fmedia&parent=2657"}],"curies":[{"name":"wp","href":"https:\/\/api.w.org\/{rel}","templated":true}]}}

Tonči Tranfić

<div class="wp-block-image" style="text-align: center;"><a href="http://festivalursus.com/wp-content/uploads/2019/01/Optimized-VEČER_FRANCUSKOG_JAZZA_BW-48.jpg" target="_blank" rel="noreferrer noopener"><img decoding="async" loading="lazy" class="wp-image-2634 aligncenter" src="http://festivalursus.com/wp-content/uploads/2019/01/Optimized-VEČER_FRANCUSKOG_JAZZA_BW-48.jpg" alt="" width="301" height="450" srcset="http://festivalursus.com/wp-content/uploads/2019/01/Optimized-VEČER_FRANCUSKOG_JAZZA_BW-48.jpg 601w, http://festivalursus.com/wp-content/uploads/2019/01/Optimized-VEČER_FRANCUSKOG_JAZZA_BW-48-200x300.jpg 200w, http://festivalursus.com/wp-content/uploads/2019/01/Optimized-VEČER_FRANCUSKOG_JAZZA_BW-48-552x827.jpg 552w" sizes="(max-width: 301px) 100vw, 301px" /></a><br />Tonči Tranfić was born in 1987 in Split. He finished primary and secondary music education with prof. Najda Čapalja at the Josip Hatze Music School in Split. In 2004 he enrolled in the Music Academy in Zagreb in the class of Professor Djordje Stanettia. While studying he performed at numerous concerts and achieves high scores in over 20 competitions in the categories piano, piano duo, solfeggio &#8230;</div>
<div class="wp-block-image" style="text-align: center;">The most notable results are the 1st prize at the 1999 and 2001 national competitions and after the first place won in he received an invitation for a performance at the concert &#8220;In memoriam Darko Lukic&#8221; in Osijek, following 1st prize at the international competition &#8220;Zlatko Grgošević&#8221; in 2000 and 2nd prize at the same competition in 2002. In the same year he won the 2nd prize at the international competition &#8220;Etudes and Scales&#8221;. At the national Solfeggio competition he won two 2nd prizes in 2003 and 2005. He perfected his music education at numerous seminars with renowned world pedagogues, such as Arbo Valdma, Đuro Tikvica, Vladimir Krpan and others.</div>
<div class="wp-block-image" style="text-align: center;">In 2009 he graduated with excellent marks In the same year he was employed as a piano professor at Josip Hatze&#8217;s Music School in Split, and as a accompanist-artistic collaborator at the Music Academy in Split.</div>
<div class="wp-block-image" style="text-align: center;">In 2015, at the String Festival in Sremska Mitrovica, Serbia, he won the award for the best piano collaborator of the festival. In the same year he performed as a soloist with the orchestra of the Croatian National Theater Split in the cycle of New Year&#8217;s concerts.</div>
<div style="text-align: center;">Tranfić is artistical leader of dalmatiam klapa Cambi and klapa Elektrodalmacija.</div>
