{"id":2659,"date":"2019-01-24T22:39:17","date_gmt":"2019-01-24T22:39:17","guid":{"rendered":"http:\/\/festivalursus.com\/?page_id=2659"},"modified":"2021-06-22T08:53:26","modified_gmt":"2021-06-22T08:53:26","slug":"tonci-tranfic-slo","status":"publish","type":"page","link":"http:\/\/festivalursus.com\/?page_id=2659&lang=sl","title":{"rendered":"Ton\u010di Tranfi\u0107"},"content":{"rendered":"\r\n<div class=\"wp-block-image\" style=\"text-align: center;\"><a href=\"http:\/\/festivalursus.com\/wp-content\/uploads\/2019\/01\/Optimized-VE\u010cER_FRANCUSKOG_JAZZA_BW-48.jpg\" target=\"_blank\" rel=\"noreferrer noopener\"><img decoding=\"async\" loading=\"lazy\" class=\"wp-image-2640 aligncenter\" src=\"http:\/\/festivalursus.com\/wp-content\/uploads\/2019\/01\/Optimized-VE\u010cER_FRANCUSKOG_JAZZA_BW-48.jpg\" alt=\"\" width=\"301\" height=\"450\" srcset=\"http:\/\/festivalursus.com\/wp-content\/uploads\/2019\/01\/Optimized-VE\u010cER_FRANCUSKOG_JAZZA_BW-48.jpg 601w, http:\/\/festivalursus.com\/wp-content\/uploads\/2019\/01\/Optimized-VE\u010cER_FRANCUSKOG_JAZZA_BW-48-200x300.jpg 200w, http:\/\/festivalursus.com\/wp-content\/uploads\/2019\/01\/Optimized-VE\u010cER_FRANCUSKOG_JAZZA_BW-48-552x827.jpg 552w\" sizes=\"(max-width: 301px) 100vw, 301px\" \/><\/a><\/div>\r\n<div class=\"wp-block-image\" style=\"text-align: center;\"><br \/>Ton\u010di Tranfi\u0107 se je rodil leta 1987 v Splitu. Osnovno in srednjo glasbeno \u0161olo je kon\u010dal pri prof. Najdi \u010capalija v G\u0160 Josip Hatze v Splitu. Leta 2004 se je vpisal na Akademijo za glasbo v Zagrebu v razredu prof. Djordja Stanettie. Med je nastopal na \u0161tevilnih koncertih in dosegal visoke ocene na ve\u010d kot 20 tekmovanjih v kategorijah klavir, klavirski duo, solfeggio \u2026<\/div>\r\n<div class=\"wp-block-image\" style=\"text-align: center;\">Najpomembnej\u0161i rezultati so: 1. mesto na nacionalnih tekmovanjih 1999 in 2001 (kot nagrada koncert &#8220;In memoriam Darka Luki\u0107a&#8221; v Osijeku), 1. nagrado na mednarodnem tekmovanju &#8220;Zlatko Grgo\u0161evi\u0107&#8221; leta 2000 in 2. nagrada na istem tekmovanju v letu 2002. Istega leta je prejel 2. nagrado na mednarodnem tekmovanju &#8220;Etide i Skale&#8221;. Na tekmovanju za solfeggijo je na dr\u017eavnih tekmovanjih v letih 2003 in 2005 prejel dve drugi nagradi. Svojo glasbeno izobrazbo je izpopolnil na \u0161tevilnih seminarjih s priznanimi svetovnimi pedagogi, kot so Arbo Valdma, \u0110uro Tikvica, Vladimir Krpan \u2026<\/div>\r\n<div class=\"wp-block-image\" style=\"text-align: center;\">Leta 2009 je diplomiral z odli\u010dnim uspehom. Istega leta se je zaposlil kot profesor klavirja na Glasbeni \u0161oli Josipa Hatzeja v Splitu in kot korepetitor-umetni\u0161ki sodelavec na Akademiji za glasbo v Splitu.<\/div>\r\n<div class=\"wp-block-image\" style=\"text-align: center;\">Leta 2015 je na String festivalu v Sremski Mitrovici v Srbiji prejel nagrado za najbolj\u0161ega klavirskega sodelavca festivala. Istega leta nastopa kot solist z orkestrom Narodnega gledali\u0161\u010da v Splitu v ciklu novoletnih koncertov.<\/div>\r\n<div style=\"text-align: center;\">Tranfi\u0107 je umetni\u0161ki vodja klape Cambi in klape Elektrodalmacija.<\/div>\r\n","protected":false},"excerpt":{"rendered":"","protected":false},"author":1,"featured_media":0,"parent":0,"menu_order":0,"comment_status":"closed","ping_status":"closed","template":"","meta":[],"_links":{"self":[{"href":"http:\/\/festivalursus.com\/index.php?rest_route=\/wp\/v2\/pages\/2659"}],"collection":[{"href":"http:\/\/festivalursus.com\/index.php?rest_route=\/wp\/v2\/pages"}],"about":[{"href":"http:\/\/festivalursus.com\/index.php?rest_route=\/wp\/v2\/types\/page"}],"author":[{"embeddable":true,"href":"http:\/\/festivalursus.com\/index.php?rest_route=\/wp\/v2\/users\/1"}],"replies":[{"embeddable":true,"href":"http:\/\/festivalursus.com\/index.php?rest_route=%2Fwp%2Fv2%2Fcomments&post=2659"}],"version-history":[{"count":12,"href":"http:\/\/festivalursus.com\/index.php?rest_route=\/wp\/v2\/pages\/2659\/revisions"}],"predecessor-version":[{"id":3351,"href":"http:\/\/festivalursus.com\/index.php?rest_route=\/wp\/v2\/pages\/2659\/revisions\/3351"}],"wp:attachment":[{"href":"http:\/\/festivalursus.com\/index.php?rest_route=%2Fwp%2Fv2%2Fmedia&parent=2659"}],"curies":[{"name":"wp","href":"https:\/\/api.w.org\/{rel}","templated":true}]}}

Tonči Tranfić

<div class="wp-block-image" style="text-align: center;"><a href="http://festivalursus.com/wp-content/uploads/2019/01/Optimized-VEČER_FRANCUSKOG_JAZZA_BW-48.jpg" target="_blank" rel="noreferrer noopener"><img decoding="async" loading="lazy" class="wp-image-2640 aligncenter" src="http://festivalursus.com/wp-content/uploads/2019/01/Optimized-VEČER_FRANCUSKOG_JAZZA_BW-48.jpg" alt="" width="301" height="450" srcset="http://festivalursus.com/wp-content/uploads/2019/01/Optimized-VEČER_FRANCUSKOG_JAZZA_BW-48.jpg 601w, http://festivalursus.com/wp-content/uploads/2019/01/Optimized-VEČER_FRANCUSKOG_JAZZA_BW-48-200x300.jpg 200w, http://festivalursus.com/wp-content/uploads/2019/01/Optimized-VEČER_FRANCUSKOG_JAZZA_BW-48-552x827.jpg 552w" sizes="(max-width: 301px) 100vw, 301px" /></a></div>
<div class="wp-block-image" style="text-align: center;"><br />Tonči Tranfić se je rodil leta 1987 v Splitu. Osnovno in srednjo glasbeno šolo je končal pri prof. Najdi Čapalija v GŠ Josip Hatze v Splitu. Leta 2004 se je vpisal na Akademijo za glasbo v Zagrebu v razredu prof. Djordja Stanettie. Med je nastopal na številnih koncertih in dosegal visoke ocene na več kot 20 tekmovanjih v kategorijah klavir, klavirski duo, solfeggio …</div>
<div class="wp-block-image" style="text-align: center;">Najpomembnejši rezultati so: 1. mesto na nacionalnih tekmovanjih 1999 in 2001 (kot nagrada koncert &#8220;In memoriam Darka Lukića&#8221; v Osijeku), 1. nagrado na mednarodnem tekmovanju &#8220;Zlatko Grgošević&#8221; leta 2000 in 2. nagrada na istem tekmovanju v letu 2002. Istega leta je prejel 2. nagrado na mednarodnem tekmovanju &#8220;Etide i Skale&#8221;. Na tekmovanju za solfeggijo je na državnih tekmovanjih v letih 2003 in 2005 prejel dve drugi nagradi. Svojo glasbeno izobrazbo je izpopolnil na številnih seminarjih s priznanimi svetovnimi pedagogi, kot so Arbo Valdma, Đuro Tikvica, Vladimir Krpan …</div>
<div class="wp-block-image" style="text-align: center;">Leta 2009 je diplomiral z odličnim uspehom. Istega leta se je zaposlil kot profesor klavirja na Glasbeni šoli Josipa Hatzeja v Splitu in kot korepetitor-umetniški sodelavec na Akademiji za glasbo v Splitu.</div>
<div class="wp-block-image" style="text-align: center;">Leta 2015 je na String festivalu v Sremski Mitrovici v Srbiji prejel nagrado za najboljšega klavirskega sodelavca festivala. Istega leta nastopa kot solist z orkestrom Narodnega gledališča v Splitu v ciklu novoletnih koncertov.</div>
<div style="text-align: center;">Tranfić je umetniški vodja klape Cambi in klape Elektrodalmacija.</div>
