{"id":2674,"date":"2019-01-24T22:38:48","date_gmt":"2019-01-24T22:38:48","guid":{"rendered":"http:\/\/festivalursus.com\/?page_id=2674"},"modified":"2019-01-24T23:15:06","modified_gmt":"2019-01-24T23:15:06","slug":"gregor-fele-slo","status":"publish","type":"page","link":"http:\/\/festivalursus.com\/?page_id=2674&lang=sl","title":{"rendered":"Gregor Fele"},"content":{"rendered":"\r\n<div class=\"wp-block-image\" style=\"text-align: center;\"><a href=\"http:\/\/festivalursus.com\/wp-content\/uploads\/2019\/01\/Gregor-Fele-Arhiv-Glasbena-produkcija-RTV-Slovenija-\u00a9Janez-Kotar-1.jpg\" target=\"_blank\" rel=\"noreferrer noopener\"><img decoding=\"async\" loading=\"lazy\" class=\"wp-image-2675\" src=\"http:\/\/festivalursus.com\/wp-content\/uploads\/2019\/01\/Gregor-Fele-Arhiv-Glasbena-produkcija-RTV-Slovenija-\u00a9Janez-Kotar-1-683x1024.jpg\" alt=\"\" width=\"342\" height=\"512\" srcset=\"http:\/\/festivalursus.com\/wp-content\/uploads\/2019\/01\/Gregor-Fele-Arhiv-Glasbena-produkcija-RTV-Slovenija-\u00a9Janez-Kotar-1-683x1024.jpg 683w, http:\/\/festivalursus.com\/wp-content\/uploads\/2019\/01\/Gregor-Fele-Arhiv-Glasbena-produkcija-RTV-Slovenija-\u00a9Janez-Kotar-1-200x300.jpg 200w, http:\/\/festivalursus.com\/wp-content\/uploads\/2019\/01\/Gregor-Fele-Arhiv-Glasbena-produkcija-RTV-Slovenija-\u00a9Janez-Kotar-1-768x1152.jpg 768w, http:\/\/festivalursus.com\/wp-content\/uploads\/2019\/01\/Gregor-Fele-Arhiv-Glasbena-produkcija-RTV-Slovenija-\u00a9Janez-Kotar-1-1140x1710.jpg 1140w, http:\/\/festivalursus.com\/wp-content\/uploads\/2019\/01\/Gregor-Fele-Arhiv-Glasbena-produkcija-RTV-Slovenija-\u00a9Janez-Kotar-1-552x828.jpg 552w, http:\/\/festivalursus.com\/wp-content\/uploads\/2019\/01\/Gregor-Fele-Arhiv-Glasbena-produkcija-RTV-Slovenija-\u00a9Janez-Kotar-1.jpg 1365w\" sizes=\"(max-width: 342px) 100vw, 342px\" \/><\/a><br \/>Violon\u010delist Gregor Fele je \u0161tudiral na Akademiji za glasbo v Ljubljani pri Milo\u0161u Mlejniku in \u0161tudij nadaljeval na salzbur\u0161kem Mozarteumu pri Enricu Bronziju. Tam je kon\u010dal tudi podiplomski \u0161tudij baro\u010dnega violon\u010dela pri Marcu Testoriju.<br \/>Kot solist je nastopil s Simfoni\u010dnim orkestrom Akademije za glasbo, Simfoni\u010dnim orkestrom SNG opera in balet Ljubljana, Simfoni\u010dnim orkestrom SNG Maribor, Simfoni\u010dnim orkestrom RTV Slovenija in Orkestrom Slovenske vojske. Nastopal je na Svetovnih glasbenih dnevih, na festivalih Aspekte in KlangReisen v Salzburgu.<br \/>Sodeloval je s priznanimi izvajalci baro\u010dne glasbe, kot so Reinhard Goebel, Dorothee Oberlinger, Marco Testori, Midori Seiler, Lorenzo Ghielmi, Hiro Kurosaki, Stefan Temmingh in Oliver Weber. <br \/>Od leta 2006 je \u010dlan Simfoni\u010dnega orkestra RTV Slovenija. <br \/>Aprila 2016 in februarja 2018 je ta orkester vodil na koncertih z baro\u010dnim programom v sklopu cikla Mozartine.<\/div>\r\n","protected":false},"excerpt":{"rendered":"","protected":false},"author":1,"featured_media":0,"parent":0,"menu_order":0,"comment_status":"closed","ping_status":"closed","template":"","meta":[],"_links":{"self":[{"href":"http:\/\/festivalursus.com\/index.php?rest_route=\/wp\/v2\/pages\/2674"}],"collection":[{"href":"http:\/\/festivalursus.com\/index.php?rest_route=\/wp\/v2\/pages"}],"about":[{"href":"http:\/\/festivalursus.com\/index.php?rest_route=\/wp\/v2\/types\/page"}],"author":[{"embeddable":true,"href":"http:\/\/festivalursus.com\/index.php?rest_route=\/wp\/v2\/users\/1"}],"replies":[{"embeddable":true,"href":"http:\/\/festivalursus.com\/index.php?rest_route=%2Fwp%2Fv2%2Fcomments&post=2674"}],"version-history":[{"count":5,"href":"http:\/\/festivalursus.com\/index.php?rest_route=\/wp\/v2\/pages\/2674\/revisions"}],"predecessor-version":[{"id":2813,"href":"http:\/\/festivalursus.com\/index.php?rest_route=\/wp\/v2\/pages\/2674\/revisions\/2813"}],"wp:attachment":[{"href":"http:\/\/festivalursus.com\/index.php?rest_route=%2Fwp%2Fv2%2Fmedia&parent=2674"}],"curies":[{"name":"wp","href":"https:\/\/api.w.org\/{rel}","templated":true}]}}

<div class="wp-block-image" style="text-align: center;"><a href="http://festivalursus.com/wp-content/uploads/2019/01/Gregor-Fele-Arhiv-Glasbena-produkcija-RTV-Slovenija-©Janez-Kotar-1.jpg" target="_blank" rel="noreferrer noopener"><img decoding="async" loading="lazy" class="wp-image-2675" src="http://festivalursus.com/wp-content/uploads/2019/01/Gregor-Fele-Arhiv-Glasbena-produkcija-RTV-Slovenija-©Janez-Kotar-1-683x1024.jpg" alt="" width="342" height="512" srcset="http://festivalursus.com/wp-content/uploads/2019/01/Gregor-Fele-Arhiv-Glasbena-produkcija-RTV-Slovenija-©Janez-Kotar-1-683x1024.jpg 683w, http://festivalursus.com/wp-content/uploads/2019/01/Gregor-Fele-Arhiv-Glasbena-produkcija-RTV-Slovenija-©Janez-Kotar-1-200x300.jpg 200w, http://festivalursus.com/wp-content/uploads/2019/01/Gregor-Fele-Arhiv-Glasbena-produkcija-RTV-Slovenija-©Janez-Kotar-1-768x1152.jpg 768w, http://festivalursus.com/wp-content/uploads/2019/01/Gregor-Fele-Arhiv-Glasbena-produkcija-RTV-Slovenija-©Janez-Kotar-1-1140x1710.jpg 1140w, http://festivalursus.com/wp-content/uploads/2019/01/Gregor-Fele-Arhiv-Glasbena-produkcija-RTV-Slovenija-©Janez-Kotar-1-552x828.jpg 552w, http://festivalursus.com/wp-content/uploads/2019/01/Gregor-Fele-Arhiv-Glasbena-produkcija-RTV-Slovenija-©Janez-Kotar-1.jpg 1365w" sizes="(max-width: 342px) 100vw, 342px" /></a><br />Violončelist Gregor Fele je študiral na Akademiji za glasbo v Ljubljani pri Milošu Mlejniku in študij nadaljeval na salzburškem Mozarteumu pri Enricu Bronziju. Tam je končal tudi podiplomski študij baročnega violončela pri Marcu Testoriju.<br />Kot solist je nastopil s Simfoničnim orkestrom Akademije za glasbo, Simfoničnim orkestrom SNG opera in balet Ljubljana, Simfoničnim orkestrom SNG Maribor, Simfoničnim orkestrom RTV Slovenija in Orkestrom Slovenske vojske. Nastopal je na Svetovnih glasbenih dnevih, na festivalih Aspekte in KlangReisen v Salzburgu.<br />Sodeloval je s priznanimi izvajalci baročne glasbe, kot so Reinhard Goebel, Dorothee Oberlinger, Marco Testori, Midori Seiler, Lorenzo Ghielmi, Hiro Kurosaki, Stefan Temmingh in Oliver Weber. <br />Od leta 2006 je član Simfoničnega orkestra RTV Slovenija. <br />Aprila 2016 in februarja 2018 je ta orkester vodil na koncertih z baročnim programom v sklopu cikla Mozartine.</div>
