{"id":2718,"date":"2019-01-24T22:37:55","date_gmt":"2019-01-24T22:37:55","guid":{"rendered":"http:\/\/festivalursus.com\/?page_id=2718"},"modified":"2019-01-28T16:20:47","modified_gmt":"2019-01-28T16:20:47","slug":"marko-zupan-slo","status":"publish","type":"page","link":"http:\/\/festivalursus.com\/?page_id=2718&lang=sl","title":{"rendered":"Marko Zupan"},"content":{"rendered":"<p><a href=\"http:\/\/festivalursus.com\/wp-content\/uploads\/2019\/01\/Optimized-VE\u010cER_FRANCUSKOG_JAZZA_BW-62-1.jpg\" target=\"_blank\" rel=\"noopener\"><img decoding=\"async\" loading=\"lazy\" class=\"aligncenter wp-image-2643 size-medium\" src=\"http:\/\/festivalursus.com\/wp-content\/uploads\/2019\/01\/Optimized-VE\u010cER_FRANCUSKOG_JAZZA_BW-62-1-300x200.jpg\" alt=\"\" width=\"300\" height=\"200\" srcset=\"http:\/\/festivalursus.com\/wp-content\/uploads\/2019\/01\/Optimized-VE\u010cER_FRANCUSKOG_JAZZA_BW-62-1-300x200.jpg 300w, http:\/\/festivalursus.com\/wp-content\/uploads\/2019\/01\/Optimized-VE\u010cER_FRANCUSKOG_JAZZA_BW-62-1-768x513.jpg 768w, http:\/\/festivalursus.com\/wp-content\/uploads\/2019\/01\/Optimized-VE\u010cER_FRANCUSKOG_JAZZA_BW-62-1-1024x684.jpg 1024w, http:\/\/festivalursus.com\/wp-content\/uploads\/2019\/01\/Optimized-VE\u010cER_FRANCUSKOG_JAZZA_BW-62-1-1140x761.jpg 1140w, http:\/\/festivalursus.com\/wp-content\/uploads\/2019\/01\/Optimized-VE\u010cER_FRANCUSKOG_JAZZA_BW-62-1-552x368.jpg 552w, http:\/\/festivalursus.com\/wp-content\/uploads\/2019\/01\/Optimized-VE\u010cER_FRANCUSKOG_JAZZA_BW-62-1.jpg 1200w\" sizes=\"(max-width: 300px) 100vw, 300px\" \/><\/a><\/p>\n<p style=\"text-align: center;\">Flavtist Marko Zupan ima pestro mednarodno kariero kot solist, komorni partner, orkesterski glasbenik, improvizator, aran\u017eer in profesor.<\/p>\n<p style=\"text-align: center;\">Diplomiral je na Akademiji za glasbo v Ljubljani, Parizu in na \u00bbMozarteum\u00ab v Salzburgu.<br \/>\nMed \u0161tudijem je postal nagrajenec ve\u010d slovenskih dr\u017eavnih tekmovanjih kot tudi mednarodnih glasbenih tekmovanj v Trstu (2000, Italija), Picardie (2004, Francija), Beograd (2005, Srbija) in Braunschweig (2011, Nem\u010dija).<br \/>\nNjegovo delo kot solo flavtist vklju\u010duje orkestre kot so Berliner Symphoniker, Filharmonia Sudecka, Philharmonisches Orchestre des Staatstheaters Cottbus, Evian Festival Orchestra, Mozart Sinfonietta Salzburgu, Neues Kammerorchester Potsdamu, Philharmonie der Nationen in drugi.<\/p>\n<p style=\"text-align: center;\">Od leta 2010 je pou\u010duje na Akademiji za glasbo v Splitu, Hrva\u0161ka. Kot del svojih pedago\u0161kih dejavnosti vodi te\u010daje flavte po Hrva\u0161ki, Bosni, Sloveniji in tudi na Japonskem.<br \/>\nKot solist in komorni glasbenik je nastopal na \u0161tevilnih festivalih. Koncertne dejavnosti ga vodijo po vsej Evropi, ZDA, Japonski, Kitajski, Ju\u017eni Koreji, Vietnamu in Al\u017eiriji. Imel prilo\u017enost igrati v tak\u0161nih presti\u017enih prizori\u0161\u010dih kot so Berlinska filharmonija, Suntory Hall Tokio, Wiener Musikverein, Konzerthaus Berlin, Slovenska filharmonija, Gasteig M\u00fcnchen, K\u00f6lnska filharmonija, Hanoi Opera House, Shanghai Oriental Art Center, Nacionalni center za uprizoritvene umetnosti v Pekingu, Salerno Opera in drugje.<br \/>\nObjavil je ve\u010d zgo\u0161\u010denk; s Triom Susak (flavta, saksofon, klavir), z flavtistom Borisom Bizjakom in pianistko Yoko Misumi z glasbo za dve flavti in klavir posnet za londonski Hedone Records. Pred kratkim je posnel dve zgo\u0161\u010denki nem\u0161ke romanti\u010dne glasbe za flavto in klavir s svojo dolgoletno pianistko Minko Popovi\u0107-Ganev, kot tudi zgo\u0161\u010denko v \u017eivo s koncerta improvizacije z pianistko Tino Mauko in harmonikarjem Juretom Torijem.<br \/>\nV \u017eelji po \u0161irjenju repertoar za flavto je premierno izvedel \u0161tevilne skladbe predvsem mlaj\u0161e generacije slovenskih skladateljev, ukvarja pa se tudi z aran\u017eiranjem klasi\u010dnih kompozicij drugih in\u0161trumentov za flavto.<br \/>\nJe umetni\u0161ki vodja Mednarodnega glasbenega festivala \u201cUrsus\u201d v Sloveniji<\/p>\n<p>&nbsp;<\/p>\n","protected":false},"excerpt":{"rendered":"<p class=\"post-excerpt\">Flavtist Marko Zupan ima pestro mednarodno kariero kot solist, komorni partner, orkesterski glasbenik, improvizator, aran\u017eer in profesor. Diplomiral je na&#8230;<\/p>\n","protected":false},"author":1,"featured_media":0,"parent":0,"menu_order":0,"comment_status":"closed","ping_status":"closed","template":"","meta":[],"_links":{"self":[{"href":"http:\/\/festivalursus.com\/index.php?rest_route=\/wp\/v2\/pages\/2718"}],"collection":[{"href":"http:\/\/festivalursus.com\/index.php?rest_route=\/wp\/v2\/pages"}],"about":[{"href":"http:\/\/festivalursus.com\/index.php?rest_route=\/wp\/v2\/types\/page"}],"author":[{"embeddable":true,"href":"http:\/\/festivalursus.com\/index.php?rest_route=\/wp\/v2\/users\/1"}],"replies":[{"embeddable":true,"href":"http:\/\/festivalursus.com\/index.php?rest_route=%2Fwp%2Fv2%2Fcomments&post=2718"}],"version-history":[{"count":6,"href":"http:\/\/festivalursus.com\/index.php?rest_route=\/wp\/v2\/pages\/2718\/revisions"}],"predecessor-version":[{"id":2885,"href":"http:\/\/festivalursus.com\/index.php?rest_route=\/wp\/v2\/pages\/2718\/revisions\/2885"}],"wp:attachment":[{"href":"http:\/\/festivalursus.com\/index.php?rest_route=%2Fwp%2Fv2%2Fmedia&parent=2718"}],"curies":[{"name":"wp","href":"https:\/\/api.w.org\/{rel}","templated":true}]}}