{"id":2724,"date":"2019-01-24T22:36:58","date_gmt":"2019-01-24T22:36:58","guid":{"rendered":"http:\/\/festivalursus.com\/?page_id=2724"},"modified":"2019-09-08T08:45:27","modified_gmt":"2019-09-08T08:45:27","slug":"galsbeniki-2019","status":"publish","type":"page","link":"http:\/\/festivalursus.com\/?page_id=2724&lang=sl","title":{"rendered":"Glasbeniki 2019"},"content":{"rendered":"<p><a href=\"http:\/\/festivalursus.com\/?page_id=2909&amp;lang=sl\" target=\"_blank\" rel=\"noopener noreferrer\">Luca Ambrosio, \u010dembalo<\/a><\/p>\n<p><a href=\"http:\/\/festivalursus.com\/?page_id=2728&amp;lang=sl\" target=\"_blank\" rel=\"noopener noreferrer\">Bo\u017eena Angelova, violina<\/a><\/p>\n<p><a href=\"http:\/\/festivalursus.com\/?page_id=2619&amp;lang=sl\" target=\"_blank\" rel=\"noopener noreferrer\">Goran Cetini\u0107 Ko\u0107a, kitara<\/a><\/p>\n<p><a href=\"http:\/\/festivalursus.com\/?page_id=2674&amp;lang=sl\" target=\"_blank\" rel=\"noopener noreferrer\">Gregor Fele, violon\u010delo<\/a><\/p>\n<p><a href=\"http:\/\/festivalursus.com\/?page_id=2612&amp;lang=sl\" target=\"_blank\" rel=\"noopener noreferrer\">Piero Malko\u010d, kontrabas<\/a><\/p>\n<p><a href=\"http:\/\/festivalursus.com\/?page_id=2905&amp;lang=sl\" target=\"_blank\" rel=\"noopener noreferrer\">Giorgio Matteoli, kljunaste flavte<\/a><\/p>\n<p><a href=\"http:\/\/festivalursus.com\/?page_id=2659&amp;lang=sl\" target=\"_blank\" rel=\"noopener noreferrer\">Ton\u010di Tranfi\u0107, klaviature<\/a><\/p>\n<p><a href=\"http:\/\/festivalursus.com\/?page_id=2718&amp;lang=sl\" target=\"_blank\" rel=\"noopener noreferrer\">Marko Zupan, flavta<\/a><\/p>\n<p><a href=\"http:\/\/festivalursus.com\/?page_id=2616&amp;lang=sl\" target=\"_blank\" rel=\"noopener noreferrer\">Boris \u017duvela, bobni<\/a><\/p>\n","protected":false},"excerpt":{"rendered":"<p class=\"post-excerpt\">Luca Ambrosio, \u010dembalo Bo\u017eena Angelova, violina Goran Cetini\u0107 Ko\u0107a, kitara Gregor Fele, violon\u010delo Piero Malko\u010d, kontrabas Giorgio Matteoli, kljunaste flavte&#8230;<\/p>\n","protected":false},"author":1,"featured_media":0,"parent":0,"menu_order":0,"comment_status":"closed","ping_status":"closed","template":"","meta":[],"_links":{"self":[{"href":"http:\/\/festivalursus.com\/index.php?rest_route=\/wp\/v2\/pages\/2724"}],"collection":[{"href":"http:\/\/festivalursus.com\/index.php?rest_route=\/wp\/v2\/pages"}],"about":[{"href":"http:\/\/festivalursus.com\/index.php?rest_route=\/wp\/v2\/types\/page"}],"author":[{"embeddable":true,"href":"http:\/\/festivalursus.com\/index.php?rest_route=\/wp\/v2\/users\/1"}],"replies":[{"embeddable":true,"href":"http:\/\/festivalursus.com\/index.php?rest_route=%2Fwp%2Fv2%2Fcomments&post=2724"}],"version-history":[{"count":6,"href":"http:\/\/festivalursus.com\/index.php?rest_route=\/wp\/v2\/pages\/2724\/revisions"}],"predecessor-version":[{"id":2977,"href":"http:\/\/festivalursus.com\/index.php?rest_route=\/wp\/v2\/pages\/2724\/revisions\/2977"}],"wp:attachment":[{"href":"http:\/\/festivalursus.com\/index.php?rest_route=%2Fwp%2Fv2%2Fmedia&parent=2724"}],"curies":[{"name":"wp","href":"https:\/\/api.w.org\/{rel}","templated":true}]}}

<p><a href="http://festivalursus.com/?page_id=2909&amp;lang=sl" target="_blank" rel="noopener noreferrer">Luca Ambrosio, čembalo</a></p>
<p><a href="http://festivalursus.com/?page_id=2728&amp;lang=sl" target="_blank" rel="noopener noreferrer">Božena Angelova, violina</a></p>
<p><a href="http://festivalursus.com/?page_id=2619&amp;lang=sl" target="_blank" rel="noopener noreferrer">Goran Cetinić Koća, kitara</a></p>
<p><a href="http://festivalursus.com/?page_id=2674&amp;lang=sl" target="_blank" rel="noopener noreferrer">Gregor Fele, violončelo</a></p>
<p><a href="http://festivalursus.com/?page_id=2612&amp;lang=sl" target="_blank" rel="noopener noreferrer">Piero Malkoč, kontrabas</a></p>
<p><a href="http://festivalursus.com/?page_id=2905&amp;lang=sl" target="_blank" rel="noopener noreferrer">Giorgio Matteoli, kljunaste flavte</a></p>
<p><a href="http://festivalursus.com/?page_id=2659&amp;lang=sl" target="_blank" rel="noopener noreferrer">Tonči Tranfić, klaviature</a></p>
<p><a href="http://festivalursus.com/?page_id=2718&amp;lang=sl" target="_blank" rel="noopener noreferrer">Marko Zupan, flavta</a></p>
<p><a href="http://festivalursus.com/?page_id=2616&amp;lang=sl" target="_blank" rel="noopener noreferrer">Boris Žuvela, bobni</a></p>

<p class="post-excerpt">Luca Ambrosio, čembalo Božena Angelova, violina Goran Cetinić Koća, kitara Gregor Fele, violončelo Piero Malkoč, kontrabas Giorgio Matteoli, kljunaste flavte&#8230;</p>
