{"id":2905,"date":"2019-02-20T15:21:18","date_gmt":"2019-02-20T15:21:18","guid":{"rendered":"http:\/\/festivalursus.com\/?page_id=2905"},"modified":"2019-02-20T15:43:32","modified_gmt":"2019-02-20T15:43:32","slug":"giorgio-matteoli-1s","status":"publish","type":"page","link":"http:\/\/festivalursus.com\/?page_id=2905&lang=sl","title":{"rendered":"Giorgio Matteoli"},"content":{"rendered":"<p><a href=\"http:\/\/festivalursus.com\/wp-content\/uploads\/2019\/02\/IMG_4686.jpg\" target=\"_blank\" rel=\"noopener\"><img decoding=\"async\" loading=\"lazy\" class=\"aligncenter wp-image-2901 size-medium\" src=\"http:\/\/festivalursus.com\/wp-content\/uploads\/2019\/02\/IMG_4686-200x300.jpg\" alt=\"\" width=\"200\" height=\"300\" srcset=\"http:\/\/festivalursus.com\/wp-content\/uploads\/2019\/02\/IMG_4686-200x300.jpg 200w, http:\/\/festivalursus.com\/wp-content\/uploads\/2019\/02\/IMG_4686-768x1152.jpg 768w, http:\/\/festivalursus.com\/wp-content\/uploads\/2019\/02\/IMG_4686-683x1024.jpg 683w, http:\/\/festivalursus.com\/wp-content\/uploads\/2019\/02\/IMG_4686-552x828.jpg 552w, http:\/\/festivalursus.com\/wp-content\/uploads\/2019\/02\/IMG_4686.jpg 1067w\" sizes=\"(max-width: 200px) 100vw, 200px\" \/><\/a><\/p>\n<p style=\"text-align: center;\">Giorgio Matteoli se je rodil v Rimu leta 1966. Diplomiral je blokflavto, violon\u010delo in komorno glasbo z diplomo iz zgodovine glasbe na Univerzi v Rimu \u201cLa Sapienza\u201d in je sedaj imenovan za profesorja blokflavte in komorne glasbe na izvirnih instrumentih na dr\u017eavnem konzervatoriju L\u2019Aquila . Sodeloval je z ve\u010d anti\u010dni glasbenimi ansambli (\u201cEnsemble Aurora\u201d, \u201cCappella di San Petronio\u201d, \u201cAlessandro Stradella Consort\u201d, francoski \u201cEnsemble La Fenice\u201d, \u201cAcademia Montis Regalis\u201d \u2026), koncertnimi in\u0161titucijami (RAI Rim in Neapeljski radijski orkester, Orkester Verdi Milan, komorni orkester v Rimu in Laciju, Festival de musique sacre de la Chaise-Dieu Haute-Loire France \u2026.), italijanskimi in tujimi gledali\u0161\u010di (Teatro Campoamor, Oviedo-\u0160panija, opera Theatre Ente Concerti Marialisa De Carolis \u201c, Sassari-Italija \u2026) tako kot violon\u010delist (basso continuo) kot tudi solist. Na \u0161tevilnih radijskih postajah je predvajan tudi z posnetki plo\u0161\u010d, ki so dobile pozitivne recenzije nacionalnih in mednarodnih glasbenih kritikov. Kot solist na blokflavti je snemal za film &#8220;Biblija&#8221; Ennia Morriconeja in Marca Frisina, ki je osvojil ACE (American Television Oscar) za najbolj\u0161o glasbo. Leta 1994 je Giorgio Matteoli ustanovil ansambel Festa Rustique, italijanski baro\u010dni ansambel z razli\u010dnimi zasedbami (od duetov blokflavta-\u010dembalo do komornega orkestra). Poleg \u0161tevilnih koncertov v Italiji in drugih dr\u017eavah (Francija, \u0160panija, Albanija, Romunija, Montecarlo, Izrael, Romunija, Nem\u010dija, Izrael, \u010ce\u0161ka, Japonska \u2026) je Giorgio Matteoli s svojim baro\u010dnim ansamblom pripravil ve\u010d posnetkov za Agor\u00e0, Musicaimmagine, ASV Gaudeamus, glasbeno podjetje Da Vonci Classic in MAP Editions. Njegov premierni posnetek koncertov Francesca Mancinija za blokflavto in godala (CD Musicaimmagine Records MR 1004) je dobil ve\u010d pozitivnih recenzij doma\u010dih in mednarodnih kritikov in je po ameri\u0161ki reviji Fanfare eden najbolj\u0161ih klasi\u010dnih glasbenih posnetkov iz leta 1995. Po tem je Matteoli odkril, posnel in na originalnih instrumentih po vsej Italiji in Evropi izvajal glasbo iz 17. in 18. stoletja. Zadnji posnetki Giorgia Matteolija in njegovega Festa Rustica so: \u201c9 Lamentazioni per gli uffici delle Tenebre\u201d za solo pevce in orkester, ki jih je napisal bene\u0161ki duhovnik Francesco Antonio Vallotti (sodobnik Antonia Vivaldija) in ga je producirala znana italijanska glasbena revija Amadeus. Posnel je tudi kompletne Haendlove sonate za blokflavto ter Vivaldijeve sakralne in sekularne kantate z blokflavto (z dvema koncertoma za blokflavto in godalce), ki jih je uredil Da Vinci Classic &amp; MAP Edition. Poleg glasbenih in\u0161trumentov je Giorgio Matteoli \u0161tudiral tudi dirigiranje in kompozicijo (na konservatoriju v Milanu in Comu). Dirigiral je raznim komornim in simfoni\u010dnim orkestrom (\u201cOrchestra Guido Cantelli\u201d, \u201cNuova Cameristica\u201d, \u201cOrchestra Sinfonica Italiana\u201d \u2026) kot tudi \u201cAMR\u201d (Rimski godalni orkester, kjer je bil glavni dirigent v letih 2013-2014). Giorgio Matteoli je avtor \u0161tevilnih \u010dlankov, objavljenih v razli\u010dnih italijanskih glasbenih revijah (Orfeo, Amadeus, Cd Classics). Je tudi predsednik zdru\u017eenja Early Music Italia in ustanovitelj festivala komorne glasbe Brianza Classica (www.brianzaclassica.it), pomembne \u0161tirinajstletne serije koncertov, ki se odvijajo na pribli\u017eno 30ih lokacijah na severnem obmo\u010dju Milana. Kot u\u010ditelj blokflavte je vodil mojstrske te\u010daje na Japonskem (italijanski in\u0161titut za kulturo v Osaki) in v Izraelu (konzervatorij v Tel Avivu). Na oddelku za zgodnjo glasbo svojega konservatorija vsako leto organizira \u201cEarly Music Weeks\u201d, kjer vodi atelje baro\u010dnega orkestra.<\/p>\n","protected":false},"excerpt":{"rendered":"<p class=\"post-excerpt\">Giorgio Matteoli se je rodil v Rimu leta 1966. Diplomiral je blokflavto, violon\u010delo in komorno glasbo z diplomo iz zgodovine&#8230;<\/p>\n","protected":false},"author":1,"featured_media":0,"parent":0,"menu_order":0,"comment_status":"closed","ping_status":"closed","template":"","meta":[],"_links":{"self":[{"href":"http:\/\/festivalursus.com\/index.php?rest_route=\/wp\/v2\/pages\/2905"}],"collection":[{"href":"http:\/\/festivalursus.com\/index.php?rest_route=\/wp\/v2\/pages"}],"about":[{"href":"http:\/\/festivalursus.com\/index.php?rest_route=\/wp\/v2\/types\/page"}],"author":[{"embeddable":true,"href":"http:\/\/festivalursus.com\/index.php?rest_route=\/wp\/v2\/users\/1"}],"replies":[{"embeddable":true,"href":"http:\/\/festivalursus.com\/index.php?rest_route=%2Fwp%2Fv2%2Fcomments&post=2905"}],"version-history":[{"count":2,"href":"http:\/\/festivalursus.com\/index.php?rest_route=\/wp\/v2\/pages\/2905\/revisions"}],"predecessor-version":[{"id":2919,"href":"http:\/\/festivalursus.com\/index.php?rest_route=\/wp\/v2\/pages\/2905\/revisions\/2919"}],"wp:attachment":[{"href":"http:\/\/festivalursus.com\/index.php?rest_route=%2Fwp%2Fv2%2Fmedia&parent=2905"}],"curies":[{"name":"wp","href":"https:\/\/api.w.org\/{rel}","templated":true}]}}

<p><a href="http://festivalursus.com/wp-content/uploads/2019/02/IMG_4686.jpg" target="_blank" rel="noopener"><img decoding="async" loading="lazy" class="aligncenter wp-image-2901 size-medium" src="http://festivalursus.com/wp-content/uploads/2019/02/IMG_4686-200x300.jpg" alt="" width="200" height="300" srcset="http://festivalursus.com/wp-content/uploads/2019/02/IMG_4686-200x300.jpg 200w, http://festivalursus.com/wp-content/uploads/2019/02/IMG_4686-768x1152.jpg 768w, http://festivalursus.com/wp-content/uploads/2019/02/IMG_4686-683x1024.jpg 683w, http://festivalursus.com/wp-content/uploads/2019/02/IMG_4686-552x828.jpg 552w, http://festivalursus.com/wp-content/uploads/2019/02/IMG_4686.jpg 1067w" sizes="(max-width: 200px) 100vw, 200px" /></a></p>
<p style="text-align: center;">Giorgio Matteoli se je rodil v Rimu leta 1966. Diplomiral je blokflavto, violončelo in komorno glasbo z diplomo iz zgodovine glasbe na Univerzi v Rimu “La Sapienza” in je sedaj imenovan za profesorja blokflavte in komorne glasbe na izvirnih instrumentih na državnem konzervatoriju L’Aquila . Sodeloval je z več antični glasbenimi ansambli (“Ensemble Aurora”, “Cappella di San Petronio”, “Alessandro Stradella Consort”, francoski “Ensemble La Fenice”, “Academia Montis Regalis” …), koncertnimi inštitucijami (RAI Rim in Neapeljski radijski orkester, Orkester Verdi Milan, komorni orkester v Rimu in Laciju, Festival de musique sacre de la Chaise-Dieu Haute-Loire France ….), italijanskimi in tujimi gledališči (Teatro Campoamor, Oviedo-Španija, opera Theatre Ente Concerti Marialisa De Carolis “, Sassari-Italija …) tako kot violončelist (basso continuo) kot tudi solist. Na številnih radijskih postajah je predvajan tudi z posnetki plošč, ki so dobile pozitivne recenzije nacionalnih in mednarodnih glasbenih kritikov. Kot solist na blokflavti je snemal za film &#8220;Biblija&#8221; Ennia Morriconeja in Marca Frisina, ki je osvojil ACE (American Television Oscar) za najboljšo glasbo. Leta 1994 je Giorgio Matteoli ustanovil ansambel Festa Rustique, italijanski baročni ansambel z različnimi zasedbami (od duetov blokflavta-čembalo do komornega orkestra). Poleg številnih koncertov v Italiji in drugih državah (Francija, Španija, Albanija, Romunija, Montecarlo, Izrael, Romunija, Nemčija, Izrael, Češka, Japonska …) je Giorgio Matteoli s svojim baročnim ansamblom pripravil več posnetkov za Agorà, Musicaimmagine, ASV Gaudeamus, glasbeno podjetje Da Vonci Classic in MAP Editions. Njegov premierni posnetek koncertov Francesca Mancinija za blokflavto in godala (CD Musicaimmagine Records MR 1004) je dobil več pozitivnih recenzij domačih in mednarodnih kritikov in je po ameriški reviji Fanfare eden najboljših klasičnih glasbenih posnetkov iz leta 1995. Po tem je Matteoli odkril, posnel in na originalnih instrumentih po vsej Italiji in Evropi izvajal glasbo iz 17. in 18. stoletja. Zadnji posnetki Giorgia Matteolija in njegovega Festa Rustica so: “9 Lamentazioni per gli uffici delle Tenebre” za solo pevce in orkester, ki jih je napisal beneški duhovnik Francesco Antonio Vallotti (sodobnik Antonia Vivaldija) in ga je producirala znana italijanska glasbena revija Amadeus. Posnel je tudi kompletne Haendlove sonate za blokflavto ter Vivaldijeve sakralne in sekularne kantate z blokflavto (z dvema koncertoma za blokflavto in godalce), ki jih je uredil Da Vinci Classic &amp; MAP Edition. Poleg glasbenih inštrumentov je Giorgio Matteoli študiral tudi dirigiranje in kompozicijo (na konservatoriju v Milanu in Comu). Dirigiral je raznim komornim in simfoničnim orkestrom (“Orchestra Guido Cantelli”, “Nuova Cameristica”, “Orchestra Sinfonica Italiana” …) kot tudi “AMR” (Rimski godalni orkester, kjer je bil glavni dirigent v letih 2013-2014). Giorgio Matteoli je avtor številnih člankov, objavljenih v različnih italijanskih glasbenih revijah (Orfeo, Amadeus, Cd Classics). Je tudi predsednik združenja Early Music Italia in ustanovitelj festivala komorne glasbe Brianza Classica (www.brianzaclassica.it), pomembne štirinajstletne serije koncertov, ki se odvijajo na približno 30ih lokacijah na severnem območju Milana. Kot učitelj blokflavte je vodil mojstrske tečaje na Japonskem (italijanski inštitut za kulturo v Osaki) in v Izraelu (konzervatorij v Tel Avivu). Na oddelku za zgodnjo glasbo svojega konservatorija vsako leto organizira “Early Music Weeks”, kjer vodi atelje baročnega orkestra.</p>

<p class="post-excerpt">Giorgio Matteoli se je rodil v Rimu leta 1966. Diplomiral je blokflavto, violončelo in komorno glasbo z diplomo iz zgodovine&#8230;</p>
