{"id":294,"date":"2016-05-13T21:26:42","date_gmt":"2016-05-13T21:26:42","guid":{"rendered":"http:\/\/festivalursus.com\/?page_id=294"},"modified":"2016-10-04T18:09:31","modified_gmt":"2016-10-04T18:09:31","slug":"ursus-2015","status":"publish","type":"page","link":"http:\/\/festivalursus.com\/?page_id=294&lang=en","title":{"rendered":"II. &#8220;Ursus&#8221; 2015"},"content":{"rendered":"<p><img decoding=\"async\" loading=\"lazy\" class=\"aligncenter wp-image-591\" src=\"http:\/\/festivalursus.com\/wp-content\/uploads\/2016\/05\/10003623_799882623443038_4328799357881271817_o-300x115.jpg\" alt=\"10003623_799882623443038_4328799357881271817_o\" width=\"550\" height=\"211\" srcset=\"http:\/\/festivalursus.com\/wp-content\/uploads\/2016\/05\/10003623_799882623443038_4328799357881271817_o-300x115.jpg 300w, http:\/\/festivalursus.com\/wp-content\/uploads\/2016\/05\/10003623_799882623443038_4328799357881271817_o-768x295.jpg 768w, http:\/\/festivalursus.com\/wp-content\/uploads\/2016\/05\/10003623_799882623443038_4328799357881271817_o-1024x393.jpg 1024w, http:\/\/festivalursus.com\/wp-content\/uploads\/2016\/05\/10003623_799882623443038_4328799357881271817_o-1140x438.jpg 1140w, http:\/\/festivalursus.com\/wp-content\/uploads\/2016\/05\/10003623_799882623443038_4328799357881271817_o-552x212.jpg 552w, http:\/\/festivalursus.com\/wp-content\/uploads\/2016\/05\/10003623_799882623443038_4328799357881271817_o.jpg 1232w\" sizes=\"(max-width: 550px) 100vw, 550px\" \/><\/p>\n<p><em>&#8220;Without music, life would be a mistake&#8221;<\/em><br \/>\n&#8211; Friedrich Nietzsche<\/p>\n<p>Dear visitors!<\/p>\n<p>A year has gone by and the doors of the concert barn in the Medved homestead are opening again. After last year\u2019s enthusiastic response from public and performers alike, it has become clear that the International music festival \u201cUrsus\u201d is a welcome addition to the musical landscape in central Slovenia. This edition will focus on multinationalism, the mixing of cultural influences and the resulting enrichment of both personal and national cultural identity.<br \/>\nRenowned musicians are coming from many different parts of the world: China, Venezuela, Serbia, Croatia, Italy and Slovenia. Each of them will bring their rich tradition and a specifical individual approach, presenting us with an extremely interesting and diverse programme.<br \/>\nThe opening concert features some of the most important composers of the European baroque era. French ballet, Czech musicality, Italian temperament and German counterpoint will complement each other in several compositions for wind instruments. An exotic combination seldom seen in our area: two flutes, a bassoon and a harpsichord.<br \/>\nThe Russian master of neoclassicism, Sergey Prokofiev, wrote his musical tale for the central children\u2019s theatre, Moscow, with the intention of \u201ccultivating musical tastes in children from the first years of school.\u201d The music will be accompanied by the illustrations of Teja Ple\u010dnik and the storyteller will be the versatile Nika Vogri\u010d De\u017eman. Children are growing, the intention stays the same.<br \/>\nThe final concert will take us on a trip around the world. Japanese painter Hokusai Katsuhika, a self confessed \u201cold man crazy about painting\u201d, is most probably \u201cguilty\u201d of the development of impressionism in France. A century later, the composer Takemitsu dedicated his trio to a great influence of his, Claude Debussy. The wheel goes around. Works by famous Indian sitarist Ravi Shankar, Italian opera giant Giacomo Puccini, modern Spanish composer Manuel Moreno-Buendia and South American flutist\/composer Efraim Oscher will conclude our musical journey where it also began \u2013 in Podkum.<\/p>\n<p>Every thing that has meaning to us, requires some effort. It is probably this very effort that makes that certain thing for us meaningful. For a musician it is music; for an audience member, the experience of a concert. The effort required in this case is the journey to Medved homestead in Podkum, which lasts the exact amount of time necessary for one to relax, empty one\u2019s mind and get ready for \u2026<\/p>\n<p>Welcome!<\/p>\n<p>Marko Zupan,<br \/>\nartistic director<\/p>\n<p>&nbsp;<\/p>\n<p><a href=\"http:\/\/festivalursus.com\/?page_id=128&amp;lang=en\" target=\"_blank\"><img decoding=\"async\" loading=\"lazy\" class=\"wp-image-578 aligncenter\" src=\"http:\/\/festivalursus.com\/wp-content\/uploads\/2016\/05\/Ursus-Barok-2015-page-001-4-212x300.jpg\" alt=\"Ursus-Barok-2015-page-001-4\" width=\"550\" height=\"778\" srcset=\"http:\/\/festivalursus.com\/wp-content\/uploads\/2016\/05\/Ursus-Barok-2015-page-001-4-212x300.jpg 212w, http:\/\/festivalursus.com\/wp-content\/uploads\/2016\/05\/Ursus-Barok-2015-page-001-4-768x1087.jpg 768w, http:\/\/festivalursus.com\/wp-content\/uploads\/2016\/05\/Ursus-Barok-2015-page-001-4-724x1024.jpg 724w, http:\/\/festivalursus.com\/wp-content\/uploads\/2016\/05\/Ursus-Barok-2015-page-001-4-1140x1613.jpg 1140w, http:\/\/festivalursus.com\/wp-content\/uploads\/2016\/05\/Ursus-Barok-2015-page-001-4-552x781.jpg 552w, http:\/\/festivalursus.com\/wp-content\/uploads\/2016\/05\/Ursus-Barok-2015-page-001-4.jpg 1447w\" sizes=\"(max-width: 550px) 100vw, 550px\" \/><\/a>\u00a0<a href=\"http:\/\/festivalursus.com\/?page_id=148&amp;lang=en\" target=\"_blank\"><img decoding=\"async\" loading=\"lazy\" class=\"aligncenter wp-image-579\" src=\"http:\/\/festivalursus.com\/wp-content\/uploads\/2016\/05\/Ursus-Prokofjev-2015-page-001-5-212x300.jpg\" alt=\"Ursus-Prokofjev-2015-page-001-5\" width=\"550\" height=\"778\" srcset=\"http:\/\/festivalursus.com\/wp-content\/uploads\/2016\/05\/Ursus-Prokofjev-2015-page-001-5-212x300.jpg 212w, http:\/\/festivalursus.com\/wp-content\/uploads\/2016\/05\/Ursus-Prokofjev-2015-page-001-5-768x1087.jpg 768w, http:\/\/festivalursus.com\/wp-content\/uploads\/2016\/05\/Ursus-Prokofjev-2015-page-001-5-724x1024.jpg 724w, http:\/\/festivalursus.com\/wp-content\/uploads\/2016\/05\/Ursus-Prokofjev-2015-page-001-5-1140x1613.jpg 1140w, http:\/\/festivalursus.com\/wp-content\/uploads\/2016\/05\/Ursus-Prokofjev-2015-page-001-5-552x781.jpg 552w, http:\/\/festivalursus.com\/wp-content\/uploads\/2016\/05\/Ursus-Prokofjev-2015-page-001-5.jpg 1447w\" sizes=\"(max-width: 550px) 100vw, 550px\" \/><\/a><a href=\"http:\/\/festivalursus.com\/?page_id=167&amp;lang=en\" target=\"_blank\"><img decoding=\"async\" loading=\"lazy\" class=\"aligncenter wp-image-580\" src=\"http:\/\/festivalursus.com\/wp-content\/uploads\/2016\/05\/Ursus-World-2015-212x300.jpg\" alt=\"Ursus-World-2015\" width=\"550\" height=\"778\" srcset=\"http:\/\/festivalursus.com\/wp-content\/uploads\/2016\/05\/Ursus-World-2015-212x300.jpg 212w, http:\/\/festivalursus.com\/wp-content\/uploads\/2016\/05\/Ursus-World-2015-768x1087.jpg 768w, http:\/\/festivalursus.com\/wp-content\/uploads\/2016\/05\/Ursus-World-2015-724x1024.jpg 724w, http:\/\/festivalursus.com\/wp-content\/uploads\/2016\/05\/Ursus-World-2015-1140x1613.jpg 1140w, http:\/\/festivalursus.com\/wp-content\/uploads\/2016\/05\/Ursus-World-2015-552x781.jpg 552w, http:\/\/festivalursus.com\/wp-content\/uploads\/2016\/05\/Ursus-World-2015.jpg 1447w\" sizes=\"(max-width: 550px) 100vw, 550px\" \/><\/a> <a href=\"http:\/\/festivalursus.com\/?page_id=234&amp;lang=en\" target=\"_blank\"><img decoding=\"async\" loading=\"lazy\" class=\"aligncenter wp-image-589\" src=\"http:\/\/festivalursus.com\/wp-content\/uploads\/2016\/05\/11947953_853634674734499_1870211556516753503_o-212x300.jpg\" alt=\"11947953_853634674734499_1870211556516753503_o\" width=\"550\" height=\"778\" srcset=\"http:\/\/festivalursus.com\/wp-content\/uploads\/2016\/05\/11947953_853634674734499_1870211556516753503_o-212x300.jpg 212w, http:\/\/festivalursus.com\/wp-content\/uploads\/2016\/05\/11947953_853634674734499_1870211556516753503_o-768x1087.jpg 768w, http:\/\/festivalursus.com\/wp-content\/uploads\/2016\/05\/11947953_853634674734499_1870211556516753503_o-724x1024.jpg 724w, http:\/\/festivalursus.com\/wp-content\/uploads\/2016\/05\/11947953_853634674734499_1870211556516753503_o-1140x1613.jpg 1140w, http:\/\/festivalursus.com\/wp-content\/uploads\/2016\/05\/11947953_853634674734499_1870211556516753503_o-552x781.jpg 552w, http:\/\/festivalursus.com\/wp-content\/uploads\/2016\/05\/11947953_853634674734499_1870211556516753503_o.jpg 1447w\" sizes=\"(max-width: 550px) 100vw, 550px\" \/><\/a><\/p>\n","protected":false},"excerpt":{"rendered":"<p class=\"post-excerpt\">&#8220;Without music, life would be a mistake&#8221; &#8211; Friedrich Nietzsche Dear visitors! A year has gone by and the doors&#8230;<\/p>\n","protected":false},"author":1,"featured_media":0,"parent":0,"menu_order":0,"comment_status":"closed","ping_status":"closed","template":"","meta":[],"_links":{"self":[{"href":"http:\/\/festivalursus.com\/index.php?rest_route=\/wp\/v2\/pages\/294"}],"collection":[{"href":"http:\/\/festivalursus.com\/index.php?rest_route=\/wp\/v2\/pages"}],"about":[{"href":"http:\/\/festivalursus.com\/index.php?rest_route=\/wp\/v2\/types\/page"}],"author":[{"embeddable":true,"href":"http:\/\/festivalursus.com\/index.php?rest_route=\/wp\/v2\/users\/1"}],"replies":[{"embeddable":true,"href":"http:\/\/festivalursus.com\/index.php?rest_route=%2Fwp%2Fv2%2Fcomments&post=294"}],"version-history":[{"count":12,"href":"http:\/\/festivalursus.com\/index.php?rest_route=\/wp\/v2\/pages\/294\/revisions"}],"predecessor-version":[{"id":1720,"href":"http:\/\/festivalursus.com\/index.php?rest_route=\/wp\/v2\/pages\/294\/revisions\/1720"}],"wp:attachment":[{"href":"http:\/\/festivalursus.com\/index.php?rest_route=%2Fwp%2Fv2%2Fmedia&parent=294"}],"curies":[{"name":"wp","href":"https:\/\/api.w.org\/{rel}","templated":true}]}}

<p><img decoding="async" loading="lazy" class="aligncenter wp-image-591" src="http://festivalursus.com/wp-content/uploads/2016/05/10003623_799882623443038_4328799357881271817_o-300x115.jpg" alt="10003623_799882623443038_4328799357881271817_o" width="550" height="211" srcset="http://festivalursus.com/wp-content/uploads/2016/05/10003623_799882623443038_4328799357881271817_o-300x115.jpg 300w, http://festivalursus.com/wp-content/uploads/2016/05/10003623_799882623443038_4328799357881271817_o-768x295.jpg 768w, http://festivalursus.com/wp-content/uploads/2016/05/10003623_799882623443038_4328799357881271817_o-1024x393.jpg 1024w, http://festivalursus.com/wp-content/uploads/2016/05/10003623_799882623443038_4328799357881271817_o-1140x438.jpg 1140w, http://festivalursus.com/wp-content/uploads/2016/05/10003623_799882623443038_4328799357881271817_o-552x212.jpg 552w, http://festivalursus.com/wp-content/uploads/2016/05/10003623_799882623443038_4328799357881271817_o.jpg 1232w" sizes="(max-width: 550px) 100vw, 550px" /></p>
<p><em>&#8220;Without music, life would be a mistake&#8221;</em><br />
&#8211; Friedrich Nietzsche</p>
<p>Dear visitors!</p>
<p>A year has gone by and the doors of the concert barn in the Medved homestead are opening again. After last year’s enthusiastic response from public and performers alike, it has become clear that the International music festival “Ursus” is a welcome addition to the musical landscape in central Slovenia. This edition will focus on multinationalism, the mixing of cultural influences and the resulting enrichment of both personal and national cultural identity.<br />
Renowned musicians are coming from many different parts of the world: China, Venezuela, Serbia, Croatia, Italy and Slovenia. Each of them will bring their rich tradition and a specifical individual approach, presenting us with an extremely interesting and diverse programme.<br />
The opening concert features some of the most important composers of the European baroque era. French ballet, Czech musicality, Italian temperament and German counterpoint will complement each other in several compositions for wind instruments. An exotic combination seldom seen in our area: two flutes, a bassoon and a harpsichord.<br />
The Russian master of neoclassicism, Sergey Prokofiev, wrote his musical tale for the central children’s theatre, Moscow, with the intention of “cultivating musical tastes in children from the first years of school.” The music will be accompanied by the illustrations of Teja Plečnik and the storyteller will be the versatile Nika Vogrič Dežman. Children are growing, the intention stays the same.<br />
The final concert will take us on a trip around the world. Japanese painter Hokusai Katsuhika, a self confessed “old man crazy about painting”, is most probably “guilty” of the development of impressionism in France. A century later, the composer Takemitsu dedicated his trio to a great influence of his, Claude Debussy. The wheel goes around. Works by famous Indian sitarist Ravi Shankar, Italian opera giant Giacomo Puccini, modern Spanish composer Manuel Moreno-Buendia and South American flutist/composer Efraim Oscher will conclude our musical journey where it also began – in Podkum.</p>
<p>Every thing that has meaning to us, requires some effort. It is probably this very effort that makes that certain thing for us meaningful. For a musician it is music; for an audience member, the experience of a concert. The effort required in this case is the journey to Medved homestead in Podkum, which lasts the exact amount of time necessary for one to relax, empty one’s mind and get ready for …</p>
<p>Welcome!</p>
<p>Marko Zupan,<br />
artistic director</p>
<p>&nbsp;</p>
<p><a href="http://festivalursus.com/?page_id=128&amp;lang=en" target="_blank"><img decoding="async" loading="lazy" class="wp-image-578 aligncenter" src="http://festivalursus.com/wp-content/uploads/2016/05/Ursus-Barok-2015-page-001-4-212x300.jpg" alt="Ursus-Barok-2015-page-001-4" width="550" height="778" srcset="http://festivalursus.com/wp-content/uploads/2016/05/Ursus-Barok-2015-page-001-4-212x300.jpg 212w, http://festivalursus.com/wp-content/uploads/2016/05/Ursus-Barok-2015-page-001-4-768x1087.jpg 768w, http://festivalursus.com/wp-content/uploads/2016/05/Ursus-Barok-2015-page-001-4-724x1024.jpg 724w, http://festivalursus.com/wp-content/uploads/2016/05/Ursus-Barok-2015-page-001-4-1140x1613.jpg 1140w, http://festivalursus.com/wp-content/uploads/2016/05/Ursus-Barok-2015-page-001-4-552x781.jpg 552w, http://festivalursus.com/wp-content/uploads/2016/05/Ursus-Barok-2015-page-001-4.jpg 1447w" sizes="(max-width: 550px) 100vw, 550px" /></a> <a href="http://festivalursus.com/?page_id=148&amp;lang=en" target="_blank"><img decoding="async" loading="lazy" class="aligncenter wp-image-579" src="http://festivalursus.com/wp-content/uploads/2016/05/Ursus-Prokofjev-2015-page-001-5-212x300.jpg" alt="Ursus-Prokofjev-2015-page-001-5" width="550" height="778" srcset="http://festivalursus.com/wp-content/uploads/2016/05/Ursus-Prokofjev-2015-page-001-5-212x300.jpg 212w, http://festivalursus.com/wp-content/uploads/2016/05/Ursus-Prokofjev-2015-page-001-5-768x1087.jpg 768w, http://festivalursus.com/wp-content/uploads/2016/05/Ursus-Prokofjev-2015-page-001-5-724x1024.jpg 724w, http://festivalursus.com/wp-content/uploads/2016/05/Ursus-Prokofjev-2015-page-001-5-1140x1613.jpg 1140w, http://festivalursus.com/wp-content/uploads/2016/05/Ursus-Prokofjev-2015-page-001-5-552x781.jpg 552w, http://festivalursus.com/wp-content/uploads/2016/05/Ursus-Prokofjev-2015-page-001-5.jpg 1447w" sizes="(max-width: 550px) 100vw, 550px" /></a><a href="http://festivalursus.com/?page_id=167&amp;lang=en" target="_blank"><img decoding="async" loading="lazy" class="aligncenter wp-image-580" src="http://festivalursus.com/wp-content/uploads/2016/05/Ursus-World-2015-212x300.jpg" alt="Ursus-World-2015" width="550" height="778" srcset="http://festivalursus.com/wp-content/uploads/2016/05/Ursus-World-2015-212x300.jpg 212w, http://festivalursus.com/wp-content/uploads/2016/05/Ursus-World-2015-768x1087.jpg 768w, http://festivalursus.com/wp-content/uploads/2016/05/Ursus-World-2015-724x1024.jpg 724w, http://festivalursus.com/wp-content/uploads/2016/05/Ursus-World-2015-1140x1613.jpg 1140w, http://festivalursus.com/wp-content/uploads/2016/05/Ursus-World-2015-552x781.jpg 552w, http://festivalursus.com/wp-content/uploads/2016/05/Ursus-World-2015.jpg 1447w" sizes="(max-width: 550px) 100vw, 550px" /></a> <a href="http://festivalursus.com/?page_id=234&amp;lang=en" target="_blank"><img decoding="async" loading="lazy" class="aligncenter wp-image-589" src="http://festivalursus.com/wp-content/uploads/2016/05/11947953_853634674734499_1870211556516753503_o-212x300.jpg" alt="11947953_853634674734499_1870211556516753503_o" width="550" height="778" srcset="http://festivalursus.com/wp-content/uploads/2016/05/11947953_853634674734499_1870211556516753503_o-212x300.jpg 212w, http://festivalursus.com/wp-content/uploads/2016/05/11947953_853634674734499_1870211556516753503_o-768x1087.jpg 768w, http://festivalursus.com/wp-content/uploads/2016/05/11947953_853634674734499_1870211556516753503_o-724x1024.jpg 724w, http://festivalursus.com/wp-content/uploads/2016/05/11947953_853634674734499_1870211556516753503_o-1140x1613.jpg 1140w, http://festivalursus.com/wp-content/uploads/2016/05/11947953_853634674734499_1870211556516753503_o-552x781.jpg 552w, http://festivalursus.com/wp-content/uploads/2016/05/11947953_853634674734499_1870211556516753503_o.jpg 1447w" sizes="(max-width: 550px) 100vw, 550px" /></a></p>
