{"id":3007,"date":"2020-06-11T17:44:53","date_gmt":"2020-06-11T17:44:53","guid":{"rendered":"http:\/\/festivalursus.com\/?page_id=3007"},"modified":"2020-06-11T17:44:53","modified_gmt":"2020-06-11T17:44:53","slug":"matjaz-bogataj-violina","status":"publish","type":"page","link":"http:\/\/festivalursus.com\/?page_id=3007&lang=sl","title":{"rendered":"Matja\u017e Bogataj, violina"},"content":{"rendered":"<p><a href=\"http:\/\/festivalursus.com\/wp-content\/uploads\/2020\/06\/12493892_10156497517920571_4355714869558272694_o-1.jpg\" target=\"_blank\" rel=\"noopener noreferrer\"><img decoding=\"async\" loading=\"lazy\" class=\"aligncenter wp-image-3083 size-medium\" src=\"http:\/\/festivalursus.com\/wp-content\/uploads\/2020\/06\/12493892_10156497517920571_4355714869558272694_o-1-300x200.jpg\" alt=\"\" width=\"300\" height=\"200\" srcset=\"http:\/\/festivalursus.com\/wp-content\/uploads\/2020\/06\/12493892_10156497517920571_4355714869558272694_o-1-300x200.jpg 300w, http:\/\/festivalursus.com\/wp-content\/uploads\/2020\/06\/12493892_10156497517920571_4355714869558272694_o-1-1024x683.jpg 1024w, http:\/\/festivalursus.com\/wp-content\/uploads\/2020\/06\/12493892_10156497517920571_4355714869558272694_o-1-768x512.jpg 768w, http:\/\/festivalursus.com\/wp-content\/uploads\/2020\/06\/12493892_10156497517920571_4355714869558272694_o-1-1536x1024.jpg 1536w, http:\/\/festivalursus.com\/wp-content\/uploads\/2020\/06\/12493892_10156497517920571_4355714869558272694_o-1-1140x760.jpg 1140w, http:\/\/festivalursus.com\/wp-content\/uploads\/2020\/06\/12493892_10156497517920571_4355714869558272694_o-1-552x368.jpg 552w, http:\/\/festivalursus.com\/wp-content\/uploads\/2020\/06\/12493892_10156497517920571_4355714869558272694_o-1.jpg 2048w\" sizes=\"(max-width: 300px) 100vw, 300px\" \/><\/a><\/p>\n<p>Matja\u017e Bogataj (1987) je svoj solisti\u010dni \u0161tudij leta 2013 zaklju\u010dil z magistrsko diplomo summa cum laude na Umetnostni univerzi v Gradcu, kjer je \u0161tudiral v razredu Silvie Marcovici. Leto za tem pa je na Visoki \u0161oli za glasbo in teater pod vodstvom Wen-Sinn Yanga in Michaela Sch\u00e4fferja zaklju\u010dil \u0161e magistrski \u0161tudij komorne glasbe.<\/p>\n<p>\u0160tiri leta je bil \u010dlan frankfurtskega Opernega in muzejskega orkestra, septembra 2017 pa je prevzel mesto vodje drugih violin v orkestru Bavarske dr\u017eavne opere.<\/p>\n<p>Poleg delovnih obveznosti v operi se Matja\u017e aktivno posve\u010da komorni glasbi &#8211; \u0161e najbolj delu s klavirskim triom Munich ARTISTrio, v katerem s sestro Maru\u0161o igra od leta 2012. Studijske posnetke in njihove koncerte v \u017eivo so med drugim arhivirali BR, RAI, ORF in RTV Slovenija.<\/p>\n","protected":false},"excerpt":{"rendered":"<p class=\"post-excerpt\">Matja\u017e Bogataj (1987) je svoj solisti\u010dni \u0161tudij leta 2013 zaklju\u010dil z magistrsko diplomo summa cum laude na Umetnostni univerzi v&#8230;<\/p>\n","protected":false},"author":1,"featured_media":0,"parent":0,"menu_order":0,"comment_status":"closed","ping_status":"closed","template":"","meta":[],"_links":{"self":[{"href":"http:\/\/festivalursus.com\/index.php?rest_route=\/wp\/v2\/pages\/3007"}],"collection":[{"href":"http:\/\/festivalursus.com\/index.php?rest_route=\/wp\/v2\/pages"}],"about":[{"href":"http:\/\/festivalursus.com\/index.php?rest_route=\/wp\/v2\/types\/page"}],"author":[{"embeddable":true,"href":"http:\/\/festivalursus.com\/index.php?rest_route=\/wp\/v2\/users\/1"}],"replies":[{"embeddable":true,"href":"http:\/\/festivalursus.com\/index.php?rest_route=%2Fwp%2Fv2%2Fcomments&post=3007"}],"version-history":[{"count":5,"href":"http:\/\/festivalursus.com\/index.php?rest_route=\/wp\/v2\/pages\/3007\/revisions"}],"predecessor-version":[{"id":3085,"href":"http:\/\/festivalursus.com\/index.php?rest_route=\/wp\/v2\/pages\/3007\/revisions\/3085"}],"wp:attachment":[{"href":"http:\/\/festivalursus.com\/index.php?rest_route=%2Fwp%2Fv2%2Fmedia&parent=3007"}],"curies":[{"name":"wp","href":"https:\/\/api.w.org\/{rel}","templated":true}]}}

Matjaž Bogataj, violina

<p><a href="http://festivalursus.com/wp-content/uploads/2020/06/12493892_10156497517920571_4355714869558272694_o-1.jpg" target="_blank" rel="noopener noreferrer"><img decoding="async" loading="lazy" class="aligncenter wp-image-3083 size-medium" src="http://festivalursus.com/wp-content/uploads/2020/06/12493892_10156497517920571_4355714869558272694_o-1-300x200.jpg" alt="" width="300" height="200" srcset="http://festivalursus.com/wp-content/uploads/2020/06/12493892_10156497517920571_4355714869558272694_o-1-300x200.jpg 300w, http://festivalursus.com/wp-content/uploads/2020/06/12493892_10156497517920571_4355714869558272694_o-1-1024x683.jpg 1024w, http://festivalursus.com/wp-content/uploads/2020/06/12493892_10156497517920571_4355714869558272694_o-1-768x512.jpg 768w, http://festivalursus.com/wp-content/uploads/2020/06/12493892_10156497517920571_4355714869558272694_o-1-1536x1024.jpg 1536w, http://festivalursus.com/wp-content/uploads/2020/06/12493892_10156497517920571_4355714869558272694_o-1-1140x760.jpg 1140w, http://festivalursus.com/wp-content/uploads/2020/06/12493892_10156497517920571_4355714869558272694_o-1-552x368.jpg 552w, http://festivalursus.com/wp-content/uploads/2020/06/12493892_10156497517920571_4355714869558272694_o-1.jpg 2048w" sizes="(max-width: 300px) 100vw, 300px" /></a></p>
<p>Matjaž Bogataj (1987) je svoj solistični študij leta 2013 zaključil z magistrsko diplomo summa cum laude na Umetnostni univerzi v Gradcu, kjer je študiral v razredu Silvie Marcovici. Leto za tem pa je na Visoki šoli za glasbo in teater pod vodstvom Wen-Sinn Yanga in Michaela Schäfferja zaključil še magistrski študij komorne glasbe.</p>
<p>Štiri leta je bil član frankfurtskega Opernega in muzejskega orkestra, septembra 2017 pa je prevzel mesto vodje drugih violin v orkestru Bavarske državne opere.</p>
<p>Poleg delovnih obveznosti v operi se Matjaž aktivno posveča komorni glasbi &#8211; še najbolj delu s klavirskim triom Munich ARTISTrio, v katerem s sestro Marušo igra od leta 2012. Studijske posnetke in njihove koncerte v živo so med drugim arhivirali BR, RAI, ORF in RTV Slovenija.</p>

<p class="post-excerpt">Matjaž Bogataj (1987) je svoj solistični študij leta 2013 zaključil z magistrsko diplomo summa cum laude na Umetnostni univerzi v&#8230;</p>
