{"id":3033,"date":"2020-06-11T17:48:05","date_gmt":"2020-06-11T17:48:05","guid":{"rendered":"http:\/\/festivalursus.com\/?page_id=3033"},"modified":"2023-06-08T08:47:29","modified_gmt":"2023-06-08T08:47:29","slug":"tomaz-mocilnik-klarinet-20","status":"publish","type":"page","link":"http:\/\/festivalursus.com\/?page_id=3033&lang=sl","title":{"rendered":"Toma\u017e Mo\u010dilnik &#8211; klarinet"},"content":{"rendered":"<p><a href=\"http:\/\/festivalursus.com\/wp-content\/uploads\/2018\/03\/IMG-20180327-WA0000-1.jpg\" target=\"_blank\" rel=\"noopener noreferrer\"><img decoding=\"async\" loading=\"lazy\" class=\"aligncenter wp-image-2187 size-medium\" src=\"http:\/\/festivalursus.com\/wp-content\/uploads\/2018\/03\/IMG-20180327-WA0000-1-200x300.jpg\" alt=\"\" width=\"200\" height=\"300\" srcset=\"http:\/\/festivalursus.com\/wp-content\/uploads\/2018\/03\/IMG-20180327-WA0000-1-200x300.jpg 200w, http:\/\/festivalursus.com\/wp-content\/uploads\/2018\/03\/IMG-20180327-WA0000-1-768x1152.jpg 768w, http:\/\/festivalursus.com\/wp-content\/uploads\/2018\/03\/IMG-20180327-WA0000-1-682x1024.jpg 682w, http:\/\/festivalursus.com\/wp-content\/uploads\/2018\/03\/IMG-20180327-WA0000-1-552x828.jpg 552w, http:\/\/festivalursus.com\/wp-content\/uploads\/2018\/03\/IMG-20180327-WA0000-1.jpg 853w\" sizes=\"(max-width: 200px) 100vw, 200px\" \/><\/a><\/p>\n<p>Leta 1990 rojen Toma\u017e Mo\u010dilnik je za\u010del svojo glasbeno izobrazbo v svoji domovini, na koro\u0161kem, preden se je leta 2005 podal v Celovec, kjer je do leta 2009 obiskoval slovensko gimnazijo ter se glasbeno izobra\u017eeval na koro\u0161kem de\u017eelnem konzervatoriju za glasbo pri profesorju Hubertu Salmhoferju. Po srednji \u0161oli se je vpisal na \u0161tudij glasbe v Graz, kjer je tudi leta 2014 z odliko diplomiral v razredu Geralda Pachingerja.<\/p>\n<p>Svoje izobra\u017eevanje je po opravljeni avdiciji kasneje nadaljeval v orkestrski akademiji Berlinske dr\u017eavne opere pod vodstvom Daniela Barenboima, kjer je 2 leti pridobival izku\u0161nje s sodelovanjem z najbolj priznanimi dirigenti in solisti tega \u010dasa.<\/p>\n<p>Od septembra 2016 je Toma\u017e redno zaposlen kot Solo-klarinetist v orkestru Frankfurtskega radia s katerim koncertira po evropi in po svetu.<\/p>\n","protected":false},"excerpt":{"rendered":"<p class=\"post-excerpt\">Leta 1990 rojen Toma\u017e Mo\u010dilnik je za\u010del svojo glasbeno izobrazbo v svoji domovini, na koro\u0161kem, preden se je leta 2005&#8230;<\/p>\n","protected":false},"author":1,"featured_media":0,"parent":0,"menu_order":0,"comment_status":"closed","ping_status":"closed","template":"","meta":[],"_links":{"self":[{"href":"http:\/\/festivalursus.com\/index.php?rest_route=\/wp\/v2\/pages\/3033"}],"collection":[{"href":"http:\/\/festivalursus.com\/index.php?rest_route=\/wp\/v2\/pages"}],"about":[{"href":"http:\/\/festivalursus.com\/index.php?rest_route=\/wp\/v2\/types\/page"}],"author":[{"embeddable":true,"href":"http:\/\/festivalursus.com\/index.php?rest_route=\/wp\/v2\/users\/1"}],"replies":[{"embeddable":true,"href":"http:\/\/festivalursus.com\/index.php?rest_route=%2Fwp%2Fv2%2Fcomments&post=3033"}],"version-history":[{"count":3,"href":"http:\/\/festivalursus.com\/index.php?rest_route=\/wp\/v2\/pages\/3033\/revisions"}],"predecessor-version":[{"id":3689,"href":"http:\/\/festivalursus.com\/index.php?rest_route=\/wp\/v2\/pages\/3033\/revisions\/3689"}],"wp:attachment":[{"href":"http:\/\/festivalursus.com\/index.php?rest_route=%2Fwp%2Fv2%2Fmedia&parent=3033"}],"curies":[{"name":"wp","href":"https:\/\/api.w.org\/{rel}","templated":true}]}}

Tomaž Močilnik &#8211; klarinet

<p><a href="http://festivalursus.com/wp-content/uploads/2018/03/IMG-20180327-WA0000-1.jpg" target="_blank" rel="noopener noreferrer"><img decoding="async" loading="lazy" class="aligncenter wp-image-2187 size-medium" src="http://festivalursus.com/wp-content/uploads/2018/03/IMG-20180327-WA0000-1-200x300.jpg" alt="" width="200" height="300" srcset="http://festivalursus.com/wp-content/uploads/2018/03/IMG-20180327-WA0000-1-200x300.jpg 200w, http://festivalursus.com/wp-content/uploads/2018/03/IMG-20180327-WA0000-1-768x1152.jpg 768w, http://festivalursus.com/wp-content/uploads/2018/03/IMG-20180327-WA0000-1-682x1024.jpg 682w, http://festivalursus.com/wp-content/uploads/2018/03/IMG-20180327-WA0000-1-552x828.jpg 552w, http://festivalursus.com/wp-content/uploads/2018/03/IMG-20180327-WA0000-1.jpg 853w" sizes="(max-width: 200px) 100vw, 200px" /></a></p>
<p>Leta 1990 rojen Tomaž Močilnik je začel svojo glasbeno izobrazbo v svoji domovini, na koroškem, preden se je leta 2005 podal v Celovec, kjer je do leta 2009 obiskoval slovensko gimnazijo ter se glasbeno izobraževal na koroškem deželnem konzervatoriju za glasbo pri profesorju Hubertu Salmhoferju. Po srednji šoli se je vpisal na študij glasbe v Graz, kjer je tudi leta 2014 z odliko diplomiral v razredu Geralda Pachingerja.</p>
<p>Svoje izobraževanje je po opravljeni avdiciji kasneje nadaljeval v orkestrski akademiji Berlinske državne opere pod vodstvom Daniela Barenboima, kjer je 2 leti pridobival izkušnje s sodelovanjem z najbolj priznanimi dirigenti in solisti tega časa.</p>
<p>Od septembra 2016 je Tomaž redno zaposlen kot Solo-klarinetist v orkestru Frankfurtskega radia s katerim koncertira po evropi in po svetu.</p>

<p class="post-excerpt">Leta 1990 rojen Tomaž Močilnik je začel svojo glasbeno izobrazbo v svoji domovini, na koroškem, preden se je leta 2005&#8230;</p>
