{"id":3047,"date":"2020-06-11T17:49:15","date_gmt":"2020-06-11T17:49:15","guid":{"rendered":"http:\/\/festivalursus.com\/?page_id=3047"},"modified":"2023-06-08T08:46:29","modified_gmt":"2023-06-08T08:46:29","slug":"tonko-huljev-fagot","status":"publish","type":"page","link":"http:\/\/festivalursus.com\/?page_id=3047&lang=sl","title":{"rendered":"Tonko Huljev &#8211; fagot"},"content":{"rendered":"<p><a href=\"http:\/\/festivalursus.com\/wp-content\/uploads\/2020\/06\/tonko-huljev-e1483691264734.jpg\" target=\"_blank\" rel=\"noopener noreferrer\"><img decoding=\"async\" loading=\"lazy\" class=\"aligncenter wp-image-3168 size-medium\" src=\"http:\/\/festivalursus.com\/wp-content\/uploads\/2020\/06\/tonko-huljev-e1483691264734-200x300.jpg\" alt=\"\" width=\"200\" height=\"300\" srcset=\"http:\/\/festivalursus.com\/wp-content\/uploads\/2020\/06\/tonko-huljev-e1483691264734-200x300.jpg 200w, http:\/\/festivalursus.com\/wp-content\/uploads\/2020\/06\/tonko-huljev-e1483691264734.jpg 532w\" sizes=\"(max-width: 200px) 100vw, 200px\" \/><\/a><\/p>\n<p>Fagotist Tonko Huljev se je rodil leta 1986 v \u0160ibeniku. Kot otrok je za\u010del igrati klavir in s trinajstimi leti se je za\u010del u\u010diti \u0161e fagot. Vse do \u0161tudija je bil pod mentorstvom svojega o\u010deta Damira Huljeva.\u00a0 Leta 2004 je po uspe\u0161nem sprejemnem izpitu za\u010del \u0161tudirati na visoki \u0161oli za glasbo v M\u00fcnchnu v razredu prof. Eberharda Marschalla.<\/p>\n<p>Leta 2001 in 2004 je prejel prve nagrade na regijskem in dr\u017eavne tekmovanju TEMSIG in leta 2002 na hrva\u0161kem dr\u017eavnem tekmovanju v Dubrovniku z najvi\u0161jim \u0161tevilom to\u010dk. Zmagal je tudi v konkurenci vseh in\u0161trumentov v Povolettu leta 2003. Med \u0161tudijem leta 2009, pa je bil drugonagrajenec tekmovanja nem\u0161kih visokih \u0161ol za glasbo v Detmoldu.<\/p>\n<p>Do sedaj je \u017ee igral v najboljih koncertnih dvoranah kot so Wiener Musikverein, Concertgebouw Amsterdam, KKL Luzern, Royal Albert Hall London, Milanska Scala, Herkulessaal M\u00fcnchen in z velikimi dirigenti kot so Franz Welser \u2013 M\u00f6st, Bernard Haitink, Daniel Harding, Charles Dutoit, Mariss Jansons, Andris Nelsons, Bruno Weil, Zubin Mehta in Jonathan Nott. Skupaj je tudi muziciral z glazbeniki kot so Stefan Schilli, Fran\u00e7ois Leleux, Marco Postinghel, Andras Adorjan, Wolfgang Gaag, Johannes Hinterholzer.<\/p>\n<p>S posebnim povabilom je bil leta 2009 solo fagotist mladinskega orkestra Gustav Mahler in je istega leta postal \u010dlan orkesterske akademije sinfoni\u010dnega orkestra bavarskega radija. Po dveh letih v tem vrhunskem orkestru, je leta 2011 postal solo fagotist sinfoni\u010dnega orkestra Hof.<\/p>\n","protected":false},"excerpt":{"rendered":"<p class=\"post-excerpt\">Fagotist Tonko Huljev se je rodil leta 1986 v \u0160ibeniku. Kot otrok je za\u010del igrati klavir in s trinajstimi leti&#8230;<\/p>\n","protected":false},"author":1,"featured_media":0,"parent":0,"menu_order":0,"comment_status":"closed","ping_status":"closed","template":"","meta":[],"_links":{"self":[{"href":"http:\/\/festivalursus.com\/index.php?rest_route=\/wp\/v2\/pages\/3047"}],"collection":[{"href":"http:\/\/festivalursus.com\/index.php?rest_route=\/wp\/v2\/pages"}],"about":[{"href":"http:\/\/festivalursus.com\/index.php?rest_route=\/wp\/v2\/types\/page"}],"author":[{"embeddable":true,"href":"http:\/\/festivalursus.com\/index.php?rest_route=\/wp\/v2\/users\/1"}],"replies":[{"embeddable":true,"href":"http:\/\/festivalursus.com\/index.php?rest_route=%2Fwp%2Fv2%2Fcomments&post=3047"}],"version-history":[{"count":7,"href":"http:\/\/festivalursus.com\/index.php?rest_route=\/wp\/v2\/pages\/3047\/revisions"}],"predecessor-version":[{"id":3685,"href":"http:\/\/festivalursus.com\/index.php?rest_route=\/wp\/v2\/pages\/3047\/revisions\/3685"}],"wp:attachment":[{"href":"http:\/\/festivalursus.com\/index.php?rest_route=%2Fwp%2Fv2%2Fmedia&parent=3047"}],"curies":[{"name":"wp","href":"https:\/\/api.w.org\/{rel}","templated":true}]}}