{"id":3053,"date":"2020-06-11T17:45:25","date_gmt":"2020-06-11T17:45:25","guid":{"rendered":"http:\/\/festivalursus.com\/?page_id=3053"},"modified":"2023-07-03T15:33:39","modified_gmt":"2023-07-03T15:33:39","slug":"andrej-zust-rog","status":"publish","type":"page","link":"http:\/\/festivalursus.com\/?page_id=3053&lang=sl","title":{"rendered":"Andrej \u017dust &#8211; rog"},"content":{"rendered":"<p><a href=\"http:\/\/festivalursus.com\/wp-content\/uploads\/2020\/06\/IMG-20200610-WA0001.jpg\" target=\"_blank\" rel=\"noopener noreferrer\"><img decoding=\"async\" loading=\"lazy\" class=\"aligncenter wp-image-3051 size-medium\" src=\"http:\/\/festivalursus.com\/wp-content\/uploads\/2020\/06\/IMG-20200610-WA0001-200x300.jpg\" alt=\"\" width=\"200\" height=\"300\" srcset=\"http:\/\/festivalursus.com\/wp-content\/uploads\/2020\/06\/IMG-20200610-WA0001-200x300.jpg 200w, http:\/\/festivalursus.com\/wp-content\/uploads\/2020\/06\/IMG-20200610-WA0001-552x828.jpg 552w, http:\/\/festivalursus.com\/wp-content\/uploads\/2020\/06\/IMG-20200610-WA0001.jpg 683w\" sizes=\"(max-width: 200px) 100vw, 200px\" \/><\/a><\/p>\n<p>&nbsp;<\/p>\n<p>Andrej \u017dust (1984) je kon\u010dal ni\u017ejo glasbeno \u0161olo v rodnem Logatcu pri prof. Janezu Polancu, \u0161olanje je nadaljeval na Srednji glasbeni in baletni \u0161oli v Ljubljani pri prof. Metodu Tomacu in nato \u0161tudiral na Akademiji za glasbo v Ljubljani pri prof. Jo\u017eetu Faloutu in prof. Bo\u0161tjanu Lipov\u0161ku. Svoje znanje je izpopolnjeval pri priznanih profesorjih:Hermann Baumann, Radovan Vlatkovi\u0107, Froydis Ree Wekre, &#8230;..Dve leti je bil \u0161tipendist presti\u017ene Karajan akademije Berlinskih filharmonikov (2009-2011).<\/p>\n<p>Kot solist je trikrat zmagal na dr\u017eavnem tekmovanju mladih glasbenikov (1996, 1999, 2001- je prejel absolutnih 100 to\u010dk) in na mednarodnem tekmovanju v Udinah(Italija), kjer je poleg prve nagrade prejel \u0161e dve posebni nagradi in bil tako progla\u0161en za absolutnega zmagovalca tekmovanja. Kot komorni glasbenik je na dr\u017eavnem tekmovanju komornih skupin leta 2004 zmagal s kvartetom rogov , leta 2006 s pihalnim kvintetom, leta 2006 je bil cetrfinalist na prestiznem tekmovanju ARD s pihalnim kvintetom Savitra, nazadnje pa je bil polfinalist na tekmovanju Young Talent v Bratislavi.<\/p>\n<p>Andrej \u017dust je zelo aktiven komorni glasbenik, redno koncertira na mednarodnih festivalih po celem svetu. Kot \u010dlan svetovno znanih mladinskih orkestrov Gustav Mahler (GMJO) ter Pacifi\u0161kega glasbenega festivala (PMF) je sodeloval z najbolj uglednimi dirigenti in solisti.<br \/>\nKot solist se je predstavil z orkestrom Slovenske filharmonije, orkestrom Berliner Barock Solisten, Ruskim dr\u017eavnim orkestrom, komornim orkestrom Mito, komornim orkestrom Slovenske filharmonije, Zadarskim komornim orkestrom, orkestrom SNG Maribor, Ruskim dr\u017eavnim orkestrom, orkester 1B1&#8230;Predstavil se je s skladbami \u017eeleznega repertuarja, kot tudi novitetami doma\u010dih in tujih skladateljev.<\/p>\n<p>Za svoje dose\u017eke je prejel \u0160krjan\u010devo nagrado, katero podeljuje SGB\u0160 Ljubljana, Pre\u0161ernovo nagrado Univerze v Ljubljani ter Beetetovo nagrado.<\/p>\n<p>Andrej \u017dust je bil dolga leta solo rogist orkestra Slovenske filharmonije, sodeloval je tudi s simfoni\u010dnim orkestrom RTV Slovenija, z Orkestrom Ljubljanske opere, od leta 2011 je \u010dlan orkestra Berlinske filharmonije.<\/p>\n","protected":false},"excerpt":{"rendered":"<p class=\"post-excerpt\">&nbsp; Andrej \u017dust (1984) je kon\u010dal ni\u017ejo glasbeno \u0161olo v rodnem Logatcu pri prof. Janezu Polancu, \u0161olanje je nadaljeval na&#8230;<\/p>\n","protected":false},"author":1,"featured_media":0,"parent":0,"menu_order":0,"comment_status":"closed","ping_status":"closed","template":"","meta":[],"_links":{"self":[{"href":"http:\/\/festivalursus.com\/index.php?rest_route=\/wp\/v2\/pages\/3053"}],"collection":[{"href":"http:\/\/festivalursus.com\/index.php?rest_route=\/wp\/v2\/pages"}],"about":[{"href":"http:\/\/festivalursus.com\/index.php?rest_route=\/wp\/v2\/types\/page"}],"author":[{"embeddable":true,"href":"http:\/\/festivalursus.com\/index.php?rest_route=\/wp\/v2\/users\/1"}],"replies":[{"embeddable":true,"href":"http:\/\/festivalursus.com\/index.php?rest_route=%2Fwp%2Fv2%2Fcomments&post=3053"}],"version-history":[{"count":5,"href":"http:\/\/festivalursus.com\/index.php?rest_route=\/wp\/v2\/pages\/3053\/revisions"}],"predecessor-version":[{"id":3734,"href":"http:\/\/festivalursus.com\/index.php?rest_route=\/wp\/v2\/pages\/3053\/revisions\/3734"}],"wp:attachment":[{"href":"http:\/\/festivalursus.com\/index.php?rest_route=%2Fwp%2Fv2%2Fmedia&parent=3053"}],"curies":[{"name":"wp","href":"https:\/\/api.w.org\/{rel}","templated":true}]}}

Andrej Žust &#8211; rog

<p><a href="http://festivalursus.com/wp-content/uploads/2020/06/IMG-20200610-WA0001.jpg" target="_blank" rel="noopener noreferrer"><img decoding="async" loading="lazy" class="aligncenter wp-image-3051 size-medium" src="http://festivalursus.com/wp-content/uploads/2020/06/IMG-20200610-WA0001-200x300.jpg" alt="" width="200" height="300" srcset="http://festivalursus.com/wp-content/uploads/2020/06/IMG-20200610-WA0001-200x300.jpg 200w, http://festivalursus.com/wp-content/uploads/2020/06/IMG-20200610-WA0001-552x828.jpg 552w, http://festivalursus.com/wp-content/uploads/2020/06/IMG-20200610-WA0001.jpg 683w" sizes="(max-width: 200px) 100vw, 200px" /></a></p>
<p>&nbsp;</p>
<p>Andrej Žust (1984) je končal nižjo glasbeno šolo v rodnem Logatcu pri prof. Janezu Polancu, šolanje je nadaljeval na Srednji glasbeni in baletni šoli v Ljubljani pri prof. Metodu Tomacu in nato študiral na Akademiji za glasbo v Ljubljani pri prof. Jožetu Faloutu in prof. Boštjanu Lipovšku. Svoje znanje je izpopolnjeval pri priznanih profesorjih:Hermann Baumann, Radovan Vlatković, Froydis Ree Wekre, &#8230;..Dve leti je bil štipendist prestižne Karajan akademije Berlinskih filharmonikov (2009-2011).</p>
<p>Kot solist je trikrat zmagal na državnem tekmovanju mladih glasbenikov (1996, 1999, 2001- je prejel absolutnih 100 točk) in na mednarodnem tekmovanju v Udinah(Italija), kjer je poleg prve nagrade prejel še dve posebni nagradi in bil tako proglašen za absolutnega zmagovalca tekmovanja. Kot komorni glasbenik je na državnem tekmovanju komornih skupin leta 2004 zmagal s kvartetom rogov , leta 2006 s pihalnim kvintetom, leta 2006 je bil cetrfinalist na prestiznem tekmovanju ARD s pihalnim kvintetom Savitra, nazadnje pa je bil polfinalist na tekmovanju Young Talent v Bratislavi.</p>
<p>Andrej Žust je zelo aktiven komorni glasbenik, redno koncertira na mednarodnih festivalih po celem svetu. Kot član svetovno znanih mladinskih orkestrov Gustav Mahler (GMJO) ter Pacifiškega glasbenega festivala (PMF) je sodeloval z najbolj uglednimi dirigenti in solisti.<br />
Kot solist se je predstavil z orkestrom Slovenske filharmonije, orkestrom Berliner Barock Solisten, Ruskim državnim orkestrom, komornim orkestrom Mito, komornim orkestrom Slovenske filharmonije, Zadarskim komornim orkestrom, orkestrom SNG Maribor, Ruskim državnim orkestrom, orkester 1B1&#8230;Predstavil se je s skladbami železnega repertuarja, kot tudi novitetami domačih in tujih skladateljev.</p>
<p>Za svoje dosežke je prejel Škrjančevo nagrado, katero podeljuje SGBŠ Ljubljana, Prešernovo nagrado Univerze v Ljubljani ter Beetetovo nagrado.</p>
<p>Andrej Žust je bil dolga leta solo rogist orkestra Slovenske filharmonije, sodeloval je tudi s simfoničnim orkestrom RTV Slovenija, z Orkestrom Ljubljanske opere, od leta 2011 je član orkestra Berlinske filharmonije.</p>

<p class="post-excerpt">&nbsp; Andrej Žust (1984) je končal nižjo glasbeno šolo v rodnem Logatcu pri prof. Janezu Polancu, šolanje je nadaljeval na&#8230;</p>
