{"id":3066,"date":"2020-06-11T17:52:11","date_gmt":"2020-06-11T17:52:11","guid":{"rendered":"http:\/\/festivalursus.com\/?page_id=3066"},"modified":"2020-06-29T12:16:05","modified_gmt":"2020-06-29T12:16:05","slug":"musicians-2020","status":"publish","type":"page","link":"http:\/\/festivalursus.com\/?page_id=3066&lang=en","title":{"rendered":"Musicians 2020"},"content":{"rendered":"<p><a href=\"http:\/\/festivalursus.com\/?page_id=3005&amp;lang=en\" target=\"_blank\" rel=\"noopener noreferrer\">Bogataj Matja\u017e, violin<\/a><\/p>\n<p><a href=\"http:\/\/festivalursus.com\/?page_id=3195&amp;lang=en\" target=\"_blank\" rel=\"noopener noreferrer\">Clein Natalie, cello<\/a><\/p>\n<p><a href=\"http:\/\/festivalursus.com\/?page_id=3045&amp;lang=en\" target=\"_blank\" rel=\"noopener noreferrer\">Huljev Tonko, bassoon<\/a><\/p>\n<p><a href=\"http:\/\/festivalursus.com\/?page_id=3055&amp;lang=en\" target=\"_blank\" rel=\"noopener noreferrer\">Leben Klemen, accordion<\/a><\/p>\n<p><a href=\"http:\/\/festivalursus.com\/?page_id=3025&amp;lang=en\" target=\"_blank\" rel=\"noopener noreferrer\">Lo\u0161trek \u017diva, oboe<\/a><\/p>\n<p><a href=\"http:\/\/festivalursus.com\/?page_id=3030&amp;lang=en\" target=\"_blank\" rel=\"noopener noreferrer\">Mo\u010dilnik Toma\u017e, clarinet<\/a><\/p>\n<p><a href=\"http:\/\/festivalursus.com\/?page_id=3009&amp;lang=en\" target=\"_blank\" rel=\"noopener noreferrer\">Pantner Gea, viola<\/a><\/p>\n<p><a href=\"http:\/\/festivalursus.com\/?page_id=3016&amp;lang=en\" target=\"_blank\" rel=\"noopener noreferrer\">Stadler Jaka, cello<\/a><\/p>\n<p><a href=\"http:\/\/festivalursus.com\/?page_id=3021&amp;lang=en\" target=\"_blank\" rel=\"noopener noreferrer\">Zupan Marko, flute<\/a><\/p>\n<p><a href=\"http:\/\/festivalursus.com\/?page_id=3049&amp;lang=en\" target=\"_blank\" rel=\"noopener noreferrer\">\u017dust Andrej, horn<\/a><\/p>\n","protected":false},"excerpt":{"rendered":"<p class=\"post-excerpt\">Bogataj Matja\u017e, violin Clein Natalie, cello Huljev Tonko, bassoon Leben Klemen, accordion Lo\u0161trek \u017diva, oboe Mo\u010dilnik Toma\u017e, clarinet Pantner Gea,&#8230;<\/p>\n","protected":false},"author":1,"featured_media":0,"parent":0,"menu_order":0,"comment_status":"closed","ping_status":"closed","template":"","meta":[],"_links":{"self":[{"href":"http:\/\/festivalursus.com\/index.php?rest_route=\/wp\/v2\/pages\/3066"}],"collection":[{"href":"http:\/\/festivalursus.com\/index.php?rest_route=\/wp\/v2\/pages"}],"about":[{"href":"http:\/\/festivalursus.com\/index.php?rest_route=\/wp\/v2\/types\/page"}],"author":[{"embeddable":true,"href":"http:\/\/festivalursus.com\/index.php?rest_route=\/wp\/v2\/users\/1"}],"replies":[{"embeddable":true,"href":"http:\/\/festivalursus.com\/index.php?rest_route=%2Fwp%2Fv2%2Fcomments&post=3066"}],"version-history":[{"count":10,"href":"http:\/\/festivalursus.com\/index.php?rest_route=\/wp\/v2\/pages\/3066\/revisions"}],"predecessor-version":[{"id":3205,"href":"http:\/\/festivalursus.com\/index.php?rest_route=\/wp\/v2\/pages\/3066\/revisions\/3205"}],"wp:attachment":[{"href":"http:\/\/festivalursus.com\/index.php?rest_route=%2Fwp%2Fv2%2Fmedia&parent=3066"}],"curies":[{"name":"wp","href":"https:\/\/api.w.org\/{rel}","templated":true}]}}