{"id":3069,"date":"2020-06-11T17:53:23","date_gmt":"2020-06-11T17:53:23","guid":{"rendered":"http:\/\/festivalursus.com\/?page_id=3069"},"modified":"2020-06-29T12:16:38","modified_gmt":"2020-06-29T12:16:38","slug":"glasbeniki-2020","status":"publish","type":"page","link":"http:\/\/festivalursus.com\/?page_id=3069&lang=sl","title":{"rendered":"Glasbeniki 2020"},"content":{"rendered":"<p><a href=\"http:\/\/festivalursus.com\/?page_id=3007&amp;lang=sl\" target=\"_blank\" rel=\"noopener noreferrer\">Bogataj Matja\u017e, violina<\/a><\/p>\n<p><a href=\"http:\/\/festivalursus.com\/?page_id=3200&amp;lang=sl\" target=\"_blank\" rel=\"noopener noreferrer\">Clein Natalie, violon\u010delo<\/a><\/p>\n<p><a href=\"http:\/\/festivalursus.com\/?page_id=3047&amp;lang=sl\" target=\"_blank\" rel=\"noopener noreferrer\">Huljev Tonko, fagot<\/a><\/p>\n<p><a href=\"http:\/\/festivalursus.com\/?page_id=3057&amp;lang=sl\" target=\"_blank\" rel=\"noopener noreferrer\">Leben Klemen, harmonika<\/a><\/p>\n<p><a href=\"http:\/\/festivalursus.com\/?page_id=3028&amp;lang=sl\" target=\"_blank\" rel=\"noopener noreferrer\">Lo\u0161trek \u017diva, oboa<\/a><\/p>\n<p><a href=\"http:\/\/festivalursus.com\/?page_id=3033&amp;lang=sl\" target=\"_blank\" rel=\"noopener noreferrer\">Mo\u010dilnik Toma\u017e, klarinet<\/a><\/p>\n<p><a href=\"http:\/\/festivalursus.com\/?page_id=3011&amp;lang=sl\" target=\"_blank\" rel=\"noopener noreferrer\">Pantner Gea, viola<\/a><\/p>\n<p><a href=\"http:\/\/festivalursus.com\/?page_id=3019&amp;lang=sl\" target=\"_blank\" rel=\"noopener noreferrer\">Stadler Jaka, violon\u010delo<\/a><\/p>\n<p><a href=\"http:\/\/festivalursus.com\/?page_id=3023&amp;lang=sl\" target=\"_blank\" rel=\"noopener noreferrer\">Zupan Marko, flavta<\/a><\/p>\n<p><a href=\"http:\/\/festivalursus.com\/?page_id=3053&amp;lang=sl\" target=\"_blank\" rel=\"noopener noreferrer\">\u017dust Andrej, rog<\/a><\/p>\n","protected":false},"excerpt":{"rendered":"<p class=\"post-excerpt\">Bogataj Matja\u017e, violina Clein Natalie, violon\u010delo Huljev Tonko, fagot Leben Klemen, harmonika Lo\u0161trek \u017diva, oboa Mo\u010dilnik Toma\u017e, klarinet Pantner Gea,&#8230;<\/p>\n","protected":false},"author":1,"featured_media":0,"parent":0,"menu_order":0,"comment_status":"closed","ping_status":"closed","template":"","meta":[],"_links":{"self":[{"href":"http:\/\/festivalursus.com\/index.php?rest_route=\/wp\/v2\/pages\/3069"}],"collection":[{"href":"http:\/\/festivalursus.com\/index.php?rest_route=\/wp\/v2\/pages"}],"about":[{"href":"http:\/\/festivalursus.com\/index.php?rest_route=\/wp\/v2\/types\/page"}],"author":[{"embeddable":true,"href":"http:\/\/festivalursus.com\/index.php?rest_route=\/wp\/v2\/users\/1"}],"replies":[{"embeddable":true,"href":"http:\/\/festivalursus.com\/index.php?rest_route=%2Fwp%2Fv2%2Fcomments&post=3069"}],"version-history":[{"count":10,"href":"http:\/\/festivalursus.com\/index.php?rest_route=\/wp\/v2\/pages\/3069\/revisions"}],"predecessor-version":[{"id":3206,"href":"http:\/\/festivalursus.com\/index.php?rest_route=\/wp\/v2\/pages\/3069\/revisions\/3206"}],"wp:attachment":[{"href":"http:\/\/festivalursus.com\/index.php?rest_route=%2Fwp%2Fv2%2Fmedia&parent=3069"}],"curies":[{"name":"wp","href":"https:\/\/api.w.org\/{rel}","templated":true}]}}