{"id":3142,"date":"2020-06-11T18:42:44","date_gmt":"2020-06-11T18:42:44","guid":{"rendered":"http:\/\/festivalursus.com\/?page_id=3142"},"modified":"2020-06-12T13:25:00","modified_gmt":"2020-06-12T13:25:00","slug":"beethoven-si","status":"publish","type":"page","link":"http:\/\/festivalursus.com\/?page_id=3142&lang=sl","title":{"rendered":"Beethoven"},"content":{"rendered":"<p><a href=\"http:\/\/festivalursus.com\/wp-content\/uploads\/2020\/06\/BEETHOVEN.png\" target=\"_blank\" rel=\"noopener noreferrer\"><img decoding=\"async\" loading=\"lazy\" class=\"aligncenter wp-image-3140 size-large\" src=\"http:\/\/festivalursus.com\/wp-content\/uploads\/2020\/06\/BEETHOVEN-724x1024.png\" alt=\"\" width=\"700\" height=\"990\" srcset=\"http:\/\/festivalursus.com\/wp-content\/uploads\/2020\/06\/BEETHOVEN-724x1024.png 724w, http:\/\/festivalursus.com\/wp-content\/uploads\/2020\/06\/BEETHOVEN-212x300.png 212w, http:\/\/festivalursus.com\/wp-content\/uploads\/2020\/06\/BEETHOVEN-768x1086.png 768w, http:\/\/festivalursus.com\/wp-content\/uploads\/2020\/06\/BEETHOVEN-1086x1536.png 1086w, http:\/\/festivalursus.com\/wp-content\/uploads\/2020\/06\/BEETHOVEN-1448x2048.png 1448w, http:\/\/festivalursus.com\/wp-content\/uploads\/2020\/06\/BEETHOVEN-1140x1613.png 1140w, http:\/\/festivalursus.com\/wp-content\/uploads\/2020\/06\/BEETHOVEN-552x781.png 552w, http:\/\/festivalursus.com\/wp-content\/uploads\/2020\/06\/BEETHOVEN.png 1587w\" sizes=\"(max-width: 700px) 100vw, 700px\" \/><\/a><\/p>\n<p>Ob po\u010dastitvi 250-letnice rojstva enega najve\u010djih glasbenih genijev vseh \u010dasov bomo spoznali Beethovnovo tudi malo druga\u010dno stran.<\/p>\n<p>&nbsp;<\/p>\n<p><em>&#8211; Serenada za \ufb02avto, violino in violo v D-duru, Op. 25<\/em><\/p>\n<p><em>&#8211; &#8220;Duet z dvema nao\u010dnikoma obligato&#8221; v Es-duru za violo in violon\u010delo, WoO 32<\/em><\/p>\n<p><em>&#8211; Duo za dve \ufb02avti v G-duru, WoO 26 (verzija za \ufb02avto in violino)<\/em><\/p>\n<p><em>&#8211; Godalni trio \u0161t. 5 v c-molu, Op. 9 \u0161t. 3<\/em><\/p>\n<p>&nbsp;<\/p>\n<p><a href=\"http:\/\/festivalursus.com\/?page_id=3007&amp;lang=sl\" target=\"_blank\" rel=\"noopener noreferrer\">Bogataj Matja\u017e, violina<\/a><\/p>\n<p><a href=\"http:\/\/festivalursus.com\/?page_id=3011&amp;lang=sl\" target=\"_blank\" rel=\"noopener noreferrer\">Pantner Gea, viola<\/a><\/p>\n<p><a href=\"http:\/\/festivalursus.com\/?page_id=3019&amp;lang=sl\" target=\"_blank\" rel=\"noopener noreferrer\">Stadler Jaka, violon\u010delo<\/a><\/p>\n<p><a href=\"http:\/\/festivalursus.com\/?page_id=3023&amp;lang=sl\" target=\"_blank\" rel=\"noopener noreferrer\">Zupan Marko, flavta<\/a><\/p>\n<p>&nbsp;<\/p>\n<p>Koncert bo v petek, 31. julija 2020, ob 18h na Doma\u010diji Medved v Podkumu<\/p>\n","protected":false},"excerpt":{"rendered":"<p class=\"post-excerpt\">Ob po\u010dastitvi 250-letnice rojstva enega najve\u010djih glasbenih genijev vseh \u010dasov bomo spoznali Beethovnovo tudi malo druga\u010dno stran. &nbsp; &#8211; Serenada&#8230;<\/p>\n","protected":false},"author":1,"featured_media":0,"parent":0,"menu_order":0,"comment_status":"closed","ping_status":"closed","template":"","meta":[],"_links":{"self":[{"href":"http:\/\/festivalursus.com\/index.php?rest_route=\/wp\/v2\/pages\/3142"}],"collection":[{"href":"http:\/\/festivalursus.com\/index.php?rest_route=\/wp\/v2\/pages"}],"about":[{"href":"http:\/\/festivalursus.com\/index.php?rest_route=\/wp\/v2\/types\/page"}],"author":[{"embeddable":true,"href":"http:\/\/festivalursus.com\/index.php?rest_route=\/wp\/v2\/users\/1"}],"replies":[{"embeddable":true,"href":"http:\/\/festivalursus.com\/index.php?rest_route=%2Fwp%2Fv2%2Fcomments&post=3142"}],"version-history":[{"count":6,"href":"http:\/\/festivalursus.com\/index.php?rest_route=\/wp\/v2\/pages\/3142\/revisions"}],"predecessor-version":[{"id":3177,"href":"http:\/\/festivalursus.com\/index.php?rest_route=\/wp\/v2\/pages\/3142\/revisions\/3177"}],"wp:attachment":[{"href":"http:\/\/festivalursus.com\/index.php?rest_route=%2Fwp%2Fv2%2Fmedia&parent=3142"}],"curies":[{"name":"wp","href":"https:\/\/api.w.org\/{rel}","templated":true}]}}

<p><a href="http://festivalursus.com/wp-content/uploads/2020/06/BEETHOVEN.png" target="_blank" rel="noopener noreferrer"><img decoding="async" loading="lazy" class="aligncenter wp-image-3140 size-large" src="http://festivalursus.com/wp-content/uploads/2020/06/BEETHOVEN-724x1024.png" alt="" width="700" height="990" srcset="http://festivalursus.com/wp-content/uploads/2020/06/BEETHOVEN-724x1024.png 724w, http://festivalursus.com/wp-content/uploads/2020/06/BEETHOVEN-212x300.png 212w, http://festivalursus.com/wp-content/uploads/2020/06/BEETHOVEN-768x1086.png 768w, http://festivalursus.com/wp-content/uploads/2020/06/BEETHOVEN-1086x1536.png 1086w, http://festivalursus.com/wp-content/uploads/2020/06/BEETHOVEN-1448x2048.png 1448w, http://festivalursus.com/wp-content/uploads/2020/06/BEETHOVEN-1140x1613.png 1140w, http://festivalursus.com/wp-content/uploads/2020/06/BEETHOVEN-552x781.png 552w, http://festivalursus.com/wp-content/uploads/2020/06/BEETHOVEN.png 1587w" sizes="(max-width: 700px) 100vw, 700px" /></a></p>
<p>Ob počastitvi 250-letnice rojstva enega največjih glasbenih genijev vseh časov bomo spoznali Beethovnovo tudi malo drugačno stran.</p>
<p>&nbsp;</p>
<p><em>&#8211; Serenada za ﬂavto, violino in violo v D-duru, Op. 25</em></p>
<p><em>&#8211; &#8220;Duet z dvema naočnikoma obligato&#8221; v Es-duru za violo in violončelo, WoO 32</em></p>
<p><em>&#8211; Duo za dve ﬂavti v G-duru, WoO 26 (verzija za ﬂavto in violino)</em></p>
<p><em>&#8211; Godalni trio št. 5 v c-molu, Op. 9 št. 3</em></p>
<p>&nbsp;</p>
<p><a href="http://festivalursus.com/?page_id=3007&amp;lang=sl" target="_blank" rel="noopener noreferrer">Bogataj Matjaž, violina</a></p>
<p><a href="http://festivalursus.com/?page_id=3011&amp;lang=sl" target="_blank" rel="noopener noreferrer">Pantner Gea, viola</a></p>
<p><a href="http://festivalursus.com/?page_id=3019&amp;lang=sl" target="_blank" rel="noopener noreferrer">Stadler Jaka, violončelo</a></p>
<p><a href="http://festivalursus.com/?page_id=3023&amp;lang=sl" target="_blank" rel="noopener noreferrer">Zupan Marko, flavta</a></p>
<p>&nbsp;</p>
<p>Koncert bo v petek, 31. julija 2020, ob 18h na Domačiji Medved v Podkumu</p>

<p class="post-excerpt">Ob počastitvi 250-letnice rojstva enega največjih glasbenih genijev vseh časov bomo spoznali Beethovnovo tudi malo drugačno stran. &nbsp; &#8211; Serenada&#8230;</p>
