{"id":3333,"date":"2021-06-22T08:43:39","date_gmt":"2021-06-22T08:43:39","guid":{"rendered":"http:\/\/festivalursus.com\/?page_id=3333"},"modified":"2021-06-22T08:43:39","modified_gmt":"2021-06-22T08:43:39","slug":"jure-gradisnik-trobenta","status":"publish","type":"page","link":"http:\/\/festivalursus.com\/?page_id=3333&lang=sl","title":{"rendered":"Jure Gradi\u0161nik &#8211; trobenta"},"content":{"rendered":"<p style=\"text-align: center;\"><a href=\"http:\/\/festivalursus.com\/wp-content\/uploads\/2021\/06\/Jure-1.jpg\" target=\"_blank\" rel=\"noopener\"><img decoding=\"async\" loading=\"lazy\" class=\"wp-image-3334 size-medium\" src=\"http:\/\/festivalursus.com\/wp-content\/uploads\/2021\/06\/Jure-1-200x300.jpg\" alt=\"\" width=\"200\" height=\"300\" srcset=\"http:\/\/festivalursus.com\/wp-content\/uploads\/2021\/06\/Jure-1-200x300.jpg 200w, http:\/\/festivalursus.com\/wp-content\/uploads\/2021\/06\/Jure-1-683x1024.jpg 683w, http:\/\/festivalursus.com\/wp-content\/uploads\/2021\/06\/Jure-1-768x1152.jpg 768w, http:\/\/festivalursus.com\/wp-content\/uploads\/2021\/06\/Jure-1-1024x1536.jpg 1024w, http:\/\/festivalursus.com\/wp-content\/uploads\/2021\/06\/Jure-1-1140x1710.jpg 1140w, http:\/\/festivalursus.com\/wp-content\/uploads\/2021\/06\/Jure-1.jpg 1299w\" sizes=\"(max-width: 200px) 100vw, 200px\" \/><\/a><\/p>\n<p style=\"text-align: center;\">Jure Gradi\u0161nik je diplomiral na Akademiji za glasbo v Ljubljani v razredu prof. Stanka Arnolda in pozneje \u0161tudij nadaljeval na Mozarteumu v Salzburgu pri prof. Hansu Ganschu. Je dobitnik mnogih nagrad na doma\u010dih tekmovanjih, med drugim tudi \u0161tipendije Yamaha leta 2003. Za izvedbo koncerta H. Tomasija s Slovensko filharmonijo je prejel leta 2005 \u0161tudentsko Pre\u0161ernovo nagrado.<\/p>\n<p style=\"text-align: center;\">\u017de med \u0161tudijem je Gradi\u0161nik postal trobenta\u010d Orkestra SNG Opera in balet Ljubljana in bil v letih 2003\u20132012 zaposlen tam kot solo trobenta\u010d. Sedaj je zaposlen kot solo trobenta\u010d Simfoni\u010dnega orkestra RTV Slovenija.<\/p>\n<p style=\"text-align: center;\">Poleg tega aktivno sodeluje \u0161e z drugimi orkestri in razli\u010dnimi komornimi sestavi, tako v trobilnem kvintetu SiBrass, v triu Seraphim, Trobilnem triu RTV Slovenija in v duetu s harfistko Mario Gamboz Gradi\u0161nik. Kot solist je nastopil s Simfoni\u010dnim orkestrom RTV Slovenija, Komornim godalnim orkestrom Slovenske filharmonije, Orkestrom Slovenske vojske, Simfoni\u010dnim orkestrom Filharmonia Oltenia, Komornim orkestrom Festivala Maribor, Orkestrom SNG Opera in balet Ljubljana, slova\u0161kim komornim orkestrom Cappella Istropolitana, Orkestrom Hrva\u0161ke vojske, romunskim komornim orkestrom Filarmonici \u00bbOltenia\u00ab in z orkestrom Slovenske filharmonije. Nastopal je s priznanimi glasbeniki (S. Arnold, R. Galliano, S. Mead, R. Tognetti \u2026) in pod taktirko mnogih priznanih dirigentov, kot so A. Nanut, U. Lajovic, M. Letonja, E. Shao, D. Rossberg, T. Hanus &#8230;<\/p>\n<p style=\"text-align: center;\">Od leta 2004 pou\u010duje v glasbeni \u0161oli v Zavodu sv. Stanislava, 2011 je postal asistent in leta 2015 docent na Akademiji za glasbo.<\/p>\n","protected":false},"excerpt":{"rendered":"<p class=\"post-excerpt\">Jure Gradi\u0161nik je diplomiral na Akademiji za glasbo v Ljubljani v razredu prof. Stanka Arnolda in pozneje \u0161tudij nadaljeval na&#8230;<\/p>\n","protected":false},"author":1,"featured_media":0,"parent":0,"menu_order":0,"comment_status":"closed","ping_status":"closed","template":"","meta":[],"_links":{"self":[{"href":"http:\/\/festivalursus.com\/index.php?rest_route=\/wp\/v2\/pages\/3333"}],"collection":[{"href":"http:\/\/festivalursus.com\/index.php?rest_route=\/wp\/v2\/pages"}],"about":[{"href":"http:\/\/festivalursus.com\/index.php?rest_route=\/wp\/v2\/types\/page"}],"author":[{"embeddable":true,"href":"http:\/\/festivalursus.com\/index.php?rest_route=\/wp\/v2\/users\/1"}],"replies":[{"embeddable":true,"href":"http:\/\/festivalursus.com\/index.php?rest_route=%2Fwp%2Fv2%2Fcomments&post=3333"}],"version-history":[{"count":1,"href":"http:\/\/festivalursus.com\/index.php?rest_route=\/wp\/v2\/pages\/3333\/revisions"}],"predecessor-version":[{"id":3335,"href":"http:\/\/festivalursus.com\/index.php?rest_route=\/wp\/v2\/pages\/3333\/revisions\/3335"}],"wp:attachment":[{"href":"http:\/\/festivalursus.com\/index.php?rest_route=%2Fwp%2Fv2%2Fmedia&parent=3333"}],"curies":[{"name":"wp","href":"https:\/\/api.w.org\/{rel}","templated":true}]}}