{"id":3341,"date":"2021-06-22T08:49:04","date_gmt":"2021-06-22T08:49:04","guid":{"rendered":"http:\/\/festivalursus.com\/?page_id=3341"},"modified":"2021-06-22T08:49:04","modified_gmt":"2021-06-22T08:49:04","slug":"goran-cetinic-koca-kitara","status":"publish","type":"page","link":"http:\/\/festivalursus.com\/?page_id=3341&lang=sl","title":{"rendered":"Goran Cetini\u0107 Ko\u0107a &#8211; kitara"},"content":{"rendered":"<p style=\"text-align: center;\"><a href=\"http:\/\/festivalursus.com\/wp-content\/uploads\/2021\/06\/Koca-1.jpg\" target=\"_blank\" rel=\"noopener\"><img decoding=\"async\" loading=\"lazy\" class=\"aligncenter wp-image-3342 size-medium\" src=\"http:\/\/festivalursus.com\/wp-content\/uploads\/2021\/06\/Koca-1-200x300.jpg\" alt=\"\" width=\"200\" height=\"300\" srcset=\"http:\/\/festivalursus.com\/wp-content\/uploads\/2021\/06\/Koca-1-200x300.jpg 200w, http:\/\/festivalursus.com\/wp-content\/uploads\/2021\/06\/Koca-1.jpg 601w\" sizes=\"(max-width: 200px) 100vw, 200px\" \/><\/a><\/p>\n<p style=\"text-align: center;\">Goran Cetini\u0107 \u2013 Ko\u0107a se je rodil v Splitu, kjer je pri 11 letih za\u010del igrati kitaro. Samouk je bil do 22. leta, ko je za\u010del pouk klasi\u010dne kitare. Od leta 2001 nastopa v razli\u010dnih blues in jazz skupinah. Sodeloval je z mnogimi znanimi hrva\u0161kimi glasbeniki, imel je \u0161tevilne koncerte in nastopal na razli\u010dnih blues \/ jazz \/ etno festivalih. Redno nastopa na najpomembnej\u0161ih hrva\u0161kih blues in jazz festivalih, ki se oddajajo na Hrva\u0161kem dr\u017eavnem radiju in televiziji.<br \/>\nLeta 2010 je za\u010del \u0161tudirati klasi\u010dno kitaro na Akademiji umetnosti v Splitu, kjer je diplomiral v razredu prof. Gorana Liste\u0161a.<br \/>\nOd ustanovitve je \u010dlan splitskega kvarteta kitar, blues skupine Otprilike Ovako in jazz skupine \u0160porkestar.<\/p>\n","protected":false},"excerpt":{"rendered":"<p class=\"post-excerpt\">Goran Cetini\u0107 \u2013 Ko\u0107a se je rodil v Splitu, kjer je pri 11 letih za\u010del igrati kitaro. Samouk je bil&#8230;<\/p>\n","protected":false},"author":1,"featured_media":0,"parent":0,"menu_order":0,"comment_status":"closed","ping_status":"closed","template":"","meta":[],"_links":{"self":[{"href":"http:\/\/festivalursus.com\/index.php?rest_route=\/wp\/v2\/pages\/3341"}],"collection":[{"href":"http:\/\/festivalursus.com\/index.php?rest_route=\/wp\/v2\/pages"}],"about":[{"href":"http:\/\/festivalursus.com\/index.php?rest_route=\/wp\/v2\/types\/page"}],"author":[{"embeddable":true,"href":"http:\/\/festivalursus.com\/index.php?rest_route=\/wp\/v2\/users\/1"}],"replies":[{"embeddable":true,"href":"http:\/\/festivalursus.com\/index.php?rest_route=%2Fwp%2Fv2%2Fcomments&post=3341"}],"version-history":[{"count":1,"href":"http:\/\/festivalursus.com\/index.php?rest_route=\/wp\/v2\/pages\/3341\/revisions"}],"predecessor-version":[{"id":3343,"href":"http:\/\/festivalursus.com\/index.php?rest_route=\/wp\/v2\/pages\/3341\/revisions\/3343"}],"wp:attachment":[{"href":"http:\/\/festivalursus.com\/index.php?rest_route=%2Fwp%2Fv2%2Fmedia&parent=3341"}],"curies":[{"name":"wp","href":"https:\/\/api.w.org\/{rel}","templated":true}]}}

Goran Cetinić Koća &#8211; kitara

<p style="text-align: center;"><a href="http://festivalursus.com/wp-content/uploads/2021/06/Koca-1.jpg" target="_blank" rel="noopener"><img decoding="async" loading="lazy" class="aligncenter wp-image-3342 size-medium" src="http://festivalursus.com/wp-content/uploads/2021/06/Koca-1-200x300.jpg" alt="" width="200" height="300" srcset="http://festivalursus.com/wp-content/uploads/2021/06/Koca-1-200x300.jpg 200w, http://festivalursus.com/wp-content/uploads/2021/06/Koca-1.jpg 601w" sizes="(max-width: 200px) 100vw, 200px" /></a></p>
<p style="text-align: center;">Goran Cetinić – Koća se je rodil v Splitu, kjer je pri 11 letih začel igrati kitaro. Samouk je bil do 22. leta, ko je začel pouk klasične kitare. Od leta 2001 nastopa v različnih blues in jazz skupinah. Sodeloval je z mnogimi znanimi hrvaškimi glasbeniki, imel je številne koncerte in nastopal na različnih blues / jazz / etno festivalih. Redno nastopa na najpomembnejših hrvaških blues in jazz festivalih, ki se oddajajo na Hrvaškem državnem radiju in televiziji.<br />
Leta 2010 je začel študirati klasično kitaro na Akademiji umetnosti v Splitu, kjer je diplomiral v razredu prof. Gorana Listeša.<br />
Od ustanovitve je član splitskega kvarteta kitar, blues skupine Otprilike Ovako in jazz skupine Šporkestar.</p>

<p class="post-excerpt">Goran Cetinić – Koća se je rodil v Splitu, kjer je pri 11 letih začel igrati kitaro. Samouk je bil&#8230;</p>
