{"id":3358,"date":"2021-06-22T09:00:55","date_gmt":"2021-06-22T09:00:55","guid":{"rendered":"http:\/\/festivalursus.com\/?page_id=3358"},"modified":"2021-06-22T09:00:55","modified_gmt":"2021-06-22T09:00:55","slug":"tonci-tranfic-klaviature","status":"publish","type":"page","link":"http:\/\/festivalursus.com\/?page_id=3358&lang=sl","title":{"rendered":"Ton\u010di Tranfi\u0107 &#8211; klaviature"},"content":{"rendered":"<p style=\"text-align: center;\"><a href=\"http:\/\/festivalursus.com\/wp-content\/uploads\/2021\/06\/Tonci-1.jpg\"><img decoding=\"async\" loading=\"lazy\" class=\"aligncenter size-medium wp-image-3359\" src=\"http:\/\/festivalursus.com\/wp-content\/uploads\/2021\/06\/Tonci-1-200x300.jpg\" alt=\"\" width=\"200\" height=\"300\" srcset=\"http:\/\/festivalursus.com\/wp-content\/uploads\/2021\/06\/Tonci-1-200x300.jpg 200w, http:\/\/festivalursus.com\/wp-content\/uploads\/2021\/06\/Tonci-1.jpg 601w\" sizes=\"(max-width: 200px) 100vw, 200px\" \/><\/a><\/p>\n<p>&nbsp;<\/p>\n<p style=\"text-align: center;\">Ton\u010di Tranfi\u0107 se je rodil leta 1987 v Splitu. Osnovno in srednjo glasbeno \u0161olo je kon\u010dal pri prof. Najdi \u010capalija v G\u0160 Josip Hatze v Splitu. Leta 2004 se je vpisal na Akademijo za glasbo v Zagrebu v razredu prof. Djordja Stanettie. Med je nastopal na \u0161tevilnih koncertih in dosegal visoke ocene na ve\u010d kot 20 tekmovanjih v kategorijah klavir, klavirski duo in solfeggio.<\/p>\n<p style=\"text-align: center;\">\nNajpomembnej\u0161i rezultati so: 1. mesto na nacionalnih tekmovanjih 1999 in 2001 (kot nagrada koncert \u201cIn memoriam Darka Luki\u0107a\u201d v Osijeku), 1. nagrado na mednarodnem tekmovanju \u201cZlatko Grgo\u0161evi\u0107\u201d leta 2000 in 2. nagrada na istem tekmovanju v letu 2002. Istega leta je prejel 2. nagrado na mednarodnem tekmovanju \u201cEtide i Skale\u201d. Na tekmovanju za solfeggijo je na dr\u017eavnih tekmovanjih v letih 2003 in 2005 prejel dve drugi nagradi. Svojo glasbeno izobrazbo je izpopolnil na \u0161tevilnih seminarjih s priznanimi svetovnimi pedagogi, kot so Arbo Valdma, \u0110uro Tikvica, Vladimir Krpan&#8230;<\/p>\n<p style=\"text-align: center;\">\nLeta 2009 je diplomiral z odli\u010dnim uspehom. Istega leta se je zaposlil kot profesor klavirja na Glasbeni \u0161oli Josipa Hatzeja v Splitu in kot korepetitor-umetni\u0161ki sodelavec na Akademiji za glasbo v Splitu.<br \/>\nLeta 2015 je na String festivalu v Sremski Mitrovici v Srbiji prejel nagrado za najbolj\u0161ega klavirskega sodelavca festivala. Istega leta nastopa kot solist z orkestrom Narodnega gledali\u0161\u010da v Splitu v ciklu novoletnih koncertov.<br \/>\nTranfi\u0107 je umetni\u0161ki vodja klape Cambi in klape Elektrodalmacija.<\/p>\n","protected":false},"excerpt":{"rendered":"<p class=\"post-excerpt\">&nbsp; Ton\u010di Tranfi\u0107 se je rodil leta 1987 v Splitu. Osnovno in srednjo glasbeno \u0161olo je kon\u010dal pri prof. Najdi&#8230;<\/p>\n","protected":false},"author":1,"featured_media":0,"parent":0,"menu_order":0,"comment_status":"closed","ping_status":"closed","template":"","meta":[],"_links":{"self":[{"href":"http:\/\/festivalursus.com\/index.php?rest_route=\/wp\/v2\/pages\/3358"}],"collection":[{"href":"http:\/\/festivalursus.com\/index.php?rest_route=\/wp\/v2\/pages"}],"about":[{"href":"http:\/\/festivalursus.com\/index.php?rest_route=\/wp\/v2\/types\/page"}],"author":[{"embeddable":true,"href":"http:\/\/festivalursus.com\/index.php?rest_route=\/wp\/v2\/users\/1"}],"replies":[{"embeddable":true,"href":"http:\/\/festivalursus.com\/index.php?rest_route=%2Fwp%2Fv2%2Fcomments&post=3358"}],"version-history":[{"count":1,"href":"http:\/\/festivalursus.com\/index.php?rest_route=\/wp\/v2\/pages\/3358\/revisions"}],"predecessor-version":[{"id":3360,"href":"http:\/\/festivalursus.com\/index.php?rest_route=\/wp\/v2\/pages\/3358\/revisions\/3360"}],"wp:attachment":[{"href":"http:\/\/festivalursus.com\/index.php?rest_route=%2Fwp%2Fv2%2Fmedia&parent=3358"}],"curies":[{"name":"wp","href":"https:\/\/api.w.org\/{rel}","templated":true}]}}

Tonči Tranfić &#8211; klaviature

<p style="text-align: center;"><a href="http://festivalursus.com/wp-content/uploads/2021/06/Tonci-1.jpg"><img decoding="async" loading="lazy" class="aligncenter size-medium wp-image-3359" src="http://festivalursus.com/wp-content/uploads/2021/06/Tonci-1-200x300.jpg" alt="" width="200" height="300" srcset="http://festivalursus.com/wp-content/uploads/2021/06/Tonci-1-200x300.jpg 200w, http://festivalursus.com/wp-content/uploads/2021/06/Tonci-1.jpg 601w" sizes="(max-width: 200px) 100vw, 200px" /></a></p>
<p>&nbsp;</p>
<p style="text-align: center;">Tonči Tranfić se je rodil leta 1987 v Splitu. Osnovno in srednjo glasbeno šolo je končal pri prof. Najdi Čapalija v GŠ Josip Hatze v Splitu. Leta 2004 se je vpisal na Akademijo za glasbo v Zagrebu v razredu prof. Djordja Stanettie. Med je nastopal na številnih koncertih in dosegal visoke ocene na več kot 20 tekmovanjih v kategorijah klavir, klavirski duo in solfeggio.</p>
<p style="text-align: center;">
Najpomembnejši rezultati so: 1. mesto na nacionalnih tekmovanjih 1999 in 2001 (kot nagrada koncert “In memoriam Darka Lukića” v Osijeku), 1. nagrado na mednarodnem tekmovanju “Zlatko Grgošević” leta 2000 in 2. nagrada na istem tekmovanju v letu 2002. Istega leta je prejel 2. nagrado na mednarodnem tekmovanju “Etide i Skale”. Na tekmovanju za solfeggijo je na državnih tekmovanjih v letih 2003 in 2005 prejel dve drugi nagradi. Svojo glasbeno izobrazbo je izpopolnil na številnih seminarjih s priznanimi svetovnimi pedagogi, kot so Arbo Valdma, Đuro Tikvica, Vladimir Krpan&#8230;</p>
<p style="text-align: center;">
Leta 2009 je diplomiral z odličnim uspehom. Istega leta se je zaposlil kot profesor klavirja na Glasbeni šoli Josipa Hatzeja v Splitu in kot korepetitor-umetniški sodelavec na Akademiji za glasbo v Splitu.<br />
Leta 2015 je na String festivalu v Sremski Mitrovici v Srbiji prejel nagrado za najboljšega klavirskega sodelavca festivala. Istega leta nastopa kot solist z orkestrom Narodnega gledališča v Splitu v ciklu novoletnih koncertov.<br />
Tranfić je umetniški vodja klape Cambi in klape Elektrodalmacija.</p>

<p class="post-excerpt">&nbsp; Tonči Tranfić se je rodil leta 1987 v Splitu. Osnovno in srednjo glasbeno šolo je končal pri prof. Najdi&#8230;</p>
