{"id":3364,"date":"2021-06-22T09:03:19","date_gmt":"2021-06-22T09:03:19","guid":{"rendered":"http:\/\/festivalursus.com\/?page_id=3364"},"modified":"2021-06-22T09:03:19","modified_gmt":"2021-06-22T09:03:19","slug":"boris-zuvela-bobni","status":"publish","type":"page","link":"http:\/\/festivalursus.com\/?page_id=3364&lang=sl","title":{"rendered":"Boris \u017duvela &#8211; bobni"},"content":{"rendered":"<p style=\"text-align: center;\"><a href=\"http:\/\/festivalursus.com\/wp-content\/uploads\/2021\/06\/Boris-1.jpg\" target=\"_blank\" rel=\"noopener\"><img decoding=\"async\" loading=\"lazy\" class=\"aligncenter wp-image-3365 size-medium\" src=\"http:\/\/festivalursus.com\/wp-content\/uploads\/2021\/06\/Boris-1-200x300.jpg\" alt=\"\" width=\"200\" height=\"300\" srcset=\"http:\/\/festivalursus.com\/wp-content\/uploads\/2021\/06\/Boris-1-200x300.jpg 200w, http:\/\/festivalursus.com\/wp-content\/uploads\/2021\/06\/Boris-1.jpg 601w\" sizes=\"(max-width: 200px) 100vw, 200px\" \/><\/a><\/p>\n<p>&nbsp;<\/p>\n<p style=\"text-align: center;\">Boris \u017duvela je diplomiral iz tolkal na Akademiji za glasbo v Zagrebu v razredu prof. Ivane Bili\u0107.<\/p>\n<p style=\"text-align: center;\">Osem let je bil stalni sodelavec Simfoni\u010dnega orkestra Hrva\u0161ke radiotelevizije, ob\u010dasno sodeloval z Zagreb\u0161ko filharmonijo in Hrva\u0161kim narodnim gledali\u0161\u010dem v Zagrebu. Trenutno \u017eivi v Splitu, kjer pou\u010duje tolkala na glasbeni \u0161oli Josip Hatzea in igra v HNK Split.<\/p>\n","protected":false},"excerpt":{"rendered":"<p class=\"post-excerpt\">&nbsp; Boris \u017duvela je diplomiral iz tolkal na Akademiji za glasbo v Zagrebu v razredu prof. Ivane Bili\u0107. Osem let&#8230;<\/p>\n","protected":false},"author":1,"featured_media":0,"parent":0,"menu_order":0,"comment_status":"closed","ping_status":"closed","template":"","meta":[],"_links":{"self":[{"href":"http:\/\/festivalursus.com\/index.php?rest_route=\/wp\/v2\/pages\/3364"}],"collection":[{"href":"http:\/\/festivalursus.com\/index.php?rest_route=\/wp\/v2\/pages"}],"about":[{"href":"http:\/\/festivalursus.com\/index.php?rest_route=\/wp\/v2\/types\/page"}],"author":[{"embeddable":true,"href":"http:\/\/festivalursus.com\/index.php?rest_route=\/wp\/v2\/users\/1"}],"replies":[{"embeddable":true,"href":"http:\/\/festivalursus.com\/index.php?rest_route=%2Fwp%2Fv2%2Fcomments&post=3364"}],"version-history":[{"count":1,"href":"http:\/\/festivalursus.com\/index.php?rest_route=\/wp\/v2\/pages\/3364\/revisions"}],"predecessor-version":[{"id":3366,"href":"http:\/\/festivalursus.com\/index.php?rest_route=\/wp\/v2\/pages\/3364\/revisions\/3366"}],"wp:attachment":[{"href":"http:\/\/festivalursus.com\/index.php?rest_route=%2Fwp%2Fv2%2Fmedia&parent=3364"}],"curies":[{"name":"wp","href":"https:\/\/api.w.org\/{rel}","templated":true}]}}