{"id":3370,"date":"2021-06-22T09:18:59","date_gmt":"2021-06-22T09:18:59","guid":{"rendered":"http:\/\/festivalursus.com\/?page_id=3370"},"modified":"2021-06-22T09:21:16","modified_gmt":"2021-06-22T09:21:16","slug":"zeljko-milic-klarinet","status":"publish","type":"page","link":"http:\/\/festivalursus.com\/?page_id=3370&lang=sl","title":{"rendered":"\u017deljko Mili\u0107 &#8211; klarinet"},"content":{"rendered":"<p style=\"text-align: center;\"><a href=\"http:\/\/festivalursus.com\/wp-content\/uploads\/2021\/06\/Zeljko-1.jpg\" target=\"_blank\" rel=\"noopener\"><img decoding=\"async\" loading=\"lazy\" class=\"aligncenter wp-image-3371 size-medium\" src=\"http:\/\/festivalursus.com\/wp-content\/uploads\/2021\/06\/Zeljko-1-209x300.jpg\" alt=\"\" width=\"209\" height=\"300\" srcset=\"http:\/\/festivalursus.com\/wp-content\/uploads\/2021\/06\/Zeljko-1-209x300.jpg 209w, http:\/\/festivalursus.com\/wp-content\/uploads\/2021\/06\/Zeljko-1-714x1024.jpg 714w, http:\/\/festivalursus.com\/wp-content\/uploads\/2021\/06\/Zeljko-1-768x1101.jpg 768w, http:\/\/festivalursus.com\/wp-content\/uploads\/2021\/06\/Zeljko-1-1072x1536.jpg 1072w, http:\/\/festivalursus.com\/wp-content\/uploads\/2021\/06\/Zeljko-1-1429x2048.jpg 1429w, http:\/\/festivalursus.com\/wp-content\/uploads\/2021\/06\/Zeljko-1-1140x1634.jpg 1140w, http:\/\/festivalursus.com\/wp-content\/uploads\/2021\/06\/Zeljko-1.jpg 1451w\" sizes=\"(max-width: 209px) 100vw, 209px\" \/><\/a><\/p>\n<p style=\"text-align: center;\">\u017deljko Mili\u0107 je leta 1982 diplomiral iz klarineta na Fakulteti za glasbo v Beogradu (Milenko Stefanovi\u0107), kot \u0161tudent se je udele\u017eeval dr\u017eavnih tekmovanj &#8211; leta 1976 je kot \u010dlan kvarteta klarinetov osvojil prvo in posebno nagrado \u017eirije, leta 1977 pa je osvojil prvo nagrado in bil imenovan za najbolj\u0161ega tekmovalca v skupini pihalnih instrumentov, leta 1981 je osvojil prvo nagrado na tekmovanju glasbene akademije, drugo nagrado na tekmovanju klarinetov leta 1986 in posebno nagrado na mednarodnem glasbenem mladinskem tekmovanju za nastop dela 20. stoletja. Kot \u0161tudent je nastopal z velikim uspehom. Od leta 1984 deluje kot solist z orkestrom Opere HNK v Splitu.<\/p>\n<p style=\"text-align: center;\">Kot solist je nastopal s Simfoni\u010dnim orkestrom HRT, Simfoni\u010dnim orkestrom HNK Split, Hrva\u0161kim komornim orkestrom, Komornim orkestrom Split in Orkestrom HRM, ob\u010dinstvo pa navdu\u0161uje z navdihnjenimi interpretacijami najzahtevnej\u0161ih del za klarinet solo in za klarinet z klavirsko spremljavo. Posnel je samostojno zgo\u0161\u010denko z deli hrva\u0161kih skladateljev (Ed. Cantus).<\/p>\n<p style=\"text-align: center;\">Pou\u010duje na Akademiji za umetnost v Splitu in je vodja oddelka za pihala.<\/p>\n","protected":false},"excerpt":{"rendered":"<p class=\"post-excerpt\">\u017deljko Mili\u0107 je leta 1982 diplomiral iz klarineta na Fakulteti za glasbo v Beogradu (Milenko Stefanovi\u0107), kot \u0161tudent se je&#8230;<\/p>\n","protected":false},"author":1,"featured_media":0,"parent":0,"menu_order":0,"comment_status":"closed","ping_status":"closed","template":"","meta":[],"_links":{"self":[{"href":"http:\/\/festivalursus.com\/index.php?rest_route=\/wp\/v2\/pages\/3370"}],"collection":[{"href":"http:\/\/festivalursus.com\/index.php?rest_route=\/wp\/v2\/pages"}],"about":[{"href":"http:\/\/festivalursus.com\/index.php?rest_route=\/wp\/v2\/types\/page"}],"author":[{"embeddable":true,"href":"http:\/\/festivalursus.com\/index.php?rest_route=\/wp\/v2\/users\/1"}],"replies":[{"embeddable":true,"href":"http:\/\/festivalursus.com\/index.php?rest_route=%2Fwp%2Fv2%2Fcomments&post=3370"}],"version-history":[{"count":1,"href":"http:\/\/festivalursus.com\/index.php?rest_route=\/wp\/v2\/pages\/3370\/revisions"}],"predecessor-version":[{"id":3372,"href":"http:\/\/festivalursus.com\/index.php?rest_route=\/wp\/v2\/pages\/3370\/revisions\/3372"}],"wp:attachment":[{"href":"http:\/\/festivalursus.com\/index.php?rest_route=%2Fwp%2Fv2%2Fmedia&parent=3370"}],"curies":[{"name":"wp","href":"https:\/\/api.w.org\/{rel}","templated":true}]}}

Željko Milić &#8211; klarinet

<p style="text-align: center;"><a href="http://festivalursus.com/wp-content/uploads/2021/06/Zeljko-1.jpg" target="_blank" rel="noopener"><img decoding="async" loading="lazy" class="aligncenter wp-image-3371 size-medium" src="http://festivalursus.com/wp-content/uploads/2021/06/Zeljko-1-209x300.jpg" alt="" width="209" height="300" srcset="http://festivalursus.com/wp-content/uploads/2021/06/Zeljko-1-209x300.jpg 209w, http://festivalursus.com/wp-content/uploads/2021/06/Zeljko-1-714x1024.jpg 714w, http://festivalursus.com/wp-content/uploads/2021/06/Zeljko-1-768x1101.jpg 768w, http://festivalursus.com/wp-content/uploads/2021/06/Zeljko-1-1072x1536.jpg 1072w, http://festivalursus.com/wp-content/uploads/2021/06/Zeljko-1-1429x2048.jpg 1429w, http://festivalursus.com/wp-content/uploads/2021/06/Zeljko-1-1140x1634.jpg 1140w, http://festivalursus.com/wp-content/uploads/2021/06/Zeljko-1.jpg 1451w" sizes="(max-width: 209px) 100vw, 209px" /></a></p>
<p style="text-align: center;">Željko Milić je leta 1982 diplomiral iz klarineta na Fakulteti za glasbo v Beogradu (Milenko Stefanović), kot študent se je udeleževal državnih tekmovanj &#8211; leta 1976 je kot član kvarteta klarinetov osvojil prvo in posebno nagrado žirije, leta 1977 pa je osvojil prvo nagrado in bil imenovan za najboljšega tekmovalca v skupini pihalnih instrumentov, leta 1981 je osvojil prvo nagrado na tekmovanju glasbene akademije, drugo nagrado na tekmovanju klarinetov leta 1986 in posebno nagrado na mednarodnem glasbenem mladinskem tekmovanju za nastop dela 20. stoletja. Kot študent je nastopal z velikim uspehom. Od leta 1984 deluje kot solist z orkestrom Opere HNK v Splitu.</p>
<p style="text-align: center;">Kot solist je nastopal s Simfoničnim orkestrom HRT, Simfoničnim orkestrom HNK Split, Hrvaškim komornim orkestrom, Komornim orkestrom Split in Orkestrom HRM, občinstvo pa navdušuje z navdihnjenimi interpretacijami najzahtevnejših del za klarinet solo in za klarinet z klavirsko spremljavo. Posnel je samostojno zgoščenko z deli hrvaških skladateljev (Ed. Cantus).</p>
<p style="text-align: center;">Poučuje na Akademiji za umetnost v Splitu in je vodja oddelka za pihala.</p>

<p class="post-excerpt">Željko Milić je leta 1982 diplomiral iz klarineta na Fakulteti za glasbo v Beogradu (Milenko Stefanović), kot študent se je&#8230;</p>
