{"id":3441,"date":"2021-07-18T21:22:33","date_gmt":"2021-07-18T21:22:33","guid":{"rendered":"http:\/\/festivalursus.com\/?page_id=3441"},"modified":"2021-08-07T13:12:27","modified_gmt":"2021-08-07T13:12:27","slug":"zvoki-legend","status":"publish","type":"page","link":"http:\/\/festivalursus.com\/?page_id=3441&lang=sl","title":{"rendered":"Zvoki Legend"},"content":{"rendered":"<p><a href=\"http:\/\/festivalursus.com\/wp-content\/uploads\/2021\/07\/Zvoki-Legend-1-2.png\"><img decoding=\"async\" loading=\"lazy\" class=\"aligncenter size-large wp-image-3458\" src=\"http:\/\/festivalursus.com\/wp-content\/uploads\/2021\/07\/Zvoki-Legend-1-2-724x1024.png\" alt=\"\" width=\"700\" height=\"990\" srcset=\"http:\/\/festivalursus.com\/wp-content\/uploads\/2021\/07\/Zvoki-Legend-1-2-724x1024.png 724w, http:\/\/festivalursus.com\/wp-content\/uploads\/2021\/07\/Zvoki-Legend-1-2-212x300.png 212w, http:\/\/festivalursus.com\/wp-content\/uploads\/2021\/07\/Zvoki-Legend-1-2-768x1086.png 768w, http:\/\/festivalursus.com\/wp-content\/uploads\/2021\/07\/Zvoki-Legend-1-2-1086x1536.png 1086w, http:\/\/festivalursus.com\/wp-content\/uploads\/2021\/07\/Zvoki-Legend-1-2-1448x2048.png 1448w, http:\/\/festivalursus.com\/wp-content\/uploads\/2021\/07\/Zvoki-Legend-1-2-1140x1613.png 1140w, http:\/\/festivalursus.com\/wp-content\/uploads\/2021\/07\/Zvoki-Legend-1-2.png 1587w\" sizes=\"(max-width: 700px) 100vw, 700px\" \/><\/a><\/p>\n<p style=\"text-align: center;\">Trobenta in harfa sta in\u0161trumenta omenjena \u017ee v Svetem pismu. Sli\u0161ati jih v duetu je popolnoma neobi\u010dajno, a zahvaljujo\u010d intenzivnemu iskanju repertoarja, lastnimi aran\u017emaji in ljubezni do glasbe se bosta potrudila, da pri\u010darata \u010daroben ve\u010der na pravlji\u010dni lokaciji.<\/p>\n<p style=\"text-align: center;\">\nDuo je nastal spontano, v dru\u017einskem okolju. Poro\u010dena 10 let sta si poleg vseh obveznosti v ljubljanski operi, kjer je Maria soloharfistka in pri Simfoni\u010dnem orkestru RTV Slovenija, kjer je Jure solotrobenta\u010d zadala, da bosta skupaj vedno igrala glasbo po njunem izboru. Posnela sta lastno zgo\u0161\u010denko &#8216;Rustiques&#8217; in kot duo nastopata na razli\u010dnih festivalih in koncertih po Evropi.<\/p>\n","protected":false},"excerpt":{"rendered":"<p class=\"post-excerpt\">Trobenta in harfa sta in\u0161trumenta omenjena \u017ee v Svetem pismu. Sli\u0161ati jih v duetu je popolnoma neobi\u010dajno, a zahvaljujo\u010d intenzivnemu&#8230;<\/p>\n","protected":false},"author":1,"featured_media":0,"parent":0,"menu_order":0,"comment_status":"closed","ping_status":"closed","template":"","meta":[],"_links":{"self":[{"href":"http:\/\/festivalursus.com\/index.php?rest_route=\/wp\/v2\/pages\/3441"}],"collection":[{"href":"http:\/\/festivalursus.com\/index.php?rest_route=\/wp\/v2\/pages"}],"about":[{"href":"http:\/\/festivalursus.com\/index.php?rest_route=\/wp\/v2\/types\/page"}],"author":[{"embeddable":true,"href":"http:\/\/festivalursus.com\/index.php?rest_route=\/wp\/v2\/users\/1"}],"replies":[{"embeddable":true,"href":"http:\/\/festivalursus.com\/index.php?rest_route=%2Fwp%2Fv2%2Fcomments&post=3441"}],"version-history":[{"count":4,"href":"http:\/\/festivalursus.com\/index.php?rest_route=\/wp\/v2\/pages\/3441\/revisions"}],"predecessor-version":[{"id":3463,"href":"http:\/\/festivalursus.com\/index.php?rest_route=\/wp\/v2\/pages\/3441\/revisions\/3463"}],"wp:attachment":[{"href":"http:\/\/festivalursus.com\/index.php?rest_route=%2Fwp%2Fv2%2Fmedia&parent=3441"}],"curies":[{"name":"wp","href":"https:\/\/api.w.org\/{rel}","templated":true}]}}