{"id":3565,"date":"2022-09-12T13:28:07","date_gmt":"2022-09-12T13:28:07","guid":{"rendered":"http:\/\/festivalursus.com\/?page_id=3565"},"modified":"2022-09-15T08:48:24","modified_gmt":"2022-09-15T08:48:24","slug":"magija-flavte","status":"publish","type":"page","link":"http:\/\/festivalursus.com\/?page_id=3565&lang=sl","title":{"rendered":"Magija flavte"},"content":{"rendered":"<p>&nbsp;<\/p>\n<p><a href=\"http:\/\/festivalursus.com\/wp-content\/uploads\/2022\/09\/Poster-Trio-1.png\"><img decoding=\"async\" loading=\"lazy\" class=\"aligncenter wp-image-3562 size-large\" src=\"http:\/\/festivalursus.com\/wp-content\/uploads\/2022\/09\/Poster-Trio-1-724x1024.png\" alt=\"\" width=\"700\" height=\"990\" srcset=\"http:\/\/festivalursus.com\/wp-content\/uploads\/2022\/09\/Poster-Trio-1-724x1024.png 724w, http:\/\/festivalursus.com\/wp-content\/uploads\/2022\/09\/Poster-Trio-1-212x300.png 212w, http:\/\/festivalursus.com\/wp-content\/uploads\/2022\/09\/Poster-Trio-1-768x1086.png 768w, http:\/\/festivalursus.com\/wp-content\/uploads\/2022\/09\/Poster-Trio-1-1086x1536.png 1086w, http:\/\/festivalursus.com\/wp-content\/uploads\/2022\/09\/Poster-Trio-1-1448x2048.png 1448w, http:\/\/festivalursus.com\/wp-content\/uploads\/2022\/09\/Poster-Trio-1-1140x1613.png 1140w, http:\/\/festivalursus.com\/wp-content\/uploads\/2022\/09\/Poster-Trio-1.png 1587w\" sizes=\"(max-width: 700px) 100vw, 700px\" \/><\/a><\/p>\n<h4 style=\"text-align: center;\">MAGIJA FLAVTE<\/h4>\n<h5 style=\"text-align: center;\">Sreda, 28. septembra 2022, ob 18:30h<\/h5>\n<p style=\"text-align: center;\"><a href=\"http:\/\/festivalursus.com\/?page_id=3517&amp;lang=sl\" target=\"_blank\" rel=\"noopener\">Brina Kafol \u017dust &#8211; flavta<\/a>, <a href=\"http:\/\/festivalursus.com\/?page_id=3522&amp;lang=sl\" target=\"_blank\" rel=\"noopener\">Boris Bizjak &#8211; flavta<\/a>, <a href=\"http:\/\/festivalursus.com\/?page_id=3530&amp;lang=sl\" target=\"_blank\" rel=\"noopener\">Marko Zupan &#8211; flavta<\/a><\/p>\n<p>&nbsp;<\/p>\n<p>&nbsp;<\/p>\n<p>Izbor skladb z novega CD-ja, na katerem je trio kot prvi posnel Walckiersov Op.93. Poleg tega so na programu Sonata za 2 flavti W.F. Bacha, Suita Elkido Larsa Floeeja in selekcija o\u010darljivih duov iz slavne Mozartove opere \u010carobna pi\u0161\u010dal.<\/p>\n<p>&nbsp;<\/p>\n<p><a href=\"https:\/\/www.hedonerecords.co.uk\/walckiersflutetrios\" target=\"_blank\" rel=\"noopener\"><img decoding=\"async\" loading=\"lazy\" class=\"aligncenter wp-image-3559 size-medium\" src=\"http:\/\/festivalursus.com\/wp-content\/uploads\/2022\/09\/flute_trios_cover01-300x300.png\" alt=\"\" width=\"300\" height=\"300\" srcset=\"http:\/\/festivalursus.com\/wp-content\/uploads\/2022\/09\/flute_trios_cover01-300x300.png 300w, http:\/\/festivalursus.com\/wp-content\/uploads\/2022\/09\/flute_trios_cover01-150x150.png 150w, http:\/\/festivalursus.com\/wp-content\/uploads\/2022\/09\/flute_trios_cover01.png 471w\" sizes=\"(max-width: 300px) 100vw, 300px\" \/><\/a><\/p>\n","protected":false},"excerpt":{"rendered":"<p class=\"post-excerpt\">&nbsp; MAGIJA FLAVTE Sreda, 28. septembra 2022, ob 18:30h Brina Kafol \u017dust &#8211; flavta, Boris Bizjak &#8211; flavta, Marko Zupan&#8230;<\/p>\n","protected":false},"author":1,"featured_media":0,"parent":0,"menu_order":0,"comment_status":"closed","ping_status":"closed","template":"","meta":[],"_links":{"self":[{"href":"http:\/\/festivalursus.com\/index.php?rest_route=\/wp\/v2\/pages\/3565"}],"collection":[{"href":"http:\/\/festivalursus.com\/index.php?rest_route=\/wp\/v2\/pages"}],"about":[{"href":"http:\/\/festivalursus.com\/index.php?rest_route=\/wp\/v2\/types\/page"}],"author":[{"embeddable":true,"href":"http:\/\/festivalursus.com\/index.php?rest_route=\/wp\/v2\/users\/1"}],"replies":[{"embeddable":true,"href":"http:\/\/festivalursus.com\/index.php?rest_route=%2Fwp%2Fv2%2Fcomments&post=3565"}],"version-history":[{"count":3,"href":"http:\/\/festivalursus.com\/index.php?rest_route=\/wp\/v2\/pages\/3565\/revisions"}],"predecessor-version":[{"id":3583,"href":"http:\/\/festivalursus.com\/index.php?rest_route=\/wp\/v2\/pages\/3565\/revisions\/3583"}],"wp:attachment":[{"href":"http:\/\/festivalursus.com\/index.php?rest_route=%2Fwp%2Fv2%2Fmedia&parent=3565"}],"curies":[{"name":"wp","href":"https:\/\/api.w.org\/{rel}","templated":true}]}}

<p>&nbsp;</p>
<p><a href="http://festivalursus.com/wp-content/uploads/2022/09/Poster-Trio-1.png"><img decoding="async" loading="lazy" class="aligncenter wp-image-3562 size-large" src="http://festivalursus.com/wp-content/uploads/2022/09/Poster-Trio-1-724x1024.png" alt="" width="700" height="990" srcset="http://festivalursus.com/wp-content/uploads/2022/09/Poster-Trio-1-724x1024.png 724w, http://festivalursus.com/wp-content/uploads/2022/09/Poster-Trio-1-212x300.png 212w, http://festivalursus.com/wp-content/uploads/2022/09/Poster-Trio-1-768x1086.png 768w, http://festivalursus.com/wp-content/uploads/2022/09/Poster-Trio-1-1086x1536.png 1086w, http://festivalursus.com/wp-content/uploads/2022/09/Poster-Trio-1-1448x2048.png 1448w, http://festivalursus.com/wp-content/uploads/2022/09/Poster-Trio-1-1140x1613.png 1140w, http://festivalursus.com/wp-content/uploads/2022/09/Poster-Trio-1.png 1587w" sizes="(max-width: 700px) 100vw, 700px" /></a></p>
<h4 style="text-align: center;">MAGIJA FLAVTE</h4>
<h5 style="text-align: center;">Sreda, 28. septembra 2022, ob 18:30h</h5>
<p style="text-align: center;"><a href="http://festivalursus.com/?page_id=3517&amp;lang=sl" target="_blank" rel="noopener">Brina Kafol Žust &#8211; flavta</a>, <a href="http://festivalursus.com/?page_id=3522&amp;lang=sl" target="_blank" rel="noopener">Boris Bizjak &#8211; flavta</a>, <a href="http://festivalursus.com/?page_id=3530&amp;lang=sl" target="_blank" rel="noopener">Marko Zupan &#8211; flavta</a></p>
<p>&nbsp;</p>
<p>&nbsp;</p>
<p>Izbor skladb z novega CD-ja, na katerem je trio kot prvi posnel Walckiersov Op.93. Poleg tega so na programu Sonata za 2 flavti W.F. Bacha, Suita Elkido Larsa Floeeja in selekcija očarljivih duov iz slavne Mozartove opere Čarobna piščal.</p>
<p>&nbsp;</p>
<p><a href="https://www.hedonerecords.co.uk/walckiersflutetrios" target="_blank" rel="noopener"><img decoding="async" loading="lazy" class="aligncenter wp-image-3559 size-medium" src="http://festivalursus.com/wp-content/uploads/2022/09/flute_trios_cover01-300x300.png" alt="" width="300" height="300" srcset="http://festivalursus.com/wp-content/uploads/2022/09/flute_trios_cover01-300x300.png 300w, http://festivalursus.com/wp-content/uploads/2022/09/flute_trios_cover01-150x150.png 150w, http://festivalursus.com/wp-content/uploads/2022/09/flute_trios_cover01.png 471w" sizes="(max-width: 300px) 100vw, 300px" /></a></p>

<p class="post-excerpt">&nbsp; MAGIJA FLAVTE Sreda, 28. septembra 2022, ob 18:30h Brina Kafol Žust &#8211; flavta, Boris Bizjak &#8211; flavta, Marko Zupan&#8230;</p>
