{"id":3613,"date":"2023-06-08T08:22:48","date_gmt":"2023-06-08T08:22:48","guid":{"rendered":"http:\/\/festivalursus.com\/?page_id=3613"},"modified":"2023-07-03T15:49:19","modified_gmt":"2023-07-03T15:49:19","slug":"eva-vrtacnik-oboe-2","status":"publish","type":"page","link":"http:\/\/festivalursus.com\/?page_id=3613&lang=sl","title":{"rendered":"Eva Vrta\u010dnik &#8211; oboa"},"content":{"rendered":"<p><a href=\"http:\/\/festivalursus.com\/wp-content\/uploads\/2023\/07\/702641D0-D4C0-4A86-B27D-63AA484C21F3-scaled.jpeg\"><img decoding=\"async\" loading=\"lazy\" class=\"aligncenter size-medium wp-image-3739\" src=\"http:\/\/festivalursus.com\/wp-content\/uploads\/2023\/07\/702641D0-D4C0-4A86-B27D-63AA484C21F3-200x300.jpeg\" alt=\"\" width=\"200\" height=\"300\" srcset=\"http:\/\/festivalursus.com\/wp-content\/uploads\/2023\/07\/702641D0-D4C0-4A86-B27D-63AA484C21F3-200x300.jpeg 200w, http:\/\/festivalursus.com\/wp-content\/uploads\/2023\/07\/702641D0-D4C0-4A86-B27D-63AA484C21F3-683x1024.jpeg 683w, http:\/\/festivalursus.com\/wp-content\/uploads\/2023\/07\/702641D0-D4C0-4A86-B27D-63AA484C21F3-768x1152.jpeg 768w, http:\/\/festivalursus.com\/wp-content\/uploads\/2023\/07\/702641D0-D4C0-4A86-B27D-63AA484C21F3-1024x1536.jpeg 1024w, http:\/\/festivalursus.com\/wp-content\/uploads\/2023\/07\/702641D0-D4C0-4A86-B27D-63AA484C21F3-1365x2048.jpeg 1365w, http:\/\/festivalursus.com\/wp-content\/uploads\/2023\/07\/702641D0-D4C0-4A86-B27D-63AA484C21F3-1140x1710.jpeg 1140w, http:\/\/festivalursus.com\/wp-content\/uploads\/2023\/07\/702641D0-D4C0-4A86-B27D-63AA484C21F3-scaled.jpeg 1707w\" sizes=\"(max-width: 200px) 100vw, 200px\" \/><\/a><\/p>\n<p>Oboistka Eva Vrta\u010dnik je po uspe\u0161no zaklju\u010denem magistrskem \u0161tudiju na Akademiji za glasbo v Ljubljani pri prof. Mateju \u0160arcu svojo glasbeno pot nadaljevala na Kraljevi danski akademiji za glasbo v Kopenhagnu pri profesorjih Maxu Artvedu in Joakimu Damu Thomsnu ter kasneje na Danski nacionalni akademiji za glasbo v Odenseju pri prof. Henriku Skotteju. V \u010dasu \u0161tudija na Danskem je bila \u0161tipendistka Ministrstva za kulturo Republike Slovenije.<\/p>\n<p>Je dobitnica ve\u010d prvih nagrad in zlatih plaket na dr\u017eavnih in mednarodnih tekmovanjih.<br \/>\nKot solistka in komorna glasbenica nastopa po vsej Evropi in v Aziji.Redno sodeluje z ansambli in orkestri kot so Kraljevi danski orkester, Simfoni\u010dni orkester Odense, Orkester Slovenske Filharmonije, Athelas Sinfonietta Kopenhagen, Simfoni!ni orkester Helsingborg, Esbjerg Ensemble, Simfoni!ni orkester Aarhus, Kopenhagenski filharmoni\u010dni orkester, Simfoni!ni orkester RTV Slovenija, Danski komorni orkester, Simfoni\u010dni orkester Aalborg in drugi.<\/p>\n<p>Je dobitnica ve\u010d prvih nagrad in zlatih plaket na dr\u017eavnih in mednarodnih tekmovanjih.<\/p>\n","protected":false},"excerpt":{"rendered":"<p class=\"post-excerpt\">Oboistka Eva Vrta\u010dnik je po uspe\u0161no zaklju\u010denem magistrskem \u0161tudiju na Akademiji za glasbo v Ljubljani pri prof. Mateju \u0160arcu svojo&#8230;<\/p>\n","protected":false},"author":1,"featured_media":0,"parent":0,"menu_order":0,"comment_status":"closed","ping_status":"closed","template":"","meta":[],"_links":{"self":[{"href":"http:\/\/festivalursus.com\/index.php?rest_route=\/wp\/v2\/pages\/3613"}],"collection":[{"href":"http:\/\/festivalursus.com\/index.php?rest_route=\/wp\/v2\/pages"}],"about":[{"href":"http:\/\/festivalursus.com\/index.php?rest_route=\/wp\/v2\/types\/page"}],"author":[{"embeddable":true,"href":"http:\/\/festivalursus.com\/index.php?rest_route=\/wp\/v2\/users\/1"}],"replies":[{"embeddable":true,"href":"http:\/\/festivalursus.com\/index.php?rest_route=%2Fwp%2Fv2%2Fcomments&post=3613"}],"version-history":[{"count":5,"href":"http:\/\/festivalursus.com\/index.php?rest_route=\/wp\/v2\/pages\/3613\/revisions"}],"predecessor-version":[{"id":3742,"href":"http:\/\/festivalursus.com\/index.php?rest_route=\/wp\/v2\/pages\/3613\/revisions\/3742"}],"wp:attachment":[{"href":"http:\/\/festivalursus.com\/index.php?rest_route=%2Fwp%2Fv2%2Fmedia&parent=3613"}],"curies":[{"name":"wp","href":"https:\/\/api.w.org\/{rel}","templated":true}]}}

Eva Vrtačnik &#8211; oboa

<p><a href="http://festivalursus.com/wp-content/uploads/2023/07/702641D0-D4C0-4A86-B27D-63AA484C21F3-scaled.jpeg"><img decoding="async" loading="lazy" class="aligncenter size-medium wp-image-3739" src="http://festivalursus.com/wp-content/uploads/2023/07/702641D0-D4C0-4A86-B27D-63AA484C21F3-200x300.jpeg" alt="" width="200" height="300" srcset="http://festivalursus.com/wp-content/uploads/2023/07/702641D0-D4C0-4A86-B27D-63AA484C21F3-200x300.jpeg 200w, http://festivalursus.com/wp-content/uploads/2023/07/702641D0-D4C0-4A86-B27D-63AA484C21F3-683x1024.jpeg 683w, http://festivalursus.com/wp-content/uploads/2023/07/702641D0-D4C0-4A86-B27D-63AA484C21F3-768x1152.jpeg 768w, http://festivalursus.com/wp-content/uploads/2023/07/702641D0-D4C0-4A86-B27D-63AA484C21F3-1024x1536.jpeg 1024w, http://festivalursus.com/wp-content/uploads/2023/07/702641D0-D4C0-4A86-B27D-63AA484C21F3-1365x2048.jpeg 1365w, http://festivalursus.com/wp-content/uploads/2023/07/702641D0-D4C0-4A86-B27D-63AA484C21F3-1140x1710.jpeg 1140w, http://festivalursus.com/wp-content/uploads/2023/07/702641D0-D4C0-4A86-B27D-63AA484C21F3-scaled.jpeg 1707w" sizes="(max-width: 200px) 100vw, 200px" /></a></p>
<p>Oboistka Eva Vrtačnik je po uspešno zaključenem magistrskem študiju na Akademiji za glasbo v Ljubljani pri prof. Mateju Šarcu svojo glasbeno pot nadaljevala na Kraljevi danski akademiji za glasbo v Kopenhagnu pri profesorjih Maxu Artvedu in Joakimu Damu Thomsnu ter kasneje na Danski nacionalni akademiji za glasbo v Odenseju pri prof. Henriku Skotteju. V času študija na Danskem je bila štipendistka Ministrstva za kulturo Republike Slovenije.</p>
<p>Je dobitnica več prvih nagrad in zlatih plaket na državnih in mednarodnih tekmovanjih.<br />
Kot solistka in komorna glasbenica nastopa po vsej Evropi in v Aziji.Redno sodeluje z ansambli in orkestri kot so Kraljevi danski orkester, Simfonični orkester Odense, Orkester Slovenske Filharmonije, Athelas Sinfonietta Kopenhagen, Simfoni!ni orkester Helsingborg, Esbjerg Ensemble, Simfoni!ni orkester Aarhus, Kopenhagenski filharmonični orkester, Simfoni!ni orkester RTV Slovenija, Danski komorni orkester, Simfonični orkester Aalborg in drugi.</p>
<p>Je dobitnica več prvih nagrad in zlatih plaket na državnih in mednarodnih tekmovanjih.</p>

<p class="post-excerpt">Oboistka Eva Vrtačnik je po uspešno zaključenem magistrskem študiju na Akademiji za glasbo v Ljubljani pri prof. Mateju Šarcu svojo&#8230;</p>
