{"id":3617,"date":"2023-06-08T08:24:06","date_gmt":"2023-06-08T08:24:06","guid":{"rendered":"http:\/\/festivalursus.com\/?page_id=3617"},"modified":"2023-07-03T14:41:05","modified_gmt":"2023-07-03T14:41:05","slug":"blaz-ogric-rog","status":"publish","type":"page","link":"http:\/\/festivalursus.com\/?page_id=3617&lang=sl","title":{"rendered":"Bla\u017e Ogri\u010d &#8211; rog"},"content":{"rendered":"<p><a href=\"http:\/\/festivalursus.com\/wp-content\/uploads\/2023\/07\/image0-scaled.jpeg\"><img decoding=\"async\" loading=\"lazy\" class=\"aligncenter size-medium wp-image-3726\" src=\"http:\/\/festivalursus.com\/wp-content\/uploads\/2023\/07\/image0-200x300.jpeg\" alt=\"\" width=\"200\" height=\"300\" srcset=\"http:\/\/festivalursus.com\/wp-content\/uploads\/2023\/07\/image0-200x300.jpeg 200w, http:\/\/festivalursus.com\/wp-content\/uploads\/2023\/07\/image0-682x1024.jpeg 682w, http:\/\/festivalursus.com\/wp-content\/uploads\/2023\/07\/image0-768x1154.jpeg 768w, http:\/\/festivalursus.com\/wp-content\/uploads\/2023\/07\/image0-1022x1536.jpeg 1022w, http:\/\/festivalursus.com\/wp-content\/uploads\/2023\/07\/image0-1363x2048.jpeg 1363w, http:\/\/festivalursus.com\/wp-content\/uploads\/2023\/07\/image0-1140x1713.jpeg 1140w, http:\/\/festivalursus.com\/wp-content\/uploads\/2023\/07\/image0-scaled.jpeg 1704w\" sizes=\"(max-width: 200px) 100vw, 200px\" \/><\/a><\/p>\n<p>Bla\u017e Ogri\u010d se je za\u010del u\u010diti rog na Glasbeni \u0161oli v Idriji pri prof. Ne\u017ei Gruden, \u0161olanje pa je<br \/>\nnato nadaljeval na Konservatoriju za glasbo in balet Ljubljana pri prof. Primo\u017eu Zemljaku.<br \/>\nLeta 2015 je postal \u0161tudent na Akademiji za glasbo v Ljubljani pri prof. Bo\u0161tjanu Lipov\u0161ku.<br \/>\nPoleg \u0161tevilnih nagrad na tekmovanjih, ki se jih je udele\u017eil je prejel leta 2007 prvo nagrado na<br \/>\nmednarodnem tekmovanju solistov in komornih skupin v Beogradu. Na tekmovanju TEMSIG<br \/>\n(2011) je prejel prvo nagrado in zlato priznanje. Na 42. tekmovanju mladih slovenskih<br \/>\nglasbenikov (2013) je kot \u010dlan Kvarteta rogov KGBL prejel zlato plaketo. V Vara\u017edinu je na<br \/>\nmednarodnem tekmovanju leta 2015 v najvi\u0161ji kategoriji osvojil prvo mesto. Izpopolnjeval se<br \/>\nje na seminarjih pri priznanih profesorjih: Radovanu Vlatkovi\u0107u, Johannesu Hiterholzerju,<br \/>\nLuizuCarlosu Garcii, Daleu Clevengerju, Willu Sandersu. Igral je z odli\u010dnimi dirigenti kot so:<br \/>\nNevill Marriner, Philippe Jordan, Daniel Harding, Christoph Eschenbach in mnogimi drugimi.<br \/>\nLeta 2019 je kot solist nastopil z Simfoni\u010dnim orkestrom RTV v sklopu cikla Mozartine, kjer<br \/>\nje igral prvi Mozartov koncert za rog in prejel \u0161tevilne pozitivne kritike. V istem letu je<br \/>\nnastopil tudi s simfoni\u010dnim orkestrom SNG Maribor, s katerim je izvedel koncert Richarda<br \/>\nStraussa \u0161t.1. \u017de kot dijak je bil reden substitut v na\u0161ih simfoni\u010dnih orkestrih. Do danes pa je<br \/>\nsodeloval z razli\u010dnimi orkestri tako doma kot v tujini (Camerata Salzburg, Zadarski komorni<br \/>\norkestar, HNK Ivana pl. Zajca Rijeka, Haydnova filharmonija&#8230;).<br \/>\nPoleg vseh priznanj je prejel tudi \u0160kerjan\u010devo nagrado Konservatorija za glasbo in balet<br \/>\nLjubljana za izjemne uspehe pri umetni\u0161kem uveljavljanju \u0161ole ter Pre\u0161ernovo nagrado za<br \/>\n\u0161tudente Univerze v Ljubljani. Udele\u017eil se je tudi \u0161tirih turnej z znanim mednarodnim<br \/>\nmladinskim orkestrom Gustav Mahler Jugendorkester, v katerem je v ve\u010dini igral prvi rog.<br \/>\nLeta 2016 je opravil avdicijo za solo rog v orkestru Ljubljanske opere, v kateri je bil zaposlen<br \/>\nle kratek \u010das, kajti odlo\u010dil se je kariero nadaljevati v Simfoni\u010dnem orkestru RTV. Leta 2019 je<br \/>\nuspe\u0161no opravil avdicijo za solo hornista v orkestru Slovenske filharmonije, kjer je zaposlen<br \/>\n\u0161e danes.<\/p>\n","protected":false},"excerpt":{"rendered":"<p class=\"post-excerpt\">Bla\u017e Ogri\u010d se je za\u010del u\u010diti rog na Glasbeni \u0161oli v Idriji pri prof. Ne\u017ei Gruden, \u0161olanje pa je nato&#8230;<\/p>\n","protected":false},"author":1,"featured_media":0,"parent":0,"menu_order":0,"comment_status":"closed","ping_status":"closed","template":"","meta":[],"_links":{"self":[{"href":"http:\/\/festivalursus.com\/index.php?rest_route=\/wp\/v2\/pages\/3617"}],"collection":[{"href":"http:\/\/festivalursus.com\/index.php?rest_route=\/wp\/v2\/pages"}],"about":[{"href":"http:\/\/festivalursus.com\/index.php?rest_route=\/wp\/v2\/types\/page"}],"author":[{"embeddable":true,"href":"http:\/\/festivalursus.com\/index.php?rest_route=\/wp\/v2\/users\/1"}],"replies":[{"embeddable":true,"href":"http:\/\/festivalursus.com\/index.php?rest_route=%2Fwp%2Fv2%2Fcomments&post=3617"}],"version-history":[{"count":3,"href":"http:\/\/festivalursus.com\/index.php?rest_route=\/wp\/v2\/pages\/3617\/revisions"}],"predecessor-version":[{"id":3728,"href":"http:\/\/festivalursus.com\/index.php?rest_route=\/wp\/v2\/pages\/3617\/revisions\/3728"}],"wp:attachment":[{"href":"http:\/\/festivalursus.com\/index.php?rest_route=%2Fwp%2Fv2%2Fmedia&parent=3617"}],"curies":[{"name":"wp","href":"https:\/\/api.w.org\/{rel}","templated":true}]}}

Blaž Ogrič &#8211; rog

<p><a href="http://festivalursus.com/wp-content/uploads/2023/07/image0-scaled.jpeg"><img decoding="async" loading="lazy" class="aligncenter size-medium wp-image-3726" src="http://festivalursus.com/wp-content/uploads/2023/07/image0-200x300.jpeg" alt="" width="200" height="300" srcset="http://festivalursus.com/wp-content/uploads/2023/07/image0-200x300.jpeg 200w, http://festivalursus.com/wp-content/uploads/2023/07/image0-682x1024.jpeg 682w, http://festivalursus.com/wp-content/uploads/2023/07/image0-768x1154.jpeg 768w, http://festivalursus.com/wp-content/uploads/2023/07/image0-1022x1536.jpeg 1022w, http://festivalursus.com/wp-content/uploads/2023/07/image0-1363x2048.jpeg 1363w, http://festivalursus.com/wp-content/uploads/2023/07/image0-1140x1713.jpeg 1140w, http://festivalursus.com/wp-content/uploads/2023/07/image0-scaled.jpeg 1704w" sizes="(max-width: 200px) 100vw, 200px" /></a></p>
<p>Blaž Ogrič se je začel učiti rog na Glasbeni šoli v Idriji pri prof. Neži Gruden, šolanje pa je<br />
nato nadaljeval na Konservatoriju za glasbo in balet Ljubljana pri prof. Primožu Zemljaku.<br />
Leta 2015 je postal študent na Akademiji za glasbo v Ljubljani pri prof. Boštjanu Lipovšku.<br />
Poleg številnih nagrad na tekmovanjih, ki se jih je udeležil je prejel leta 2007 prvo nagrado na<br />
mednarodnem tekmovanju solistov in komornih skupin v Beogradu. Na tekmovanju TEMSIG<br />
(2011) je prejel prvo nagrado in zlato priznanje. Na 42. tekmovanju mladih slovenskih<br />
glasbenikov (2013) je kot član Kvarteta rogov KGBL prejel zlato plaketo. V Varaždinu je na<br />
mednarodnem tekmovanju leta 2015 v najvišji kategoriji osvojil prvo mesto. Izpopolnjeval se<br />
je na seminarjih pri priznanih profesorjih: Radovanu Vlatkoviću, Johannesu Hiterholzerju,<br />
LuizuCarlosu Garcii, Daleu Clevengerju, Willu Sandersu. Igral je z odličnimi dirigenti kot so:<br />
Nevill Marriner, Philippe Jordan, Daniel Harding, Christoph Eschenbach in mnogimi drugimi.<br />
Leta 2019 je kot solist nastopil z Simfoničnim orkestrom RTV v sklopu cikla Mozartine, kjer<br />
je igral prvi Mozartov koncert za rog in prejel številne pozitivne kritike. V istem letu je<br />
nastopil tudi s simfoničnim orkestrom SNG Maribor, s katerim je izvedel koncert Richarda<br />
Straussa št.1. Že kot dijak je bil reden substitut v naših simfoničnih orkestrih. Do danes pa je<br />
sodeloval z različnimi orkestri tako doma kot v tujini (Camerata Salzburg, Zadarski komorni<br />
orkestar, HNK Ivana pl. Zajca Rijeka, Haydnova filharmonija&#8230;).<br />
Poleg vseh priznanj je prejel tudi Škerjančevo nagrado Konservatorija za glasbo in balet<br />
Ljubljana za izjemne uspehe pri umetniškem uveljavljanju šole ter Prešernovo nagrado za<br />
študente Univerze v Ljubljani. Udeležil se je tudi štirih turnej z znanim mednarodnim<br />
mladinskim orkestrom Gustav Mahler Jugendorkester, v katerem je v večini igral prvi rog.<br />
Leta 2016 je opravil avdicijo za solo rog v orkestru Ljubljanske opere, v kateri je bil zaposlen<br />
le kratek čas, kajti odločil se je kariero nadaljevati v Simfoničnem orkestru RTV. Leta 2019 je<br />
uspešno opravil avdicijo za solo hornista v orkestru Slovenske filharmonije, kjer je zaposlen<br />
še danes.</p>

<p class="post-excerpt">Blaž Ogrič se je začel učiti rog na Glasbeni šoli v Idriji pri prof. Neži Gruden, šolanje pa je nato&#8230;</p>
