{"id":3624,"date":"2023-06-08T08:25:00","date_gmt":"2023-06-08T08:25:00","guid":{"rendered":"http:\/\/festivalursus.com\/?page_id=3624"},"modified":"2023-07-03T13:47:06","modified_gmt":"2023-07-03T13:47:06","slug":"matic-kuder-klarinet","status":"publish","type":"page","link":"http:\/\/festivalursus.com\/?page_id=3624&lang=sl","title":{"rendered":"Matic Kuder &#8211; klarinet"},"content":{"rendered":"<p><a href=\"http:\/\/festivalursus.com\/wp-content\/uploads\/2023\/07\/KuderEdit-scaled.jpg\"><img decoding=\"async\" loading=\"lazy\" class=\"aligncenter size-medium wp-image-3702\" src=\"http:\/\/festivalursus.com\/wp-content\/uploads\/2023\/07\/KuderEdit-300x200.jpg\" alt=\"\" width=\"300\" height=\"200\" srcset=\"http:\/\/festivalursus.com\/wp-content\/uploads\/2023\/07\/KuderEdit-300x200.jpg 300w, http:\/\/festivalursus.com\/wp-content\/uploads\/2023\/07\/KuderEdit-1024x683.jpg 1024w, http:\/\/festivalursus.com\/wp-content\/uploads\/2023\/07\/KuderEdit-768x512.jpg 768w, http:\/\/festivalursus.com\/wp-content\/uploads\/2023\/07\/KuderEdit-1536x1025.jpg 1536w, http:\/\/festivalursus.com\/wp-content\/uploads\/2023\/07\/KuderEdit-2048x1366.jpg 2048w, http:\/\/festivalursus.com\/wp-content\/uploads\/2023\/07\/KuderEdit-1140x760.jpg 1140w\" sizes=\"(max-width: 300px) 100vw, 300px\" \/><\/a><\/p>\n<p>&nbsp;<\/p>\n<p>Matic Kuder (1994) je za\u010del glasbeno pot pri stricu Petru Kudru. Izobra\u017eevanje je nadaljeval na Konservatoriju za glasbo in balet v Ljubljani pri prof. Du\u0161anu Sodji. \u0160tudij je za\u010del na Akademiji za glasbo v Ljubljani in zaklju\u010dil magistrski \u0161tudij na Visoki \u0161oli za glasbo in upodabljajo\u010do umetnost v Grazu v razredu prof. Geralda Pachingerja.<\/p>\n<p>Od leta 2017 do 2021 je bil solo klarinetist v orkestru N\u00fcrnber\u0161kih simfonikov, od decembra istega leta pa je postal es-klarinetist v orkestru Berlinskih filharmonikov.<\/p>\n<p>Bil je tudi \u010dlan slavnega mladinskega orkestra Gustav Mahler in sodeluje s \u0161tevilnimi mednarodnimi orkestri kot so Concertgebouw Amsterdam, Hr-Sinfonieorchester, Ensemble Mini, Spira Mirabilis, Orchestra Leonore, Orkester slovenske filharmonije, Stadttheater W\u00fcrzburg\u2026<\/p>\n<p>Kot komorni glasbenik sodeluje s \u0161tevilnimi glasbeniki, med drugimi Mate Bekavac, Sergio Azzolini, \u010dlani orkestra Dunajskih filharmonikov, Berlinskih filharmonikov, Concertgebouw Amsterdam in drugimi.<\/p>\n<p>Kot solist je nastopil z orkestrom N\u00fcrnber\u0161kih simfonikov, orkestrom Euphony, simfoniki RTV Slovenija, Komornim godalnim orkestrom akademije za glasbo v Ljubljani in simfoni\u010dnim orkestrom SNG Ljubljana.<\/p>\n<p>Izpopolnjeval se je pri \u0161tevilnih priznanih klarinetistih kot so Francois Benda, Wenzel Fuchs, Mate Bekavac, Harri M\u00e4kki, Paolo Beltramini in Michel Lethiec.<\/p>\n<p>&nbsp;<\/p>\n","protected":false},"excerpt":{"rendered":"<p class=\"post-excerpt\">&nbsp; Matic Kuder (1994) je za\u010del glasbeno pot pri stricu Petru Kudru. Izobra\u017eevanje je nadaljeval na Konservatoriju za glasbo in&#8230;<\/p>\n","protected":false},"author":1,"featured_media":0,"parent":0,"menu_order":0,"comment_status":"closed","ping_status":"closed","template":"","meta":[],"_links":{"self":[{"href":"http:\/\/festivalursus.com\/index.php?rest_route=\/wp\/v2\/pages\/3624"}],"collection":[{"href":"http:\/\/festivalursus.com\/index.php?rest_route=\/wp\/v2\/pages"}],"about":[{"href":"http:\/\/festivalursus.com\/index.php?rest_route=\/wp\/v2\/types\/page"}],"author":[{"embeddable":true,"href":"http:\/\/festivalursus.com\/index.php?rest_route=\/wp\/v2\/users\/1"}],"replies":[{"embeddable":true,"href":"http:\/\/festivalursus.com\/index.php?rest_route=%2Fwp%2Fv2%2Fcomments&post=3624"}],"version-history":[{"count":3,"href":"http:\/\/festivalursus.com\/index.php?rest_route=\/wp\/v2\/pages\/3624\/revisions"}],"predecessor-version":[{"id":3704,"href":"http:\/\/festivalursus.com\/index.php?rest_route=\/wp\/v2\/pages\/3624\/revisions\/3704"}],"wp:attachment":[{"href":"http:\/\/festivalursus.com\/index.php?rest_route=%2Fwp%2Fv2%2Fmedia&parent=3624"}],"curies":[{"name":"wp","href":"https:\/\/api.w.org\/{rel}","templated":true}]}}

<p><a href="http://festivalursus.com/wp-content/uploads/2023/07/KuderEdit-scaled.jpg"><img decoding="async" loading="lazy" class="aligncenter size-medium wp-image-3702" src="http://festivalursus.com/wp-content/uploads/2023/07/KuderEdit-300x200.jpg" alt="" width="300" height="200" srcset="http://festivalursus.com/wp-content/uploads/2023/07/KuderEdit-300x200.jpg 300w, http://festivalursus.com/wp-content/uploads/2023/07/KuderEdit-1024x683.jpg 1024w, http://festivalursus.com/wp-content/uploads/2023/07/KuderEdit-768x512.jpg 768w, http://festivalursus.com/wp-content/uploads/2023/07/KuderEdit-1536x1025.jpg 1536w, http://festivalursus.com/wp-content/uploads/2023/07/KuderEdit-2048x1366.jpg 2048w, http://festivalursus.com/wp-content/uploads/2023/07/KuderEdit-1140x760.jpg 1140w" sizes="(max-width: 300px) 100vw, 300px" /></a></p>
<p>&nbsp;</p>
<p>Matic Kuder (1994) je začel glasbeno pot pri stricu Petru Kudru. Izobraževanje je nadaljeval na Konservatoriju za glasbo in balet v Ljubljani pri prof. Dušanu Sodji. Študij je začel na Akademiji za glasbo v Ljubljani in zaključil magistrski študij na Visoki šoli za glasbo in upodabljajočo umetnost v Grazu v razredu prof. Geralda Pachingerja.</p>
<p>Od leta 2017 do 2021 je bil solo klarinetist v orkestru Nürnberških simfonikov, od decembra istega leta pa je postal es-klarinetist v orkestru Berlinskih filharmonikov.</p>
<p>Bil je tudi član slavnega mladinskega orkestra Gustav Mahler in sodeluje s številnimi mednarodnimi orkestri kot so Concertgebouw Amsterdam, Hr-Sinfonieorchester, Ensemble Mini, Spira Mirabilis, Orchestra Leonore, Orkester slovenske filharmonije, Stadttheater Würzburg…</p>
<p>Kot komorni glasbenik sodeluje s številnimi glasbeniki, med drugimi Mate Bekavac, Sergio Azzolini, člani orkestra Dunajskih filharmonikov, Berlinskih filharmonikov, Concertgebouw Amsterdam in drugimi.</p>
<p>Kot solist je nastopil z orkestrom Nürnberških simfonikov, orkestrom Euphony, simfoniki RTV Slovenija, Komornim godalnim orkestrom akademije za glasbo v Ljubljani in simfoničnim orkestrom SNG Ljubljana.</p>
<p>Izpopolnjeval se je pri številnih priznanih klarinetistih kot so Francois Benda, Wenzel Fuchs, Mate Bekavac, Harri Mäkki, Paolo Beltramini in Michel Lethiec.</p>
<p>&nbsp;</p>

<p class="post-excerpt">&nbsp; Matic Kuder (1994) je začel glasbeno pot pri stricu Petru Kudru. Izobraževanje je nadaljeval na Konservatoriju za glasbo in&#8230;</p>
