{"id":394,"date":"2016-05-14T11:06:37","date_gmt":"2016-05-14T11:06:37","guid":{"rendered":"http:\/\/festivalursus.com\/?page_id=394"},"modified":"2016-05-16T20:42:33","modified_gmt":"2016-05-16T20:42:33","slug":"zagorski-oktet","status":"publish","type":"page","link":"http:\/\/festivalursus.com\/?page_id=394&lang=en","title":{"rendered":"Zagorski oktet"},"content":{"rendered":"<p><a href=\"http:\/\/festivalursus.com\/wp-content\/uploads\/2016\/05\/Zagorski-oktet-1.jpg\" target=\"_blank\"><img decoding=\"async\" loading=\"lazy\" class=\"aligncenter wp-image-1253\" src=\"http:\/\/festivalursus.com\/wp-content\/uploads\/2016\/05\/Zagorski-oktet-1-300x225.jpg\" alt=\"Zagorski oktet\" width=\"550\" height=\"413\" srcset=\"http:\/\/festivalursus.com\/wp-content\/uploads\/2016\/05\/Zagorski-oktet-1-300x225.jpg 300w, http:\/\/festivalursus.com\/wp-content\/uploads\/2016\/05\/Zagorski-oktet-1-768x576.jpg 768w, http:\/\/festivalursus.com\/wp-content\/uploads\/2016\/05\/Zagorski-oktet-1-1024x768.jpg 1024w, http:\/\/festivalursus.com\/wp-content\/uploads\/2016\/05\/Zagorski-oktet-1-1140x855.jpg 1140w, http:\/\/festivalursus.com\/wp-content\/uploads\/2016\/05\/Zagorski-oktet-1-552x414.jpg 552w, http:\/\/festivalursus.com\/wp-content\/uploads\/2016\/05\/Zagorski-oktet-1.jpg 2048w\" sizes=\"(max-width: 550px) 100vw, 550px\" \/><\/a><\/p>\n<p>The idea to found an Octet came to the mind of some singing enthusiasts already in the seventies of the last century. It finally came to life on the 19th of November 1977, when a public audition took place. In the begining they were established under the name Octet of the Workers Secular Society Freedom Zagorje ob Savi.<\/p>\n<p>The Octet started having concert in the year 1978. Their first independent concert was on the 8th of March in Workers Hall Zagorje. Also in the same year they took place at the festival for Octets in \u0160entjernej. A year later they had their first very succesfull guest appearence at the Klapa Festival in Omi\u0161, Croatia. In that time the friendship with the Croatian Klapa Omi\u0161 was born and in the year 1983 after the guest concert in Austrian Styria the same kind of relationship developed with the Mixed chorus Nestelbach. Toward the end of the eighties the collaboration with other Octets of Slovenian miners\u00a0gained more and more importance.<\/p>\n<p>During all the years of their activities Zagorski oktet performed at several municipal events as well as throughout Slovenia. Very frequent were also the trips abroad.<\/p>\n<p>Octets repertoire is based mainly on Slovenian national and art songs.\u00a0Apart from that,\u00a0their program consists of works from classical and sacral composers and dalmatian or negro spiritual songs.<\/p>\n<p>Octet received several awards for their work. Among them are Plaquette Dr. Slavko Grum &#8211; the highest recognition for cultural achievements of the municipality Zagorje ob Savi, silver award of the municipality Zagorje ob Savi, award of the Zasavje singing comunity, Coat-of.arms of the city Omi\u0161, Coat-of-arms of the Austrian Styria and others. Varying awards were presented to the singers also individually.<\/p>\n<p>Members of the Zagorski oktet:<\/p>\n<p>I. tenor: Kr\u017ei\u0161nik Toma\u017e, Strnad Milan<br \/>\nII. tenor: Kr\u017ei\u0161nik Gregor, \u0160krabar \u0160tefan<br \/>\nI. bass: Kogov\u0161ek Toma\u017e, O\u010dkon Jurij<br \/>\nII. bass: Ale\u0161 Razpotnik, Jenko Zdravko<\/p>\n<p>Since the year 2002 the artisic leader of the Octet is Prof. Ur\u0161ka M. Luzar.<\/p>\n<p><a href=\"https:\/\/www.facebook.com\/zagorskioktet\" target=\"_blank\">https:\/\/www.facebook.com\/zagorskioktet<\/a><\/p>\n","protected":false},"excerpt":{"rendered":"<p class=\"post-excerpt\">The idea to found an Octet came to the mind of some singing enthusiasts already in the seventies of the&#8230;<\/p>\n","protected":false},"author":1,"featured_media":0,"parent":0,"menu_order":0,"comment_status":"closed","ping_status":"closed","template":"","meta":[],"_links":{"self":[{"href":"http:\/\/festivalursus.com\/index.php?rest_route=\/wp\/v2\/pages\/394"}],"collection":[{"href":"http:\/\/festivalursus.com\/index.php?rest_route=\/wp\/v2\/pages"}],"about":[{"href":"http:\/\/festivalursus.com\/index.php?rest_route=\/wp\/v2\/types\/page"}],"author":[{"embeddable":true,"href":"http:\/\/festivalursus.com\/index.php?rest_route=\/wp\/v2\/users\/1"}],"replies":[{"embeddable":true,"href":"http:\/\/festivalursus.com\/index.php?rest_route=%2Fwp%2Fv2%2Fcomments&post=394"}],"version-history":[{"count":7,"href":"http:\/\/festivalursus.com\/index.php?rest_route=\/wp\/v2\/pages\/394\/revisions"}],"predecessor-version":[{"id":1285,"href":"http:\/\/festivalursus.com\/index.php?rest_route=\/wp\/v2\/pages\/394\/revisions\/1285"}],"wp:attachment":[{"href":"http:\/\/festivalursus.com\/index.php?rest_route=%2Fwp%2Fv2%2Fmedia&parent=394"}],"curies":[{"name":"wp","href":"https:\/\/api.w.org\/{rel}","templated":true}]}}

<p><a href="http://festivalursus.com/wp-content/uploads/2016/05/Zagorski-oktet-1.jpg" target="_blank"><img decoding="async" loading="lazy" class="aligncenter wp-image-1253" src="http://festivalursus.com/wp-content/uploads/2016/05/Zagorski-oktet-1-300x225.jpg" alt="Zagorski oktet" width="550" height="413" srcset="http://festivalursus.com/wp-content/uploads/2016/05/Zagorski-oktet-1-300x225.jpg 300w, http://festivalursus.com/wp-content/uploads/2016/05/Zagorski-oktet-1-768x576.jpg 768w, http://festivalursus.com/wp-content/uploads/2016/05/Zagorski-oktet-1-1024x768.jpg 1024w, http://festivalursus.com/wp-content/uploads/2016/05/Zagorski-oktet-1-1140x855.jpg 1140w, http://festivalursus.com/wp-content/uploads/2016/05/Zagorski-oktet-1-552x414.jpg 552w, http://festivalursus.com/wp-content/uploads/2016/05/Zagorski-oktet-1.jpg 2048w" sizes="(max-width: 550px) 100vw, 550px" /></a></p>
<p>The idea to found an Octet came to the mind of some singing enthusiasts already in the seventies of the last century. It finally came to life on the 19th of November 1977, when a public audition took place. In the begining they were established under the name Octet of the Workers Secular Society Freedom Zagorje ob Savi.</p>
<p>The Octet started having concert in the year 1978. Their first independent concert was on the 8th of March in Workers Hall Zagorje. Also in the same year they took place at the festival for Octets in Šentjernej. A year later they had their first very succesfull guest appearence at the Klapa Festival in Omiš, Croatia. In that time the friendship with the Croatian Klapa Omiš was born and in the year 1983 after the guest concert in Austrian Styria the same kind of relationship developed with the Mixed chorus Nestelbach. Toward the end of the eighties the collaboration with other Octets of Slovenian miners gained more and more importance.</p>
<p>During all the years of their activities Zagorski oktet performed at several municipal events as well as throughout Slovenia. Very frequent were also the trips abroad.</p>
<p>Octets repertoire is based mainly on Slovenian national and art songs. Apart from that, their program consists of works from classical and sacral composers and dalmatian or negro spiritual songs.</p>
<p>Octet received several awards for their work. Among them are Plaquette Dr. Slavko Grum &#8211; the highest recognition for cultural achievements of the municipality Zagorje ob Savi, silver award of the municipality Zagorje ob Savi, award of the Zasavje singing comunity, Coat-of.arms of the city Omiš, Coat-of-arms of the Austrian Styria and others. Varying awards were presented to the singers also individually.</p>
<p>Members of the Zagorski oktet:</p>
<p>I. tenor: Kržišnik Tomaž, Strnad Milan<br />
II. tenor: Kržišnik Gregor, Škrabar Štefan<br />
I. bass: Kogovšek Tomaž, Očkon Jurij<br />
II. bass: Aleš Razpotnik, Jenko Zdravko</p>
<p>Since the year 2002 the artisic leader of the Octet is Prof. Urška M. Luzar.</p>
<p><a href="https://www.facebook.com/zagorskioktet" target="_blank">https://www.facebook.com/zagorskioktet</a></p>
