{"id":464,"date":"2016-05-14T13:29:55","date_gmt":"2016-05-14T13:29:55","guid":{"rendered":"http:\/\/festivalursus.com\/?page_id=464"},"modified":"2016-10-03T22:10:16","modified_gmt":"2016-10-03T22:10:16","slug":"bilitis-2","status":"publish","type":"page","link":"http:\/\/festivalursus.com\/?page_id=464&lang=sl","title":{"rendered":"Bilitis"},"content":{"rendered":"<p>30. julija 2016, na <a href=\"http:\/\/festivalursus.com\/?page_id=1325&amp;lang=sl\" target=\"_blank\">Doma\u010diji Medved<\/a> v Podkumu<\/p>\n<p><a href=\"http:\/\/festivalursus.com\/wp-content\/uploads\/2016\/05\/13667931_1041457479285550_7858560384084225939_o.jpg\" target=\"_blank\"><img decoding=\"async\" loading=\"lazy\" class=\"aligncenter wp-image-1616 size-large\" src=\"http:\/\/festivalursus.com\/wp-content\/uploads\/2016\/05\/13667931_1041457479285550_7858560384084225939_o-1024x791.jpg\" alt=\"13667931_1041457479285550_7858560384084225939_o\" width=\"700\" height=\"541\" srcset=\"http:\/\/festivalursus.com\/wp-content\/uploads\/2016\/05\/13667931_1041457479285550_7858560384084225939_o-1024x791.jpg 1024w, http:\/\/festivalursus.com\/wp-content\/uploads\/2016\/05\/13667931_1041457479285550_7858560384084225939_o-300x232.jpg 300w, http:\/\/festivalursus.com\/wp-content\/uploads\/2016\/05\/13667931_1041457479285550_7858560384084225939_o-768x593.jpg 768w, http:\/\/festivalursus.com\/wp-content\/uploads\/2016\/05\/13667931_1041457479285550_7858560384084225939_o-1140x881.jpg 1140w, http:\/\/festivalursus.com\/wp-content\/uploads\/2016\/05\/13667931_1041457479285550_7858560384084225939_o-552x426.jpg 552w, http:\/\/festivalursus.com\/wp-content\/uploads\/2016\/05\/13667931_1041457479285550_7858560384084225939_o.jpg 2048w\" sizes=\"(max-width: 700px) 100vw, 700px\" \/><\/a><\/p>\n<p>Impresionisti\u010dni ve\u010der anti\u010dne poezije, glasbe in plesa. Brazilska umetnica <a href=\"http:\/\/festivalursus.com\/?page_id=979&amp;lang=sl\" target=\"_blank\">Daniela Vega<\/a>\u00a0je s pomo\u010djo pesmi Pierra Lou\u00ffsa in glasbe Clauda Debussyja o\u017eivila starogr\u0161ko Bilitis. Glasbeno atmosfero je ustvaril ansambel s harfistkama <a href=\"http:\/\/festivalursus.com\/?page_id=1409&amp;lang=sl\" target=\"_blank\">Mario Gamboz Gradi\u0161nik<\/a> in <a href=\"http:\/\/festivalursus.com\/?page_id=1413&amp;lang=sl\" target=\"_blank\">Silvio Vicario<\/a>, pianistko <a href=\"http:\/\/festivalursus.com\/?page_id=1257&amp;lang=sl\" target=\"_blank\">Tino Mauko<\/a> ter flavtistoma\u00a0<a href=\"http:\/\/festivalursus.com\/?page_id=1481&amp;lang=sl\" target=\"_blank\">Borisom Bizjakom<\/a>\u00a0in\u00a0<a href=\"http:\/\/festivalursus.com\/?page_id=1278&amp;lang=sl\" target=\"_blank\">Markom Zupanom<\/a>.<\/p>\n<p>&nbsp;<\/p>\n<p><iframe loading=\"lazy\" width=\"700\" height=\"394\" src=\"https:\/\/www.youtube.com\/embed\/YuvewvPAy3k?feature=oembed\" frameborder=\"0\" allowfullscreen><\/iframe><\/p>\n<p>&nbsp;<\/p>\n<p><a href=\"http:\/\/festivalursus.com\/wp-content\/uploads\/2016\/05\/1-8.jpg\" target=\"_blank\"><img decoding=\"async\" loading=\"lazy\" class=\"alignnone wp-image-1572 size-medium\" src=\"http:\/\/festivalursus.com\/wp-content\/uploads\/2016\/05\/1-8-300x169.jpg\" alt=\"1\" width=\"300\" height=\"169\" srcset=\"http:\/\/festivalursus.com\/wp-content\/uploads\/2016\/05\/1-8-300x169.jpg 300w, http:\/\/festivalursus.com\/wp-content\/uploads\/2016\/05\/1-8-768x432.jpg 768w, http:\/\/festivalursus.com\/wp-content\/uploads\/2016\/05\/1-8-1024x576.jpg 1024w, http:\/\/festivalursus.com\/wp-content\/uploads\/2016\/05\/1-8-1140x641.jpg 1140w, http:\/\/festivalursus.com\/wp-content\/uploads\/2016\/05\/1-8-552x311.jpg 552w, http:\/\/festivalursus.com\/wp-content\/uploads\/2016\/05\/1-8.jpg 1920w\" sizes=\"(max-width: 300px) 100vw, 300px\" \/><\/a> <a href=\"http:\/\/festivalursus.com\/wp-content\/uploads\/2016\/05\/2-6.jpg\" target=\"_blank\"><img decoding=\"async\" loading=\"lazy\" class=\"alignnone wp-image-1573 size-medium\" src=\"http:\/\/festivalursus.com\/wp-content\/uploads\/2016\/05\/2-6-300x169.jpg\" alt=\"2\" width=\"300\" height=\"169\" srcset=\"http:\/\/festivalursus.com\/wp-content\/uploads\/2016\/05\/2-6-300x169.jpg 300w, http:\/\/festivalursus.com\/wp-content\/uploads\/2016\/05\/2-6-768x432.jpg 768w, http:\/\/festivalursus.com\/wp-content\/uploads\/2016\/05\/2-6-1024x576.jpg 1024w, http:\/\/festivalursus.com\/wp-content\/uploads\/2016\/05\/2-6-1140x641.jpg 1140w, http:\/\/festivalursus.com\/wp-content\/uploads\/2016\/05\/2-6-552x311.jpg 552w, http:\/\/festivalursus.com\/wp-content\/uploads\/2016\/05\/2-6.jpg 1920w\" sizes=\"(max-width: 300px) 100vw, 300px\" \/><\/a> <a href=\"http:\/\/festivalursus.com\/wp-content\/uploads\/2016\/05\/3-8.jpg\" target=\"_blank\"><img decoding=\"async\" loading=\"lazy\" class=\"alignnone wp-image-1574 size-medium\" src=\"http:\/\/festivalursus.com\/wp-content\/uploads\/2016\/05\/3-8-300x169.jpg\" alt=\"3\" width=\"300\" height=\"169\" srcset=\"http:\/\/festivalursus.com\/wp-content\/uploads\/2016\/05\/3-8-300x169.jpg 300w, http:\/\/festivalursus.com\/wp-content\/uploads\/2016\/05\/3-8-768x432.jpg 768w, http:\/\/festivalursus.com\/wp-content\/uploads\/2016\/05\/3-8-1024x576.jpg 1024w, http:\/\/festivalursus.com\/wp-content\/uploads\/2016\/05\/3-8-1140x641.jpg 1140w, http:\/\/festivalursus.com\/wp-content\/uploads\/2016\/05\/3-8-552x311.jpg 552w, http:\/\/festivalursus.com\/wp-content\/uploads\/2016\/05\/3-8.jpg 1920w\" sizes=\"(max-width: 300px) 100vw, 300px\" \/><\/a> <a href=\"http:\/\/festivalursus.com\/wp-content\/uploads\/2016\/05\/4-8.jpg\" target=\"_blank\"><img decoding=\"async\" loading=\"lazy\" class=\"alignnone wp-image-1575 size-medium\" src=\"http:\/\/festivalursus.com\/wp-content\/uploads\/2016\/05\/4-8-300x169.jpg\" alt=\"4\" width=\"300\" height=\"169\" srcset=\"http:\/\/festivalursus.com\/wp-content\/uploads\/2016\/05\/4-8-300x169.jpg 300w, http:\/\/festivalursus.com\/wp-content\/uploads\/2016\/05\/4-8-768x432.jpg 768w, http:\/\/festivalursus.com\/wp-content\/uploads\/2016\/05\/4-8-1024x576.jpg 1024w, http:\/\/festivalursus.com\/wp-content\/uploads\/2016\/05\/4-8-1140x641.jpg 1140w, http:\/\/festivalursus.com\/wp-content\/uploads\/2016\/05\/4-8-552x311.jpg 552w, http:\/\/festivalursus.com\/wp-content\/uploads\/2016\/05\/4-8.jpg 1920w\" sizes=\"(max-width: 300px) 100vw, 300px\" \/><\/a> <a href=\"http:\/\/festivalursus.com\/wp-content\/uploads\/2016\/05\/5-8.jpg\" target=\"_blank\"><img decoding=\"async\" loading=\"lazy\" class=\"alignnone wp-image-1576 size-medium\" src=\"http:\/\/festivalursus.com\/wp-content\/uploads\/2016\/05\/5-8-300x200.jpg\" alt=\"5\" width=\"300\" height=\"200\" srcset=\"http:\/\/festivalursus.com\/wp-content\/uploads\/2016\/05\/5-8-300x200.jpg 300w, http:\/\/festivalursus.com\/wp-content\/uploads\/2016\/05\/5-8-768x512.jpg 768w, http:\/\/festivalursus.com\/wp-content\/uploads\/2016\/05\/5-8-1024x683.jpg 1024w, http:\/\/festivalursus.com\/wp-content\/uploads\/2016\/05\/5-8-1140x760.jpg 1140w, http:\/\/festivalursus.com\/wp-content\/uploads\/2016\/05\/5-8-552x368.jpg 552w, http:\/\/festivalursus.com\/wp-content\/uploads\/2016\/05\/5-8.jpg 2048w\" sizes=\"(max-width: 300px) 100vw, 300px\" \/><\/a> <a href=\"http:\/\/festivalursus.com\/wp-content\/uploads\/2016\/05\/6-10.jpg\" target=\"_blank\"><img decoding=\"async\" loading=\"lazy\" class=\"alignnone wp-image-1577 size-medium\" src=\"http:\/\/festivalursus.com\/wp-content\/uploads\/2016\/05\/6-10-300x169.jpg\" alt=\"6\" width=\"300\" height=\"169\" srcset=\"http:\/\/festivalursus.com\/wp-content\/uploads\/2016\/05\/6-10-300x169.jpg 300w, http:\/\/festivalursus.com\/wp-content\/uploads\/2016\/05\/6-10-768x432.jpg 768w, http:\/\/festivalursus.com\/wp-content\/uploads\/2016\/05\/6-10-1024x576.jpg 1024w, http:\/\/festivalursus.com\/wp-content\/uploads\/2016\/05\/6-10-1140x641.jpg 1140w, http:\/\/festivalursus.com\/wp-content\/uploads\/2016\/05\/6-10-552x311.jpg 552w, http:\/\/festivalursus.com\/wp-content\/uploads\/2016\/05\/6-10.jpg 1920w\" sizes=\"(max-width: 300px) 100vw, 300px\" \/><\/a> <a href=\"http:\/\/festivalursus.com\/wp-content\/uploads\/2016\/05\/7-8.jpg\" target=\"_blank\"><img decoding=\"async\" loading=\"lazy\" class=\"alignnone wp-image-1578 size-medium\" src=\"http:\/\/festivalursus.com\/wp-content\/uploads\/2016\/05\/7-8-300x169.jpg\" alt=\"7\" width=\"300\" height=\"169\" srcset=\"http:\/\/festivalursus.com\/wp-content\/uploads\/2016\/05\/7-8-300x169.jpg 300w, http:\/\/festivalursus.com\/wp-content\/uploads\/2016\/05\/7-8-768x432.jpg 768w, http:\/\/festivalursus.com\/wp-content\/uploads\/2016\/05\/7-8-1024x576.jpg 1024w, http:\/\/festivalursus.com\/wp-content\/uploads\/2016\/05\/7-8-1140x641.jpg 1140w, http:\/\/festivalursus.com\/wp-content\/uploads\/2016\/05\/7-8-552x311.jpg 552w, http:\/\/festivalursus.com\/wp-content\/uploads\/2016\/05\/7-8.jpg 1920w\" sizes=\"(max-width: 300px) 100vw, 300px\" \/><\/a> <a href=\"http:\/\/festivalursus.com\/wp-content\/uploads\/2016\/05\/8-8.jpg\" target=\"_blank\"><img decoding=\"async\" loading=\"lazy\" class=\"alignnone wp-image-1579 size-medium\" src=\"http:\/\/festivalursus.com\/wp-content\/uploads\/2016\/05\/8-8-300x169.jpg\" alt=\"8\" width=\"300\" height=\"169\" srcset=\"http:\/\/festivalursus.com\/wp-content\/uploads\/2016\/05\/8-8-300x169.jpg 300w, http:\/\/festivalursus.com\/wp-content\/uploads\/2016\/05\/8-8-768x432.jpg 768w, http:\/\/festivalursus.com\/wp-content\/uploads\/2016\/05\/8-8-1024x576.jpg 1024w, http:\/\/festivalursus.com\/wp-content\/uploads\/2016\/05\/8-8-1140x641.jpg 1140w, http:\/\/festivalursus.com\/wp-content\/uploads\/2016\/05\/8-8-552x311.jpg 552w, http:\/\/festivalursus.com\/wp-content\/uploads\/2016\/05\/8-8.jpg 1920w\" sizes=\"(max-width: 300px) 100vw, 300px\" \/><\/a> <a href=\"http:\/\/festivalursus.com\/wp-content\/uploads\/2016\/05\/9-8.jpg\" target=\"_blank\"><img decoding=\"async\" loading=\"lazy\" class=\"alignnone wp-image-1580 size-medium\" src=\"http:\/\/festivalursus.com\/wp-content\/uploads\/2016\/05\/9-8-300x169.jpg\" alt=\"9\" width=\"300\" height=\"169\" srcset=\"http:\/\/festivalursus.com\/wp-content\/uploads\/2016\/05\/9-8-300x169.jpg 300w, http:\/\/festivalursus.com\/wp-content\/uploads\/2016\/05\/9-8-768x432.jpg 768w, http:\/\/festivalursus.com\/wp-content\/uploads\/2016\/05\/9-8-1024x576.jpg 1024w, http:\/\/festivalursus.com\/wp-content\/uploads\/2016\/05\/9-8-1140x641.jpg 1140w, http:\/\/festivalursus.com\/wp-content\/uploads\/2016\/05\/9-8-552x311.jpg 552w, http:\/\/festivalursus.com\/wp-content\/uploads\/2016\/05\/9-8.jpg 1920w\" sizes=\"(max-width: 300px) 100vw, 300px\" \/><\/a> <a href=\"http:\/\/festivalursus.com\/wp-content\/uploads\/2016\/05\/10-6.jpg\" target=\"_blank\"><img decoding=\"async\" loading=\"lazy\" class=\"alignnone wp-image-1581 size-medium\" src=\"http:\/\/festivalursus.com\/wp-content\/uploads\/2016\/05\/10-6-300x169.jpg\" alt=\"10\" width=\"300\" height=\"169\" srcset=\"http:\/\/festivalursus.com\/wp-content\/uploads\/2016\/05\/10-6-300x169.jpg 300w, http:\/\/festivalursus.com\/wp-content\/uploads\/2016\/05\/10-6-768x432.jpg 768w, http:\/\/festivalursus.com\/wp-content\/uploads\/2016\/05\/10-6-1024x576.jpg 1024w, http:\/\/festivalursus.com\/wp-content\/uploads\/2016\/05\/10-6-1140x641.jpg 1140w, http:\/\/festivalursus.com\/wp-content\/uploads\/2016\/05\/10-6-552x311.jpg 552w, http:\/\/festivalursus.com\/wp-content\/uploads\/2016\/05\/10-6.jpg 1920w\" sizes=\"(max-width: 300px) 100vw, 300px\" \/><\/a> <a href=\"http:\/\/festivalursus.com\/wp-content\/uploads\/2016\/05\/11-6.jpg\" target=\"_blank\"><img decoding=\"async\" loading=\"lazy\" class=\"alignnone wp-image-1582 size-medium\" src=\"http:\/\/festivalursus.com\/wp-content\/uploads\/2016\/05\/11-6-300x169.jpg\" alt=\"11\" width=\"300\" height=\"169\" srcset=\"http:\/\/festivalursus.com\/wp-content\/uploads\/2016\/05\/11-6-300x169.jpg 300w, http:\/\/festivalursus.com\/wp-content\/uploads\/2016\/05\/11-6-768x432.jpg 768w, http:\/\/festivalursus.com\/wp-content\/uploads\/2016\/05\/11-6-1024x576.jpg 1024w, http:\/\/festivalursus.com\/wp-content\/uploads\/2016\/05\/11-6-1140x641.jpg 1140w, http:\/\/festivalursus.com\/wp-content\/uploads\/2016\/05\/11-6-552x311.jpg 552w, http:\/\/festivalursus.com\/wp-content\/uploads\/2016\/05\/11-6.jpg 1920w\" sizes=\"(max-width: 300px) 100vw, 300px\" \/><\/a> <a href=\"http:\/\/festivalursus.com\/wp-content\/uploads\/2016\/05\/12-6.jpg\" target=\"_blank\"><img decoding=\"async\" loading=\"lazy\" class=\"alignnone wp-image-1583 size-medium\" src=\"http:\/\/festivalursus.com\/wp-content\/uploads\/2016\/05\/12-6-300x169.jpg\" alt=\"12\" width=\"300\" height=\"169\" srcset=\"http:\/\/festivalursus.com\/wp-content\/uploads\/2016\/05\/12-6-300x169.jpg 300w, http:\/\/festivalursus.com\/wp-content\/uploads\/2016\/05\/12-6-768x432.jpg 768w, http:\/\/festivalursus.com\/wp-content\/uploads\/2016\/05\/12-6-1024x576.jpg 1024w, http:\/\/festivalursus.com\/wp-content\/uploads\/2016\/05\/12-6-1140x641.jpg 1140w, http:\/\/festivalursus.com\/wp-content\/uploads\/2016\/05\/12-6-552x311.jpg 552w, http:\/\/festivalursus.com\/wp-content\/uploads\/2016\/05\/12-6.jpg 1920w\" sizes=\"(max-width: 300px) 100vw, 300px\" \/><\/a> <a href=\"http:\/\/festivalursus.com\/wp-content\/uploads\/2016\/05\/13-6.jpg\" target=\"_blank\"><img decoding=\"async\" loading=\"lazy\" class=\"alignnone wp-image-1584 size-medium\" src=\"http:\/\/festivalursus.com\/wp-content\/uploads\/2016\/05\/13-6-300x169.jpg\" alt=\"13\" width=\"300\" height=\"169\" srcset=\"http:\/\/festivalursus.com\/wp-content\/uploads\/2016\/05\/13-6-300x169.jpg 300w, http:\/\/festivalursus.com\/wp-content\/uploads\/2016\/05\/13-6-768x432.jpg 768w, http:\/\/festivalursus.com\/wp-content\/uploads\/2016\/05\/13-6-1024x576.jpg 1024w, http:\/\/festivalursus.com\/wp-content\/uploads\/2016\/05\/13-6-1140x641.jpg 1140w, http:\/\/festivalursus.com\/wp-content\/uploads\/2016\/05\/13-6-552x311.jpg 552w, http:\/\/festivalursus.com\/wp-content\/uploads\/2016\/05\/13-6.jpg 1920w\" sizes=\"(max-width: 300px) 100vw, 300px\" \/><\/a> <a href=\"http:\/\/festivalursus.com\/wp-content\/uploads\/2016\/05\/28481458330_34fca6ff30_k.jpg\" target=\"_blank\"><img decoding=\"async\" loading=\"lazy\" class=\"alignnone wp-image-1585 size-medium\" src=\"http:\/\/festivalursus.com\/wp-content\/uploads\/2016\/05\/28481458330_34fca6ff30_k-300x169.jpg\" alt=\"28481458330_34fca6ff30_k\" width=\"300\" height=\"169\" srcset=\"http:\/\/festivalursus.com\/wp-content\/uploads\/2016\/05\/28481458330_34fca6ff30_k-300x169.jpg 300w, http:\/\/festivalursus.com\/wp-content\/uploads\/2016\/05\/28481458330_34fca6ff30_k-768x432.jpg 768w, http:\/\/festivalursus.com\/wp-content\/uploads\/2016\/05\/28481458330_34fca6ff30_k-1024x576.jpg 1024w, http:\/\/festivalursus.com\/wp-content\/uploads\/2016\/05\/28481458330_34fca6ff30_k-1140x641.jpg 1140w, http:\/\/festivalursus.com\/wp-content\/uploads\/2016\/05\/28481458330_34fca6ff30_k-552x311.jpg 552w, http:\/\/festivalursus.com\/wp-content\/uploads\/2016\/05\/28481458330_34fca6ff30_k.jpg 2048w\" sizes=\"(max-width: 300px) 100vw, 300px\" \/><\/a><\/p>\n<p><iframe loading=\"lazy\" width=\"700\" height=\"394\" src=\"https:\/\/www.youtube.com\/embed\/5bemNH8aefY?feature=oembed\" frameborder=\"0\" allowfullscreen><\/iframe><\/p>\n","protected":false},"excerpt":{"rendered":"<p class=\"post-excerpt\">30. julija 2016, na Doma\u010diji Medved v Podkumu Impresionisti\u010dni ve\u010der anti\u010dne poezije, glasbe in plesa. Brazilska umetnica Daniela Vega\u00a0je s&#8230;<\/p>\n","protected":false},"author":1,"featured_media":0,"parent":0,"menu_order":0,"comment_status":"closed","ping_status":"closed","template":"","meta":[],"_links":{"self":[{"href":"http:\/\/festivalursus.com\/index.php?rest_route=\/wp\/v2\/pages\/464"}],"collection":[{"href":"http:\/\/festivalursus.com\/index.php?rest_route=\/wp\/v2\/pages"}],"about":[{"href":"http:\/\/festivalursus.com\/index.php?rest_route=\/wp\/v2\/types\/page"}],"author":[{"embeddable":true,"href":"http:\/\/festivalursus.com\/index.php?rest_route=\/wp\/v2\/users\/1"}],"replies":[{"embeddable":true,"href":"http:\/\/festivalursus.com\/index.php?rest_route=%2Fwp%2Fv2%2Fcomments&post=464"}],"version-history":[{"count":22,"href":"http:\/\/festivalursus.com\/index.php?rest_route=\/wp\/v2\/pages\/464\/revisions"}],"predecessor-version":[{"id":1703,"href":"http:\/\/festivalursus.com\/index.php?rest_route=\/wp\/v2\/pages\/464\/revisions\/1703"}],"wp:attachment":[{"href":"http:\/\/festivalursus.com\/index.php?rest_route=%2Fwp%2Fv2%2Fmedia&parent=464"}],"curies":[{"name":"wp","href":"https:\/\/api.w.org\/{rel}","templated":true}]}}