{"id":867,"date":"2016-05-14T17:42:51","date_gmt":"2016-05-14T17:42:51","guid":{"rendered":"http:\/\/festivalursus.com\/?page_id=867"},"modified":"2016-10-04T18:09:17","modified_gmt":"2016-10-04T18:09:17","slug":"ursus-2014-2","status":"publish","type":"page","link":"http:\/\/festivalursus.com\/?page_id=867&lang=sl","title":{"rendered":"I. &#8220;Ursus&#8221; 2014"},"content":{"rendered":"<p><img decoding=\"async\" loading=\"lazy\" class=\"aligncenter wp-image-631\" src=\"http:\/\/festivalursus.com\/wp-content\/uploads\/2016\/05\/10862681_717232805041354_2853466835576516133_o-1-300x120.jpg\" alt=\"10862681_717232805041354_2853466835576516133_o\" width=\"550\" height=\"220\" srcset=\"http:\/\/festivalursus.com\/wp-content\/uploads\/2016\/05\/10862681_717232805041354_2853466835576516133_o-1-300x120.jpg 300w, http:\/\/festivalursus.com\/wp-content\/uploads\/2016\/05\/10862681_717232805041354_2853466835576516133_o-1-768x308.jpg 768w, http:\/\/festivalursus.com\/wp-content\/uploads\/2016\/05\/10862681_717232805041354_2853466835576516133_o-1-1024x410.jpg 1024w, http:\/\/festivalursus.com\/wp-content\/uploads\/2016\/05\/10862681_717232805041354_2853466835576516133_o-1-1140x457.jpg 1140w, http:\/\/festivalursus.com\/wp-content\/uploads\/2016\/05\/10862681_717232805041354_2853466835576516133_o-1-552x221.jpg 552w, http:\/\/festivalursus.com\/wp-content\/uploads\/2016\/05\/10862681_717232805041354_2853466835576516133_o-1.jpg 1410w\" sizes=\"(max-width: 550px) 100vw, 550px\" \/><\/p>\n<p><em>&#8220;Glasba z du\u0161e obri\u0161e prah vsakdanjosti.&#8221;<\/em><br \/>\n&#8211; Berthold Auerbach<\/p>\n<p>V za\u010detku je bil star zapra\u0161en skedenj\u2026 A glasbenikovo uho je tu prepoznalo akusti\u010dni potencial lesene konstrukcije iz davnega leta 1878, ki se je na zvok odzvala kot kak\u0161en pozabljen glasbeni in\u0161trument. V trenutku se je porodila ideja in danes lahko namesto v stari \u201cviolini\u201d glasbeniki in poslu\u0161alci u\u017eivajo v \u010dudovito prenovljeni dvorani, idealni za komorne koncerte. Poseben \u010dar do\u017eivljaju daje etnolo\u0161ka zbirka, ki je na ogled po stenah dvorane.<br \/>\nNa leto\u0161njem I. mednarodnem glasbenem festivalu \u201cUrsus\u201d se bomo z vrhunskimi slovenskimi in tujimi glasbeniki podali v preteklost od romantike proti baroku. Na prvem koncert bo Trio Susak z novimi zvoki obudil dela skladateljev avstrijske in nem\u0161ke romantike. Nekaj dni zatem nas bo godalni kvartet Furiant popeljal v \u010das dunajske klasike s kraj\u0161im obiskom na sosednjo \u010ce\u0161ko. Melodije baro\u010dnih triosonat pa se bodo zlile v soto\u010dje na zadnjem koncertu, ki bo posve\u010den dru\u017eini Bach (nem\u0161ko za \u201cpotok\u201d).<br \/>\nVljudno vabljeni v Podkum na kulturno doma\u010dijo Medved, kjer lahko u\u017eivate v neokrnjeni naravi, si ogledate etnolo\u0161ki muzej, se sprehodite po macesnovem gaju ali pa najstarej\u0161em zasebnem baro\u010dnem vrtu v Sloveniji in s pomo\u010djo glasbe z du\u0161e obri\u0161ete vsak svoj prah vsakdanjosti! Ni naklju\u010dje, da si je maestro Carlos Kleiber izbral prav te kraje za po\u010ditek in iskanje inspiracije v glasbi.<\/p>\n<p>Marko Zupan,<br \/>\numetni\u0161ki vodja<\/p>\n<p><img decoding=\"async\" loading=\"lazy\" class=\"alignnone size-medium wp-image-646\" src=\"http:\/\/festivalursus.com\/wp-content\/uploads\/2016\/05\/photo-4-1-212x300.jpg\" alt=\"photo-4\" width=\"212\" height=\"300\" srcset=\"http:\/\/festivalursus.com\/wp-content\/uploads\/2016\/05\/photo-4-1-212x300.jpg 212w, http:\/\/festivalursus.com\/wp-content\/uploads\/2016\/05\/photo-4-1-768x1086.jpg 768w, http:\/\/festivalursus.com\/wp-content\/uploads\/2016\/05\/photo-4-1-724x1024.jpg 724w, http:\/\/festivalursus.com\/wp-content\/uploads\/2016\/05\/photo-4-1-1140x1613.jpg 1140w, http:\/\/festivalursus.com\/wp-content\/uploads\/2016\/05\/photo-4-1-552x781.jpg 552w, http:\/\/festivalursus.com\/wp-content\/uploads\/2016\/05\/photo-4-1.jpg 1240w\" sizes=\"(max-width: 212px) 100vw, 212px\" \/><img decoding=\"async\" loading=\"lazy\" class=\"alignnone size-medium wp-image-649\" src=\"http:\/\/festivalursus.com\/wp-content\/uploads\/2016\/05\/photo-11-1-212x300.jpg\" alt=\"photo-11\" width=\"212\" height=\"300\" srcset=\"http:\/\/festivalursus.com\/wp-content\/uploads\/2016\/05\/photo-11-1-212x300.jpg 212w, http:\/\/festivalursus.com\/wp-content\/uploads\/2016\/05\/photo-11-1-768x1086.jpg 768w, http:\/\/festivalursus.com\/wp-content\/uploads\/2016\/05\/photo-11-1-724x1024.jpg 724w, http:\/\/festivalursus.com\/wp-content\/uploads\/2016\/05\/photo-11-1-1140x1613.jpg 1140w, http:\/\/festivalursus.com\/wp-content\/uploads\/2016\/05\/photo-11-1-552x781.jpg 552w, http:\/\/festivalursus.com\/wp-content\/uploads\/2016\/05\/photo-11-1.jpg 1240w\" sizes=\"(max-width: 212px) 100vw, 212px\" \/> <img decoding=\"async\" loading=\"lazy\" class=\"alignnone size-medium wp-image-648\" src=\"http:\/\/festivalursus.com\/wp-content\/uploads\/2016\/05\/photo-7-1-212x300.jpg\" alt=\"photo-7\" width=\"212\" height=\"300\" srcset=\"http:\/\/festivalursus.com\/wp-content\/uploads\/2016\/05\/photo-7-1-212x300.jpg 212w, http:\/\/festivalursus.com\/wp-content\/uploads\/2016\/05\/photo-7-1-768x1086.jpg 768w, http:\/\/festivalursus.com\/wp-content\/uploads\/2016\/05\/photo-7-1-724x1024.jpg 724w, http:\/\/festivalursus.com\/wp-content\/uploads\/2016\/05\/photo-7-1-1140x1613.jpg 1140w, http:\/\/festivalursus.com\/wp-content\/uploads\/2016\/05\/photo-7-1-552x781.jpg 552w, http:\/\/festivalursus.com\/wp-content\/uploads\/2016\/05\/photo-7-1.jpg 1240w\" sizes=\"(max-width: 212px) 100vw, 212px\" \/><\/p>\n","protected":false},"excerpt":{"rendered":"<p class=\"post-excerpt\">&#8220;Glasba z du\u0161e obri\u0161e prah vsakdanjosti.&#8221; &#8211; Berthold Auerbach V za\u010detku je bil star zapra\u0161en skedenj\u2026 A glasbenikovo uho je&#8230;<\/p>\n","protected":false},"author":1,"featured_media":0,"parent":0,"menu_order":0,"comment_status":"closed","ping_status":"closed","template":"","meta":[],"_links":{"self":[{"href":"http:\/\/festivalursus.com\/index.php?rest_route=\/wp\/v2\/pages\/867"}],"collection":[{"href":"http:\/\/festivalursus.com\/index.php?rest_route=\/wp\/v2\/pages"}],"about":[{"href":"http:\/\/festivalursus.com\/index.php?rest_route=\/wp\/v2\/types\/page"}],"author":[{"embeddable":true,"href":"http:\/\/festivalursus.com\/index.php?rest_route=\/wp\/v2\/users\/1"}],"replies":[{"embeddable":true,"href":"http:\/\/festivalursus.com\/index.php?rest_route=%2Fwp%2Fv2%2Fcomments&post=867"}],"version-history":[{"count":4,"href":"http:\/\/festivalursus.com\/index.php?rest_route=\/wp\/v2\/pages\/867\/revisions"}],"predecessor-version":[{"id":1719,"href":"http:\/\/festivalursus.com\/index.php?rest_route=\/wp\/v2\/pages\/867\/revisions\/1719"}],"wp:attachment":[{"href":"http:\/\/festivalursus.com\/index.php?rest_route=%2Fwp%2Fv2%2Fmedia&parent=867"}],"curies":[{"name":"wp","href":"https:\/\/api.w.org\/{rel}","templated":true}]}}

<p><img decoding="async" loading="lazy" class="aligncenter wp-image-631" src="http://festivalursus.com/wp-content/uploads/2016/05/10862681_717232805041354_2853466835576516133_o-1-300x120.jpg" alt="10862681_717232805041354_2853466835576516133_o" width="550" height="220" srcset="http://festivalursus.com/wp-content/uploads/2016/05/10862681_717232805041354_2853466835576516133_o-1-300x120.jpg 300w, http://festivalursus.com/wp-content/uploads/2016/05/10862681_717232805041354_2853466835576516133_o-1-768x308.jpg 768w, http://festivalursus.com/wp-content/uploads/2016/05/10862681_717232805041354_2853466835576516133_o-1-1024x410.jpg 1024w, http://festivalursus.com/wp-content/uploads/2016/05/10862681_717232805041354_2853466835576516133_o-1-1140x457.jpg 1140w, http://festivalursus.com/wp-content/uploads/2016/05/10862681_717232805041354_2853466835576516133_o-1-552x221.jpg 552w, http://festivalursus.com/wp-content/uploads/2016/05/10862681_717232805041354_2853466835576516133_o-1.jpg 1410w" sizes="(max-width: 550px) 100vw, 550px" /></p>
<p><em>&#8220;Glasba z duše obriše prah vsakdanjosti.&#8221;</em><br />
&#8211; Berthold Auerbach</p>
<p>V začetku je bil star zaprašen skedenj… A glasbenikovo uho je tu prepoznalo akustični potencial lesene konstrukcije iz davnega leta 1878, ki se je na zvok odzvala kot kakšen pozabljen glasbeni inštrument. V trenutku se je porodila ideja in danes lahko namesto v stari “violini” glasbeniki in poslušalci uživajo v čudovito prenovljeni dvorani, idealni za komorne koncerte. Poseben čar doživljaju daje etnološka zbirka, ki je na ogled po stenah dvorane.<br />
Na letošnjem I. mednarodnem glasbenem festivalu “Ursus” se bomo z vrhunskimi slovenskimi in tujimi glasbeniki podali v preteklost od romantike proti baroku. Na prvem koncert bo Trio Susak z novimi zvoki obudil dela skladateljev avstrijske in nemške romantike. Nekaj dni zatem nas bo godalni kvartet Furiant popeljal v čas dunajske klasike s krajšim obiskom na sosednjo Češko. Melodije baročnih triosonat pa se bodo zlile v sotočje na zadnjem koncertu, ki bo posvečen družini Bach (nemško za “potok”).<br />
Vljudno vabljeni v Podkum na kulturno domačijo Medved, kjer lahko uživate v neokrnjeni naravi, si ogledate etnološki muzej, se sprehodite po macesnovem gaju ali pa najstarejšem zasebnem baročnem vrtu v Sloveniji in s pomočjo glasbe z duše obrišete vsak svoj prah vsakdanjosti! Ni naključje, da si je maestro Carlos Kleiber izbral prav te kraje za počitek in iskanje inspiracije v glasbi.</p>
<p>Marko Zupan,<br />
umetniški vodja</p>
<p><img decoding="async" loading="lazy" class="alignnone size-medium wp-image-646" src="http://festivalursus.com/wp-content/uploads/2016/05/photo-4-1-212x300.jpg" alt="photo-4" width="212" height="300" srcset="http://festivalursus.com/wp-content/uploads/2016/05/photo-4-1-212x300.jpg 212w, http://festivalursus.com/wp-content/uploads/2016/05/photo-4-1-768x1086.jpg 768w, http://festivalursus.com/wp-content/uploads/2016/05/photo-4-1-724x1024.jpg 724w, http://festivalursus.com/wp-content/uploads/2016/05/photo-4-1-1140x1613.jpg 1140w, http://festivalursus.com/wp-content/uploads/2016/05/photo-4-1-552x781.jpg 552w, http://festivalursus.com/wp-content/uploads/2016/05/photo-4-1.jpg 1240w" sizes="(max-width: 212px) 100vw, 212px" /><img decoding="async" loading="lazy" class="alignnone size-medium wp-image-649" src="http://festivalursus.com/wp-content/uploads/2016/05/photo-11-1-212x300.jpg" alt="photo-11" width="212" height="300" srcset="http://festivalursus.com/wp-content/uploads/2016/05/photo-11-1-212x300.jpg 212w, http://festivalursus.com/wp-content/uploads/2016/05/photo-11-1-768x1086.jpg 768w, http://festivalursus.com/wp-content/uploads/2016/05/photo-11-1-724x1024.jpg 724w, http://festivalursus.com/wp-content/uploads/2016/05/photo-11-1-1140x1613.jpg 1140w, http://festivalursus.com/wp-content/uploads/2016/05/photo-11-1-552x781.jpg 552w, http://festivalursus.com/wp-content/uploads/2016/05/photo-11-1.jpg 1240w" sizes="(max-width: 212px) 100vw, 212px" /> <img decoding="async" loading="lazy" class="alignnone size-medium wp-image-648" src="http://festivalursus.com/wp-content/uploads/2016/05/photo-7-1-212x300.jpg" alt="photo-7" width="212" height="300" srcset="http://festivalursus.com/wp-content/uploads/2016/05/photo-7-1-212x300.jpg 212w, http://festivalursus.com/wp-content/uploads/2016/05/photo-7-1-768x1086.jpg 768w, http://festivalursus.com/wp-content/uploads/2016/05/photo-7-1-724x1024.jpg 724w, http://festivalursus.com/wp-content/uploads/2016/05/photo-7-1-1140x1613.jpg 1140w, http://festivalursus.com/wp-content/uploads/2016/05/photo-7-1-552x781.jpg 552w, http://festivalursus.com/wp-content/uploads/2016/05/photo-7-1.jpg 1240w" sizes="(max-width: 212px) 100vw, 212px" /></p>

<p class="post-excerpt">&#8220;Glasba z duše obriše prah vsakdanjosti.&#8221; &#8211; Berthold Auerbach V začetku je bil star zaprašen skedenj… A glasbenikovo uho je&#8230;</p>
