{"id":886,"date":"2016-05-15T10:54:48","date_gmt":"2016-05-15T10:54:48","guid":{"rendered":"http:\/\/festivalursus.com\/?page_id=886"},"modified":"2016-05-16T20:33:04","modified_gmt":"2016-05-16T20:33:04","slug":"alexander-huttner-2","status":"publish","type":"page","link":"http:\/\/festivalursus.com\/?page_id=886&lang=sl","title":{"rendered":"Alexander H\u00fcttner"},"content":{"rendered":"<p><a href=\"http:\/\/festivalursus.com\/wp-content\/uploads\/2016\/05\/IMG_7867-1-1.jpg\" target=\"_blank\"><img decoding=\"async\" loading=\"lazy\" class=\"aligncenter wp-image-1270\" src=\"http:\/\/festivalursus.com\/wp-content\/uploads\/2016\/05\/IMG_7867-1-1-300x196.jpg\" alt=\"IMG_7867 (1)\" width=\"550\" height=\"360\" srcset=\"http:\/\/festivalursus.com\/wp-content\/uploads\/2016\/05\/IMG_7867-1-1-300x196.jpg 300w, http:\/\/festivalursus.com\/wp-content\/uploads\/2016\/05\/IMG_7867-1-1-768x502.jpg 768w, http:\/\/festivalursus.com\/wp-content\/uploads\/2016\/05\/IMG_7867-1-1-1024x670.jpg 1024w, http:\/\/festivalursus.com\/wp-content\/uploads\/2016\/05\/IMG_7867-1-1-1140x745.jpg 1140w, http:\/\/festivalursus.com\/wp-content\/uploads\/2016\/05\/IMG_7867-1-1-552x361.jpg 552w, http:\/\/festivalursus.com\/wp-content\/uploads\/2016\/05\/IMG_7867-1-1.jpg 2048w\" sizes=\"(max-width: 550px) 100vw, 550px\" \/><\/a><\/p>\n<p>Alexander H\u00fcttner, rojen leta 1986 v Weidnu &#8211; doma\u010den kraju komponista Maxa Regerja, je za\u010del s \u0161tudijem petja leta 2007 na Mozarteumu v Salzburgu. Njegov prvi profesor je bil Aud Kjellaug Tesaker, nato Gudrun Volkert, leta 2010 pa je pri\u0161el v razred prof. Andreasa Macco. Leta 2012 je zaklju\u010dil prvo diplomo in za\u010del magistrski \u0161tudij &#8220;Pesem in oratorij&#8221; v razredu prof. Therese Lindquist, ki ga je zaklju\u010dil summa cum laude leta 2015.<br \/>\nKot gost Salzbur\u0161kega de\u017eelnega teatra je sodeloval v produkciji &#8220;The Passion of Jonathan Wade&#8221; Charlisle-ja Floyda. Leta 2015 je prvi\u010d pel vlogo evangelista v Bachovem Johannespassionu v Londonu in Weimarju. To vlogo je potem \u0161e mnogokrat ponovil v Salyburgu in po Nem\u010diji. ravno tako je leta 2015 debitiral na Salzbur\u0161kem festival v vlogi Lazarusa v Schubertovem oratoriju &#8220;Lazarus&#8221; pod vodstvom priznanega dirigenta Inga Metzmacherja.<br \/>\nOd leta 2015 je Alexander H\u00fcttner \u010dlan novo ustanovljenega baro\u010dnega ansambla &#8220;BachWerkVokal&#8221;, katerega cilj je izvedba vseh Bachovih kantat.<\/p>\n","protected":false},"excerpt":{"rendered":"<p class=\"post-excerpt\">Alexander H\u00fcttner, rojen leta 1986 v Weidnu &#8211; doma\u010den kraju komponista Maxa Regerja, je za\u010del s \u0161tudijem petja leta 2007&#8230;<\/p>\n","protected":false},"author":1,"featured_media":0,"parent":0,"menu_order":0,"comment_status":"closed","ping_status":"closed","template":"","meta":[],"_links":{"self":[{"href":"http:\/\/festivalursus.com\/index.php?rest_route=\/wp\/v2\/pages\/886"}],"collection":[{"href":"http:\/\/festivalursus.com\/index.php?rest_route=\/wp\/v2\/pages"}],"about":[{"href":"http:\/\/festivalursus.com\/index.php?rest_route=\/wp\/v2\/types\/page"}],"author":[{"embeddable":true,"href":"http:\/\/festivalursus.com\/index.php?rest_route=\/wp\/v2\/users\/1"}],"replies":[{"embeddable":true,"href":"http:\/\/festivalursus.com\/index.php?rest_route=%2Fwp%2Fv2%2Fcomments&post=886"}],"version-history":[{"count":3,"href":"http:\/\/festivalursus.com\/index.php?rest_route=\/wp\/v2\/pages\/886\/revisions"}],"predecessor-version":[{"id":1269,"href":"http:\/\/festivalursus.com\/index.php?rest_route=\/wp\/v2\/pages\/886\/revisions\/1269"}],"wp:attachment":[{"href":"http:\/\/festivalursus.com\/index.php?rest_route=%2Fwp%2Fv2%2Fmedia&parent=886"}],"curies":[{"name":"wp","href":"https:\/\/api.w.org\/{rel}","templated":true}]}}